Sep 21 15:08:55 serveurmail amavis[6165]: (06165-04-8) DSPAM result: Whitelisted, score=-0.390, sig=5ba4df5713421460114560
Sep 21 15:08:55 serveurmail amavis[6165]: (06165-04-8) spam-tag, -> ,, No, score=-1.389 tagged_above=-9999.9 required=4.3 tests=[ALL_TRUSTED=-1, HTML_MESSAGE=0.001, DSPAM.Whitelisted=-0.390] autolearn=no autolearn_force=no
Sep 21 15:08:55 serveurmail amavis[6165]: (06165-04-8) dkim: candidate originators: From:
Sep 21 15:08:55 serveurmail amavis[6165]: (06165-04-8) dkim: not signing, empty signing domain, From:
Sep 21 15:08:55 serveurmail postfix/trivial-rewrite[8134]: warning: do not list domain monServeur.com in BOTH mydestination and virtual_mailbox_domains
Sep 21 15:08:55 serveurmail postfix/trivial-rewrite[8134]: warning: do not list domain monServeur.com in BOTH mydestination and virtual_mailbox_domains
Sep 21 15:08:55 serveurmail postfix/smtpd[8114]: 56739600C5: client=localhost[127.0.0.1]
Sep 21 15:08:55 serveurmail postfix/trivial-rewrite[8134]: warning: do not list domain monServeur.com in BOTH mydestination and virtual_mailbox_domains
Sep 21 15:08:55 serveurmail postfix/cleanup[8643]: 56739600C5: message-id=<000001d451a4$2f679170$8e36b450$@monServeur.com>
Sep 21 15:08:55 serveurmail postfix/qmgr[7989]: 56739600C5: from=, size=4770, nrcpt=2 (queue active)
Sep 21 15:08:55 serveurmail amavis[6165]: (06165-04-8) rWUe_4PlAUpd FWD from -> ,, BODY=7BIT 250 2.0.0 from MTA(smtp:[127.0.0.1]:10025): 250 2.0.0 Ok: queued as 56739600C5
Sep 21 15:08:55 serveurmail postfix/trivial-rewrite[8069]: warning: do not list domain monServeur.com in BOTH mydestination and virtual_mailbox_domains
Sep 21 15:08:55 serveurmail postfix/trivial-rewrite[8069]: warning: do not list domain monServeur.com in BOTH mydestination and virtual_mailbox_domains
Sep 21 15:08:55 serveurmail amavis[6165]: (06165-04-8) Passed CLEAN {RelayedInternal}, MYNETS LOCAL [200.0.0.36]:49574 [200.0.0.36] -> ,, Queue-ID: 2AA4F600CC, Message-ID: <000001d451a4$2f679170$8e36b450$@monServeur.com>, mail_id: rWUe_4PlAUpd, Hits: -1.389, size: 3995, pt: 38, queued_as: 56739600C5, 9250 ms
Sep 21 15:08:55 serveurmail amavis[6165]: (06165-04-8) TIMING-SA total 8213 ms - parse: 1.35 (0.0%), extract_message_metadata: 5 (0.1%), get_uri_detail_list: 0.28 (0.0%), tests_pri_-1000: 2.3 (0.0%), tests_pri_-950: 1.38 (0.0%), tests_pri_-900: 1.08 (0.0%), tests_pri_-400: 0.89 (0.0%), tests_pri_0: 8190 (99.7%), check_spf: 0.27 (0.0%), check_dkim_adsp: 1357 (16.5%), check_razor2: 5267 (64.1%), check_pyzor: 1519 (18.5%), tests_pri_500: 3.3 (0.0%), get_report: 0.32 (0.0%)
Sep 21 15:08:55 serveurmail postfix/smtp[8073]: 2AA4F600CC: to=, relay=127.0.0.1[127.0.0.1]:10024, conn_use=8, delay=184, delays=0.46/175/0/9.3, dsn=2.0.0, status=sent (250 2.0.0 from MTA(smtp:[127.0.0.1]:10025): 250 2.0.0 Ok: queued as 56739600C5)
Sep 21 15:08:55 serveurmail postfix/smtp[8073]: 2AA4F600CC: to=, relay=127.0.0.1[127.0.0.1]:10024, conn_use=8, delay=184, delays=0.46/175/0/9.3, dsn=2.0.0, status=sent (250 2.0.0 from MTA(smtp:[127.0.0.1]:10025): 250 2.0.0 Ok: queued as 56739600C5)
Sep 21 15:08:55 serveurmail postfix/qmgr[7989]: 2AA4F600CC: removed
Sep 21 15:08:55 serveurmail amavis[6165]: (06165-04-8) size: 3995, TIMING [total 9311 ms] - lookup_sql: 1.9 (0%)0, lookup_sql: 1.4 (0%)0, SMTP pre-DATA-flush: 0.8 (0%)0, SMTP DATA: 35 (0%)0, check_init: 0.3 (0%)0, digest_hdr: 0.7 (0%)0, digest_body_dkim: 0.1 (0%)0, collect_info: 1.4 (0%)0, gen_mail_id: 62 (1%)1, redis_ip_repu: 0.7 (0%)1, mime_decode: 9 (0%)1, get-file-type2: 15 (0%)1, decompose_part: 0.7 (0%)1, parts_decode: 0.0 (0%)1, check_header: 0.6 (0%)1, AV-scan-1: 29 (0%)2, spam-wb-list: 0.9 (0%)2, SA msg read: 0.4 (0%)2, SA parse: 1.9 (0%)2, SA check: 8210 (88%)90, DSPAM: 830 (9%)99, decide_mail_destiny: 1.5 (0%)99, notif-quar: 0.4 (0%)99, fwd-connect: 3.2 (0%)99, fwd-mail-pip: 5 (0%)99, fwd-rcpt-pip: 0.3 (0%)99, fwd-data-chkpnt: 0.1 (0%)99, write-header: 0.5 (0%)99, fwd-data-contents: 0.1 (0%)99, fwd-end-chkpnt: 30 (0%)99, prepare-dsn: 2.0 (0%)99, report: 1.4 (0%)99, main_log_entry: 4.8 (0%)99, redis-update: 4.2 (0%)99, sql-update: 53 (1%)100, update_snmp: 1.9 (0%)100, SMTP pre-response: 0.2 (0%...
Sep 21 15:08:55 serveurmail amavis[6165]: (06165-04-8) ...)100, SMTP response: 0.1 (0%)100, unlink-3-files: 0.1 (0%)100, rundown: 0.5 (0%)100
Sep 21 15:08:55 serveurmail amavis[6165]: (06165-04-9) ESMTP [127.0.0.1]:10024 /var/amavis/tmp/amavis-20180921T144638-06165-hilNtx8l: -> SIZE=19771 BODY=8BITMIME Received: from monServeur.com ([127.0.0.1]) by localhost (monServeur.com [127.0.0.1]) (amavisd-new, port 10024) with ESMTP for ; Fri, 21 Sep 2018 15:08:55 +0300 (EAT)
Sep 21 15:08:55 serveurmail dovecot: lda(sitraka.bap@monServeur.com): copy from stdin: box=INBOX, uid=429, msgid=<000001d451a4$2f679170$8e36b450$@monServeur.com>, size=4714
Sep 21 15:08:55 serveurmail dovecot: lda(fanja.bap@monServeur.com): copy from stdin: box=INBOX, uid=1172, msgid=<000001d451a4$2f679170$8e36b450$@monServeur.com>, size=4712
Sep 21 15:08:55 serveurmail dovecot: lda(fanja.bap@monServeur.com): sieve: msgid=<000001d451a4$2f679170$8e36b450$@monServeur.com>: stored mail into mailbox 'INBOX'
Sep 21 15:08:55 serveurmail postfix/pipe[8300]: 56739600C5: to=, relay=dovecot, delay=0.38, delays=0.03/0/0/0.34, dsn=2.0.0, status=sent (delivered via dovecot service)
Sep 21 15:08:55 serveurmail dovecot: lda(sitraka.bap@monServeur.com): sieve: msgid=<000001d451a4$2f679170$8e36b450$@monServeur.com>: stored mail into mailbox 'INBOX'
Sep 21 15:08:55 serveurmail postfix/pipe[8299]: 56739600C5: to=, relay=dovecot, delay=0.39, delays=0.03/0/0/0.36, dsn=2.0.0, status=sent (delivered via dovecot service)
Sep 21 15:08:55 serveurmail postfix/qmgr[7989]: 56739600C5: removed
Sep 21 15:08:56 serveurmail amavis[6165]: (06165-04-9) dkim: VALID Author+Sender+MailFrom signature by d=facebookmail.com, From: , a=rsa-sha256, c=relaxed/simple, s=s1024-2013-q3, i=@facebookmail.com, m.list(ml:https://www.facebook.com/o.php?k=AS1e6aVoUAlW-zBR&u=1415043904&mid=5765f08953dc0G5457db40G5765f522b4092G32b)
Sep 21 15:08:56 serveurmail amavis[6165]: (06165-04-9) Checking: N7b5D2QbGIFV [66.220.155.149] ->
Sep 21 15:08:56 serveurmail amavis[6165]: (06165-04-9) p003 1 Content-Type: multipart/alternative
Sep 21 15:08:56 serveurmail amavis[6165]: (06165-04-9) p001 1/1 Content-Type: text/plain, size: 1155 B, name:
Sep 21 15:08:56 serveurmail amavis[6165]: (06165-04-9) p002 1/2 Content-Type: text/html, size: 14333 B, name:
Sep 21 15:08:56 serveurmail postfix/postscreen[8011]: CONNECT from [41.204.120.174]:38490 to [200.0.0.238]:25
Sep 21 15:08:56 serveurmail postfix/postscreen[8011]: PASS OLD [41.204.120.174]:38490
Sep 21 15:08:57 serveurmail postfix/smtpd[8012]: connect from mx2.malagasy.com[41.204.120.174]
Sep 21 15:08:59 serveurmail postfix/trivial-rewrite[8069]: warning: do not list domain monServeur.com in BOTH mydestination and virtual_mailbox_domains
Sep 21 15:08:59 serveurmail postfix/smtpd[8012]: F3A7F600C5: client=mx2.malagasy.com[41.204.120.174]
Sep 21 15:08:59 serveurmail postfix/trivial-rewrite[8069]: warning: do not list domain monServeur.com in BOTH mydestination and virtual_mailbox_domains
Sep 21 15:09:00 serveurmail postfix/postscreen[8011]: CONNECT from [13.94.110.168]:56741 to [200.0.0.238]:25
Sep 21 15:09:00 serveurmail postfix/postscreen[8011]: PASS OLD [13.94.110.168]:56741
Sep 21 15:09:00 serveurmail dovecot: pop3-login: Login: user=, method=PLAIN, rip=200.0.0.234, lip=200.0.0.238, mpid=8776, TLS, session=<+CE9gWB2kwDIAADq>
Sep 21 15:09:00 serveurmail dovecot: pop3(claire.mpf@monServeur.com): Disconnected: Logged out top=0/0, retr=0/0, del=0/282, size=44060025
Sep 21 15:09:01 serveurmail amavis[6685]: (06685-03-10) SA info: pyzor: [8774] error: TERMINATED, signal 15 (000f)
Sep 21 15:09:02 serveurmail amavis[6685]: (06685-03-10) DSPAM result: Innocent, score=-0.390, sig=5ba4df5e13421885015765
Sep 21 15:09:02 serveurmail amavis[6685]: (06685-03-10) spam-tag, -> , No, score=-1.387 tagged_above=-9999.9 required=4.3 tests=[ALL_TRUSTED=-1, HTML_MESSAGE=0.001, MIME_HTML_MOSTLY=0.001, TVD_SPACE_RATIO=0.001, DSPAM.Innocent=-0.390] autolearn=no autolearn_force=no
Sep 21 15:09:02 serveurmail amavis[6685]: (06685-03-10) dkim: candidate originators: From:
Sep 21 15:09:02 serveurmail amavis[6685]: (06685-03-10) dkim: not signing, empty signing domain, From:
Sep 21 15:09:02 serveurmail postfix/trivial-rewrite[8134]: warning: do not list domain monServeur.com in BOTH mydestination and virtual_mailbox_domains
Sep 21 15:09:02 serveurmail postfix/trivial-rewrite[8134]: warning: do not list domain monServeur.com in BOTH mydestination and virtual_mailbox_domains
Sep 21 15:09:02 serveurmail postfix/smtpd[8113]: 530E6600C6: client=localhost[127.0.0.1]
Sep 21 15:09:02 serveurmail postfix/cleanup[8133]: 530E6600C6: message-id=<000001d451a3$0c440350$24cc09f0$@monServeur.com>
Sep 21 15:09:02 serveurmail postfix/smtpd[8062]: connect from mail.eservices-host.com[13.94.110.168]
Sep 21 15:09:02 serveurmail postfix/qmgr[7989]: 530E6600C6: from=, size=3712, nrcpt=1 (queue active)
Sep 21 15:09:02 serveurmail amavis[6685]: (06685-03-10) DYOBoSuV-kKy FWD from -> , BODY=7BIT 250 2.0.0 from MTA(smtp:[127.0.0.1]:10025): 250 2.0.0 Ok: queued as 530E6600C6
Sep 21 15:09:02 serveurmail postfix/trivial-rewrite[8134]: warning: do not list domain monServeur.com in BOTH mydestination and virtual_mailbox_domains
Sep 21 15:09:02 serveurmail amavis[6685]: (06685-03-10) Passed CLEAN {RelayedInternal}, MYNETS LOCAL [200.0.0.254]:49328 [200.0.0.254] -> , Queue-ID: B2027600CD, Message-ID: <000001d451a3$0c440350$24cc09f0$@monServeur.com>, mail_id: DYOBoSuV-kKy, Hits: -1.387, size: 2834, pt: 38, queued_as: 530E6600C6, 11812 ms
Sep 21 15:09:02 serveurmail amavis[6685]: (06685-03-10) TIMING-SA total 10554 ms - parse: 0.84 (0.0%), extract_message_metadata: 3.1 (0.0%), get_uri_detail_list: 0.08 (0.0%), tests_pri_-1000: 1.76 (0.0%), tests_pri_-950: 1.04 (0.0%), tests_pri_-900: 0.91 (0.0%), tests_pri_-400: 0.68 (0.0%), tests_pri_0: 10536 (99.8%), check_spf: 0.20 (0.0%), check_dkim_adsp: 1390 (13.2%), check_razor2: 5109 (48.4%), check_pyzor: 4002 (37.9%), tests_pri_500: 3.6 (0.0%), get_report: 0.35 (0.0%)
Sep 21 15:09:02 serveurmail postfix/smtp[8076]: B2027600CD: to=, relay=127.0.0.1[127.0.0.1]:10024, conn_use=10, delay=191, delays=0.69/178/0/12, dsn=2.0.0, status=sent (250 2.0.0 from MTA(smtp:[127.0.0.1]:10025): 250 2.0.0 Ok: queued as 530E6600C6)
Sep 21 15:09:02 serveurmail postfix/qmgr[7989]: B2027600CD: removed
Sep 21 15:09:02 serveurmail amavis[6685]: (06685-03-10) size: 2834, TIMING [total 11891 ms] - lookup_sql: 1.5 (0%)0, SMTP pre-DATA-flush: 1.0 (0%)0, SMTP DATA: 36 (0%)0, check_init: 0.3 (0%)0, digest_hdr: 0.4 (0%)0, digest_body_dkim: 0.1 (0%)0, collect_info: 1.0 (0%)0, gen_mail_id: 26 (0%)1, redis_ip_repu: 0.4 (0%)1, mime_decode: 6 (0%)1, get-file-type2: 10 (0%)1, decompose_part: 0.3 (0%)1, decompose_part: 0.2 (0%)1, parts_decode: 0.0 (0%)1, check_header: 0.3 (0%)1, AV-scan-1: 18 (0%)1, spam-wb-list: 0.5 (0%)1, SA msg read: 0.3 (0%)1, SA parse: 1.1 (0%)1, SA check: 10551 (89%)90, DSPAM: 1085 (9%)99, decide_mail_destiny: 1.1 (0%)99, notif-quar: 0.4 (0%)99, fwd-connect: 3.1 (0%)99, fwd-mail-pip: 4.1 (0%)99, fwd-rcpt-pip: 0.2 (0%)99, fwd-data-chkpnt: 0.1 (0%)99, write-header: 0.4 (0%)99, fwd-data-contents: 0.1 (0%)99, fwd-end-chkpnt: 56 (0%)99, prepare-dsn: 0.6 (0%)99, report: 1.3 (0%)99, main_log_entry: 5 (0%)99, redis-update: 1.0 (0%)99, sql-update: 73 (1%)100, update_snmp: 2.1 (0%)100, SMTP pre-response:...
Sep 21 15:09:02 serveurmail amavis[6685]: (06685-03-10) ... 0.3 (0%)100, SMTP response: 0.1 (0%)100, unlink-3-files: 0.2 (0%)100, rundown: 1.4 (0%)100
Sep 21 15:09:02 serveurmail amavis[6685]: (06685-03-11) ESMTP [127.0.0.1]:10024 /var/amavis/tmp/amavis-20180921T145134-06685-iBqk7ItG: -> ,, SIZE=462159 Received: from monServeur.com ([127.0.0.1]) by localhost (monServeur.com [127.0.0.1]) (amavisd-new, port 10024) with ESMTP; Fri, 21 Sep 2018 15:09:02 +0300 (EAT)
Sep 21 15:09:02 serveurmail amavis[6685]: (06685-03-11) Checking: sxBC0hVeIsT5 MYNETS [200.0.0.254] -> ,,
Sep 21 15:09:02 serveurmail amavis[6685]: (06685-03-11) p009 1 Content-Type: multipart/related
Sep 21 15:09:02 serveurmail amavis[6685]: (06685-03-11) p010 1/1 Content-Type: multipart/alternative
Sep 21 15:09:02 serveurmail amavis[6685]: (06685-03-11) p001 1/1/1 Content-Type: text/plain, size: 19697 B, name:
Sep 21 15:09:02 serveurmail amavis[6685]: (06685-03-11) p002 1/1/2 Content-Type: text/html, size: 82306 B, name:
Sep 21 15:09:02 serveurmail amavis[6685]: (06685-03-11) p003 1/2 Content-Type: image/jpeg, size: 30207 B, name: image005.jpg
Sep 21 15:09:02 serveurmail amavis[6685]: (06685-03-11) p004 1/3 Content-Type: image/png, size: 15783 B, name: image008.png
Sep 21 15:09:02 serveurmail amavis[6685]: (06685-03-11) p005 1/4 Content-Type: image/png, size: 12080 B, name: image009.png
Sep 21 15:09:02 serveurmail amavis[6685]: (06685-03-11) p006 1/5 Content-Type: image/png, size: 12070 B, name: image010.png
Sep 21 15:09:02 serveurmail amavis[6685]: (06685-03-11) p007 1/6 Content-Type: image/png, size: 177381 B, name: image011.png
Sep 21 15:09:02 serveurmail amavis[6685]: (06685-03-11) p008 1/7 Content-Type: image/jpeg, size: 6644 B, name: image012.jpg
Sep 21 15:09:02 serveurmail dovecot: lda(hermann@monServeur.com): copy from stdin: box=INBOX, uid=932, msgid=<000001d451a3$0c440350$24cc09f0$@monServeur.com>, size=3688
Sep 21 15:09:02 serveurmail dovecot: lda(hermann@monServeur.com): sieve: msgid=<000001d451a3$0c440350$24cc09f0$@monServeur.com>: stored mail into mailbox 'INBOX'
Sep 21 15:09:02 serveurmail postfix/pipe[8295]: 530E6600C6: to=, relay=dovecot, delay=0.63, delays=0.06/0/0/0.57, dsn=2.0.0, status=sent (delivered via dovecot service)
Sep 21 15:09:02 serveurmail postfix/qmgr[7989]: 530E6600C6: removed
Sep 21 15:09:03 serveurmail postfix/smtp[8330]: A5058600BF: to=, relay=smtp.orange.mg[80.12.203.178]:25, delay=16, delays=2.8/0.01/4.7/8.6, dsn=2.0.0, status=sent (250 2.0.0 eC8t1y0013b2B4903C8ub1 mail accepted for delivery)
Sep 21 15:09:03 serveurmail postfix/qmgr[7989]: A5058600BF: removed
Sep 21 15:09:04 serveurmail dovecot: pop3-login: Login: user=, method=PLAIN, rip=200.0.80.100, lip=200.0.0.238, mpid=8804, TLS, session=
Sep 21 15:09:04 serveurmail dovecot: pop3(sylvestre.cte@monServeur.com): Disconnected: Logged out top=0/0, retr=0/0, del=0/0, size=0
Sep 21 15:09:04 serveurmail postfix/cleanup[8138]: F3A7F600C5: message-id=<008001d451a3$1e0c51f0$5a24f5d0$@gmail.com>
Sep 21 15:09:05 serveurmail postfix/smtpd[8062]: Anonymous TLS connection established from mail.eservices-host.com[13.94.110.168]: TLSv1.2 with cipher ECDHE-RSA-AES256-SHA384 (256/256 bits)
Sep 21 15:09:07 serveurmail postfix/postscreen[8011]: CONNECT from [209.85.128.47]:40708 to [200.0.0.238]:25
Sep 21 15:09:07 serveurmail postfix/postscreen[8011]: CONNECT from [209.85.128.44]:36272 to [200.0.0.238]:25
Sep 21 15:09:07 serveurmail postfix/postscreen[8011]: CONNECT from [209.85.128.48]:36910 to [200.0.0.238]:25
Sep 21 15:09:08 serveurmail dovecot: pop3-login: Login: user=, method=PLAIN, rip=200.0.20.17, lip=200.0.0.238, mpid=8817, TLS, session=<3LWrgWB2ywDIABQR>
Sep 21 15:09:08 serveurmail dovecot: pop3(vololona.cal@monServeur.com): Disconnected: Logged out top=0/0, retr=0/0, del=0/42, size=32002069
Sep 21 15:09:08 serveurmail postfix/trivial-rewrite[8134]: warning: do not list domain monServeur.com in BOTH mydestination and virtual_mailbox_domains
Sep 21 15:09:09 serveurmail postfix/smtpd[8062]: 486BB600BF: client=mail.eservices-host.com[13.94.110.168]
Sep 21 15:09:09 serveurmail postfix/postscreen[8011]: PASS OLD [209.85.128.44]:36272
Sep 21 15:09:10 serveurmail amavis[6165]: (06165-04-9) DSPAM result: Whitelisted, score=-0.390, sig=5ba4df6513426441419535
Sep 21 15:09:10 serveurmail amavis[6165]: (06165-04-9) spam-tag, -> , No, score=-16.961 tagged_above=-9999.9 required=4.3 tests=[DKIMWL_WL_HIGH=-0.672, DKIM_SIGNED=0.1, DKIM_VALID=-0.1, DKIM_VALID_AU=-0.1, DKIM_VERIFIED=-0.3, ENV_AND_HDR_SPF_MATCH=-0.5, HTML_FONT_LOW_CONTRAST=0.001, HTML_MESSAGE=0.001, SPF_HELO_PASS=-0.001, SPF_PASS=-0.001, UNPARSEABLE_RELAY=0.001, USER_IN_DEF_DKIM_WL=-7.5, USER_IN_DEF_SPF_WL=-7.5, DSPAM.Whitelisted=-0.390] autolearn=ham autolearn_force=no
Sep 21 15:09:10 serveurmail postfix/trivial-rewrite[8134]: warning: do not list domain monServeur.com in BOTH mydestination and virtual_mailbox_domains
Sep 21 15:09:10 serveurmail postfix/trivial-rewrite[8134]: warning: do not list domain monServeur.com in BOTH mydestination and virtual_mailbox_domains
Sep 21 15:09:10 serveurmail postfix/postscreen[8011]: PASS OLD [209.85.128.48]:36910
Sep 21 15:09:10 serveurmail postfix/smtpd[8114]: BBAA1600C6: client=localhost[127.0.0.1]
Sep 21 15:09:10 serveurmail postfix/cleanup[8133]: BBAA1600C6: message-id=<4bd181b4dca62a9aea14047a9550de17@2d4a6334d2f2bb73c1c106ccaf5b5e83c5a47abe274260dadc6a33286199d452>
Sep 21 15:09:10 serveurmail postfix/qmgr[7989]: BBAA1600C6: from=, size=20979, nrcpt=1 (queue active)
Sep 21 15:09:10 serveurmail amavis[6165]: (06165-04-9) N7b5D2QbGIFV FWD from -> , BODY=7BIT 250 2.0.0 from MTA(smtp:[127.0.0.1]:10025): 250 2.0.0 Ok: queued as BBAA1600C6
Sep 21 15:09:10 serveurmail postfix/trivial-rewrite[8069]: warning: do not list domain monServeur.com in BOTH mydestination and virtual_mailbox_domains
Sep 21 15:09:10 serveurmail amavis[6165]: (06165-04-9) Passed CLEAN {RelayedInbound}, [66.220.155.149]:41881 [66.220.155.149] -> , Queue-ID: 76DB0600C2, Message-ID: <4bd181b4dca62a9aea14047a9550de17@2d4a6334d2f2bb73c1c106ccaf5b5e83c5a47abe274260dadc6a33286199d452>, mail_id: N7b5D2QbGIFV, Hits: -16.961, size: 19770, pt: 38, queued_as: BBAA1600C6, dkim_sd=s1024-2013-q3:facebookmail.com, 15347 ms
Sep 21 15:09:10 serveurmail amavis[6165]: (06165-04-9) TIMING-SA total 10135 ms - parse: 1.48 (0.0%), extract_message_metadata: 21 (0.2%), get_uri_detail_list: 7 (0.1%), tests_pri_-1000: 1.82 (0.0%), tests_pri_-950: 0.78 (0.0%), tests_pri_-900: 0.81 (0.0%), tests_pri_-400: 0.67 (0.0%), tests_pri_0: 9200 (90.8%), check_spf: 2308 (22.8%), poll_dns_idle: 3123 (30.8%), check_razor2: 5204 (51.4%), check_pyzor: 1568 (15.5%), tests_pri_500: 865 (8.5%), learn: 35 (0.3%), b_learn: 28 (0.3%), b_count_change: 11 (0.1%), get_report: 0.35 (0.0%)
Sep 21 15:09:10 serveurmail postfix/smtp[8073]: 76DB0600C2: to=, relay=127.0.0.1[127.0.0.1]:10024, conn_use=9, delay=207, delays=8.9/183/0/15, dsn=2.0.0, status=sent (250 2.0.0 from MTA(smtp:[127.0.0.1]:10025): 250 2.0.0 Ok: queued as BBAA1600C6)
Sep 21 15:09:10 serveurmail postfix/qmgr[7989]: 76DB0600C2: removed
Sep 21 15:09:10 serveurmail amavis[6165]: (06165-04-9) size: 19770, TIMING [total 15407 ms] - lookup_sql: 1.8 (0%)0, SMTP pre-DATA-flush: 0.8 (0%)0, SMTP DATA: 38 (0%)0, check_init: 0.3 (0%)0, digest_hdr: 2.2 (0%)0, digest_body_dkim: 690 (4%)5, collect_info: 3.0 (0%)5, gen_mail_id: 42 (0%)5, redis_ip_repu: 0.6 (0%)5, mime_decode: 11 (0%)5, get-file-type2: 16 (0%)5, decompose_part: 0.6 (0%)5, parts_decode: 0.0 (0%)5, check_header: 0.6 (0%)5, AV-scan-1: 132 (1%)6, spam-wb-list: 0.4 (0%)6, SA msg read: 0.3 (0%)6, SA parse: 1.8 (0%)6, SA check: 10131 (66%)72, DSPAM: 3546 (23%)95, decide_mail_destiny: 1.3 (0%)95, notif-quar: 0.4 (0%)95, fwd-connect: 3.4 (0%)95, fwd-mail-pip: 688 (4%)99, fwd-rcpt-pip: 0.2 (0%)99, fwd-data-chkpnt: 0.1 (0%)99, write-header: 0.8 (0%)99, fwd-data-contents: 0.4 (0%)99, fwd-end-chkpnt: 29 (0%)100, prepare-dsn: 0.6 (0%)100, report: 1.5 (0%)100, main_log_entry: 5 (0%)100, redis-update: 0.6 (0%)100, sql-update: 56 (0%)100, update_snmp: 1.5 (0%)100, SMTP pre-response: 0.2 (0%)100, SMTP ...
Sep 21 15:09:10 serveurmail postfix/smtpd[8039]: connect from mail-wm1-f44.google.com[209.85.128.44]
Sep 21 15:09:10 serveurmail amavis[6165]: (06165-04-9) ...response: 0.1 (0%)100, unlink-3-files: 0.1 (0%)100, rundown: 0.5 (0%)100
Sep 21 15:09:10 serveurmail amavis[6165]: (06165-04-10) ESMTP [127.0.0.1]:10024 /var/amavis/tmp/amavis-20180921T144638-06165-hilNtx8l: -> SIZE=19024 Received: from monServeur.com ([127.0.0.1]) by localhost (monServeur.com [127.0.0.1]) (amavisd-new, port 10024) with ESMTP for ; Fri, 21 Sep 2018 15:09:10 +0300 (EAT)
Sep 21 15:09:11 serveurmail amavis[6165]: (06165-04-10) Checking: CZoSZE0IkB-w [200.0.80.100] ->
Sep 21 15:09:11 serveurmail dovecot: lda(laza.cg@monServeur.com): copy from stdin: box=INBOX, uid=3415, msgid=<4bd181b4dca62a9aea14047a9550de17@2d4a6334d2f2bb73c1c106ccaf5b5e83c5a47abe274..., size=20706
Sep 21 15:09:11 serveurmail dovecot: lda(laza.cg@monServeur.com): sieve: msgid=<4bd181b4dca62a9aea14047a9550de17@2d4a6334d2f2bb73c1c106ccaf5b5e83c5a47abe274260dadc6a33286199d452>: stored mail into mailbox 'INBOX'
Sep 21 15:09:11 serveurmail postfix/pipe[8118]: BBAA1600C6: to=, relay=dovecot, delay=0.97, delays=0.72/0/0/0.26, dsn=2.0.0, status=sent (delivered via dovecot service)
Sep 21 15:09:11 serveurmail postfix/qmgr[7989]: BBAA1600C6: removed
Sep 21 15:09:11 serveurmail amavis[6165]: (06165-04-10) p004 1 Content-Type: multipart/alternative
Sep 21 15:09:11 serveurmail amavis[6165]: (06165-04-10) p001 1/1 Content-Type: text/plain, size: 624 B, name:
Sep 21 15:09:11 serveurmail amavis[6165]: (06165-04-10) p002 1/2 Content-Type: text/html, size: 15718 B, name:
Sep 21 15:09:11 serveurmail postfix/smtpd[8158]: connect from mail-wm1-f48.google.com[209.85.128.48]
Sep 21 15:09:13 serveurmail postfix/postscreen[8011]: PASS OLD [209.85.128.47]:40708
Sep 21 15:09:14 serveurmail postfix/smtpd[8039]: Anonymous TLS connection established from mail-wm1-f44.google.com[209.85.128.44]: TLSv1.2 with cipher ECDHE-RSA-AES128-GCM-SHA256 (128/128 bits)
Sep 21 15:09:14 serveurmail postfix/postscreen[8011]: CONNECT from [209.85.215.174]:33563 to [200.0.0.238]:25
Sep 21 15:09:15 serveurmail postfix/smtpd[8047]: connect from mail-wm1-f47.google.com[209.85.128.47]
Sep 21 15:09:15 serveurmail postfix/smtpd[8158]: Anonymous TLS connection established from mail-wm1-f48.google.com[209.85.128.48]: TLSv1.2 with cipher ECDHE-RSA-AES128-GCM-SHA256 (128/128 bits)
Sep 21 15:09:15 serveurmail dovecot: pop3-login: Login: user=, method=PLAIN, rip=200.0.20.227, lip=200.0.0.238, mpid=8824, TLS, session=<3nUigmB2jwDIABTj>
Sep 21 15:09:15 serveurmail dovecot: pop3(fetra.cal@monServeur.com): Disconnected: Logged out top=0/0, retr=0/0, del=0/134, size=93574040
Sep 21 15:09:16 serveurmail dovecot: pop3-login: Login: user=, method=PLAIN, rip=200.0.20.227, lip=200.0.0.238, mpid=8826, TLS, session=
Sep 21 15:09:16 serveurmail dovecot: pop3(fetra.cal@monServeur.com): Disconnected: Logged out top=0/0, retr=0/0, del=0/134, size=93574040
Sep 21 15:09:17 serveurmail postfix/smtpd[8158]: 93062600C2: client=mail-wm1-f48.google.com[209.85.128.48]
Sep 21 15:09:18 serveurmail postfix/smtpd[8047]: Anonymous TLS connection established from mail-wm1-f47.google.com[209.85.128.47]: TLSv1.2 with cipher ECDHE-RSA-AES128-GCM-SHA256 (128/128 bits)
Sep 21 15:09:18 serveurmail postfix/postscreen[8011]: CONNECT from [40.107.4.58]:27376 to [200.0.0.238]:25
Sep 21 15:09:18 serveurmail postfix/trivial-rewrite[8134]: warning: do not list domain monServeur.com in BOTH mydestination and virtual_mailbox_domains
Sep 21 15:09:19 serveurmail dovecot: pop3-login: Login: user=, method=PLAIN, rip=200.0.0.36, lip=200.0.0.238, mpid=8829, TLS, session=
Sep 21 15:09:19 serveurmail dovecot: pop3(roger.cte@monServeur.com): Disconnected: Logged out top=0/0, retr=0/0, del=0/120, size=17865002
Sep 21 15:09:19 serveurmail postfix/cleanup[8133]: 93062600C2: message-id=<008601d451a3$e29f0b20$a7dd2160$@gmail.com>
Sep 21 15:09:19 serveurmail postfix/smtpd[8039]: ACEF7600C6: client=mail-wm1-f44.google.com[209.85.128.44]
Sep 21 15:09:20 serveurmail postfix/trivial-rewrite[8134]: warning: do not list domain monServeur.com in BOTH mydestination and virtual_mailbox_domains
Sep 21 15:09:20 serveurmail postfix/postscreen[8011]: PASS NEW [209.85.215.174]:33563
Sep 21 15:09:20 serveurmail dovecot: pop3-login: Login: user=, method=PLAIN, rip=200.0.0.36, lip=200.0.0.238, mpid=8834, TLS, session=<5WFvgmB2vwDIAAAk>
Sep 21 15:09:20 serveurmail dovecot: pop3(roger.cte@monServeur.com): Disconnected: Logged out top=0/0, retr=0/0, del=0/120, size=17865002
Sep 21 15:09:21 serveurmail postfix/trivial-rewrite[8134]: warning: do not list domain monServeur.com in BOTH mydestination and virtual_mailbox_domains
Sep 21 15:09:21 serveurmail dovecot: pop3-login: Login: user=, method=PLAIN, rip=200.0.0.36, lip=200.0.0.238, mpid=8836, TLS, session=
Sep 21 15:09:21 serveurmail dovecot: pop3(roger.cte@monServeur.com): Disconnected: Logged out top=0/0, retr=0/0, del=0/120, size=17865002
Sep 21 15:09:21 serveurmail dovecot: pop3-login: Login: user=, method=PLAIN, rip=200.0.0.36, lip=200.0.0.238, mpid=8838, TLS, session=
Sep 21 15:09:21 serveurmail dovecot: pop3(roger.cte@monServeur.com): Disconnected: Logged out top=0/0, retr=0/0, del=0/120, size=17865002
Sep 21 15:09:21 serveurmail postfix/trivial-rewrite[8134]: warning: do not list domain monServeur.com in BOTH mydestination and virtual_mailbox_domains
Sep 21 15:09:21 serveurmail dovecot: pop3-login: Login: user=, method=PLAIN, rip=200.0.0.36, lip=200.0.0.238, mpid=8840, TLS, session=<8nR+gmB2wgDIAAAk>
Sep 21 15:09:21 serveurmail dovecot: pop3(roger.cte@monServeur.com): Disconnected: Logged out top=0/0, retr=0/0, del=0/120, size=17865002
Sep 21 15:09:22 serveurmail dovecot: pop3-login: Login: user=, method=PLAIN, rip=200.0.0.36, lip=200.0.0.238, mpid=8842, TLS, session=
Sep 21 15:09:22 serveurmail dovecot: pop3(roger.cte@monServeur.com): Disconnected: Logged out top=0/0, retr=0/0, del=0/120, size=17865002
Sep 21 15:09:22 serveurmail postfix/smtpd[8047]: 3AF5B600C7: client=mail-wm1-f47.google.com[209.85.128.47]
Sep 21 15:09:22 serveurmail postfix/smtpd[8058]: connect from mail-pg1-f174.google.com[209.85.215.174]
Sep 21 15:09:22 serveurmail postfix/trivial-rewrite[8134]: warning: do not list domain monServeur.com in BOTH mydestination and virtual_mailbox_domains
Sep 21 15:09:22 serveurmail dovecot: pop3-login: Login: user=, method=PLAIN, rip=200.0.0.36, lip=200.0.0.238, mpid=8845, TLS, session=
Sep 21 15:09:22 serveurmail dovecot: pop3(roger.cte@monServeur.com): Disconnected: Logged out top=0/0, retr=0/0, del=0/120, size=17865002
Sep 21 15:09:23 serveurmail postfix/trivial-rewrite[8134]: warning: do not list domain monServeur.com in BOTH mydestination and virtual_mailbox_domains
Sep 21 15:09:24 serveurmail dovecot: pop3-login: Login: user=, method=PLAIN, rip=200.0.0.52, lip=200.0.0.238, mpid=8847, TLS, session=
Sep 21 15:09:24 serveurmail postfix/cleanup[8843]: 3AF5B600C7: message-id=<008601d451a3$e29f0b20$a7dd2160$@gmail.com>
Sep 21 15:09:24 serveurmail dovecot: pop3(angeline.cte@monServeur.com): Disconnected: Logged out top=0/0, retr=0/0, del=0/0, size=0
Sep 21 15:09:24 serveurmail postfix/postscreen[8011]: PASS NEW [40.107.4.58]:27376
Sep 21 15:09:26 serveurmail postfix/smtpd[8058]: Anonymous TLS connection established from mail-pg1-f174.google.com[209.85.215.174]: TLSv1.2 with cipher ECDHE-RSA-AES128-GCM-SHA256 (128/128 bits)
Sep 21 15:09:26 serveurmail postfix/smtpd[8035]: connect from mail-eopbgr40058.outbound.protection.outlook.com[40.107.4.58]
Sep 21 15:09:27 serveurmail postfix/cleanup[8832]: ACEF7600C6: message-id=<008601d451a3$e29f0b20$a7dd2160$@gmail.com>
Sep 21 15:09:29 serveurmail postfix/smtpd[8058]: 5FA67600C8: client=mail-pg1-f174.google.com[209.85.215.174]
Sep 21 15:09:29 serveurmail dovecot: pop3-login: Login: user=, method=PLAIN, rip=200.0.80.157, lip=200.0.0.238, mpid=8851, TLS, session=
Sep 21 15:09:29 serveurmail dovecot: pop3(baroni.cg@monServeur.com): Disconnected: Logged out top=0/0, retr=0/0, del=0/313, size=357182826
Sep 21 15:09:30 serveurmail dovecot: pop3-login: Login: user=, method=PLAIN, rip=200.0.0.36, lip=200.0.0.238, mpid=8853, TLS, session=
Sep 21 15:09:30 serveurmail dovecot: pop3(roger.cte@monServeur.com): Disconnected: Logged out top=0/0, retr=0/0, del=0/120, size=17865002
Sep 21 15:09:31 serveurmail dovecot: pop3-login: Login: user=, method=PLAIN, rip=200.0.0.36, lip=200.0.0.238, mpid=8855, TLS, session=
Sep 21 15:09:31 serveurmail dovecot: pop3(roger.cte@monServeur.com): Disconnected: Logged out top=0/0, retr=0/0, del=0/120, size=17865002
Sep 21 15:09:32 serveurmail amavis[6165]: (06165-04-10) DSPAM result: Whitelisted, score=-0.390, sig=5ba4df7b13421428885597
Sep 21 15:09:32 serveurmail amavis[6165]: (06165-04-10) spam-tag, -> , No, score=-0.389 tagged_above=-9999.9 required=4.3 tests=[ALL_TRUSTED=-1, HTML_MESSAGE=0.001, MSGID_MULTIPLE_AT=1, DSPAM.Whitelisted=-0.390] autolearn=no autolearn_force=no
Sep 21 15:09:32 serveurmail postfix/cleanup[8643]: 486BB600BF: message-id=<012a01d451a3$cab6e550$6024aff0$@karina-international.com>
Sep 21 15:09:32 serveurmail postfix/trivial-rewrite[8134]: warning: do not list domain monServeur.com in BOTH mydestination and virtual_mailbox_domains
Sep 21 15:09:32 serveurmail postfix/trivial-rewrite[8134]: warning: do not list domain monServeur.com in BOTH mydestination and virtual_mailbox_domains
Sep 21 15:09:32 serveurmail postfix/smtpd[8114]: 0E0F7600CA: client=localhost[127.0.0.1]
Sep 21 15:09:32 serveurmail postfix/cleanup[8856]: 0E0F7600CA: message-id=<000001d451a3$b35e7c60$1a1b7520$@cte@monServeur.com>
Sep 21 15:09:32 serveurmail postfix/qmgr[7989]: 0E0F7600CA: from=, size=19884, nrcpt=1 (queue active)
Sep 21 15:09:32 serveurmail amavis[6165]: (06165-04-10) CZoSZE0IkB-w FWD from -> , 250 2.0.0 from MTA(smtp:[127.0.0.1]:10025): 250 2.0.0 Ok: queued as 0E0F7600CA
Sep 21 15:09:32 serveurmail postfix/trivial-rewrite[8069]: warning: do not list domain monServeur.com in BOTH mydestination and virtual_mailbox_domains
Sep 21 15:09:32 serveurmail amavis[6165]: (06165-04-10) Passed CLEAN {RelayedInbound}, [200.0.80.100]:52917 [200.0.80.100] -> , Queue-ID: 681C6600C4, Message-ID: <000001d451a3$b35e7c60$1a1b7520$@cte@monServeur.com>, mail_id: CZoSZE0IkB-w, Hits: -0.389, size: 19024, pt: 38, queued_as: 0E0F7600CA, 21293 ms
Sep 21 15:09:32 serveurmail postfix/smtpd[8035]: Anonymous TLS connection established from mail-eopbgr40058.outbound.protection.outlook.com[40.107.4.58]: TLSv1.2 with cipher ECDHE-RSA-AES256-SHA384 (256/256 bits)
Sep 21 15:09:32 serveurmail dovecot: pop3-login: Login: user=, method=PLAIN, rip=200.0.0.36, lip=200.0.0.238, mpid=8859, TLS, session=
Sep 21 15:09:32 serveurmail dovecot: pop3(roger.cte@monServeur.com): Disconnected: Logged out top=0/0, retr=0/0, del=0/120, size=17865002
Sep 21 15:09:32 serveurmail amavis[6165]: (06165-04-10) TIMING-SA total 8081 ms - parse: 2.1 (0.0%), extract_message_metadata: 18 (0.2%), get_uri_detail_list: 0.86 (0.0%), tests_pri_-1000: 1.99 (0.0%), tests_pri_-950: 1.14 (0.0%), tests_pri_-900: 0.92 (0.0%), tests_pri_-400: 0.77 (0.0%), tests_pri_0: 8047 (99.6%), check_spf: 0.23 (0.0%), check_dkim_adsp: 1332 (16.5%), check_razor2: 5001 (61.9%), check_pyzor: 1635 (20.2%), tests_pri_500: 3.1 (0.0%), get_report: 0.26 (0.0%)
Sep 21 15:09:32 serveurmail postfix/smtp[8073]: 681C6600C4: to=, relay=127.0.0.1[127.0.0.1]:10024, conn_use=10, delay=220, delays=0.5/198/0/22, dsn=2.0.0, status=sent (250 2.0.0 from MTA(smtp:[127.0.0.1]:10025): 250 2.0.0 Ok: queued as 0E0F7600CA)
Sep 21 15:09:32 serveurmail postfix/qmgr[7989]: 681C6600C4: removed
Sep 21 15:09:32 serveurmail amavis[6165]: (06165-04-10) size: 19024, TIMING [total 21887 ms] - lookup_sql: 1.5 (0%)0, SMTP pre-DATA-flush: 2.5 (0%)0, SMTP DATA: 36 (0%)0, check_init: 0.3 (0%)0, digest_hdr: 0.5 (0%)0, digest_body_dkim: 0.2 (0%)0, collect_info: 1.3 (0%)0, gen_mail_id: 133 (1%)1, redis_ip_repu: 0.6 (0%)1, mime_decode: 13 (0%)1, get-file-type3: 20 (0%)1, decompose_part: 1.7 (0%)1, parts_decode: 0.1 (0%)1, check_header: 0.5 (0%)1, AV-scan-1: 54 (0%)1, spam-wb-list: 0.6 (0%)1, SA msg read: 0.4 (0%)1, SA parse: 2.4 (0%)1, SA check: 8077 (37%)38, DSPAM: 12819 (59%)97, decide_mail_destiny: 1.2 (0%)97, notif-quar: 0.4 (0%)97, fwd-connect: 3.5 (0%)97, fwd-mail-pip: 17 (0%)97, fwd-rcpt-pip: 0.2 (0%)97, fwd-data-chkpnt: 0.1 (0%)97, write-header: 0.5 (0%)97, fwd-data-contents: 0.4 (0%)97, fwd-end-chkpnt: 99 (0%)97, prepare-dsn: 0.5 (0%)97, report: 1.2 (0%)97, main_log_entry: 4.7 (0%)97, redis-update: 0.5 (0%)97, sql-update: 589 (3%)100, update_snmp: 1.9 (0%)100, SMTP pre-response: 0.3 (0%)100, SMTP re...
Sep 21 15:09:32 serveurmail amavis[6165]: (06165-04-10) ...sponse: 0.1 (0%)100, unlink-4-files: 0.2 (0%)100, rundown: 1.4 (0%)100
Sep 21 15:09:32 serveurmail amavis[6165]: (06165-04-11) ESMTP [127.0.0.1]:10024 /var/amavis/tmp/amavis-20180921T144638-06165-hilNtx8l: -> SIZE=13829 Received: from monServeur.com ([127.0.0.1]) by localhost (monServeur.com [127.0.0.1]) (amavisd-new, port 10024) with ESMTP for ; Fri, 21 Sep 2018 15:09:32 +0300 (EAT)
Sep 21 15:09:32 serveurmail dovecot: pop3-login: Login: user=, method=PLAIN, rip=200.0.0.30, lip=200.0.0.238, mpid=8861, TLS, session=
Sep 21 15:09:32 serveurmail dovecot: pop3(miary.magrh@monServeur2.com): Disconnected: Logged out top=0/0, retr=0/0, del=0/14, size=3795348
Sep 21 15:09:33 serveurmail postfix/qmgr[7989]: ACEF7600C6: from=, size=128616, nrcpt=7 (queue active)
Sep 21 15:09:33 serveurmail dovecot: pop3-login: Login: user=, method=PLAIN, rip=200.0.0.36, lip=200.0.0.238, mpid=8863, TLS, session=
Sep 21 15:09:33 serveurmail dovecot: pop3(roger.cte@monServeur.com): Disconnected: Logged out top=0/0, retr=0/0, del=0/120, size=17865002
Sep 21 15:09:33 serveurmail dovecot: lda(soja.info@monServeur.com): copy from stdin: box=INBOX, uid=5141, msgid=<000001d451a3$b35e7c60$1a1b7520$@cte@monServeur.com>, size=19370
Sep 21 15:09:33 serveurmail dovecot: lda(soja.info@monServeur.com): sieve: msgid=<000001d451a3$b35e7c60$1a1b7520$@cte@monServeur.com>: stored mail into mailbox 'INBOX'
Sep 21 15:09:33 serveurmail postfix/pipe[8302]: 0E0F7600CA: to=, relay=dovecot, delay=1.4, delays=0.12/0/0/1.3, dsn=2.0.0, status=sent (delivered via dovecot service)
Sep 21 15:09:33 serveurmail postfix/qmgr[7989]: 0E0F7600CA: removed
Sep 21 15:09:33 serveurmail amavis[6165]: (06165-04-11) Checking: ZJmNhjAAKxHB [200.0.80.100] ->
Sep 21 15:09:33 serveurmail amavis[6165]: (06165-04-11) p004 1 Content-Type: multipart/mixed
Sep 21 15:09:33 serveurmail amavis[6165]: (06165-04-11) p001 1/1 Content-Type: text/plain, size: 624 B, name:
Sep 21 15:09:33 serveurmail amavis[6165]: (06165-04-11) p002 1/2 Content-Type: application/ms-tnef, size: 8554 B, name: winmail.dat
Sep 21 15:09:33 serveurmail postfix/cleanup[8848]: 5FA67600C8: message-id=
Sep 21 15:09:33 serveurmail postfix/smtpd[8039]: disconnect from mail-wm1-f44.google.com[209.85.128.44]
Sep 21 15:09:33 serveurmail dovecot: pop3-login: Login: user=, method=PLAIN, rip=200.0.80.39, lip=200.0.0.238, mpid=8866, TLS, session=
Sep 21 15:09:34 serveurmail postfix/trivial-rewrite[8069]: warning: do not list domain monServeur.com in BOTH mydestination and virtual_mailbox_domains
Sep 21 15:09:34 serveurmail dovecot: pop3-login: Login: user=, method=PLAIN, rip=200.0.0.36, lip=200.0.0.238, mpid=8868, TLS, session=
Sep 21 15:09:34 serveurmail dovecot: pop3(roger.cte@monServeur.com): Disconnected: Logged out top=0/0, retr=0/0, del=0/120, size=17865002
Sep 21 15:09:35 serveurmail postfix/smtpd[8035]: 491FE600C4: client=mail-eopbgr40058.outbound.protection.outlook.com[40.107.4.58]
Sep 21 15:09:35 serveurmail dovecot: pop3-login: Login: user=, method=PLAIN, rip=200.0.0.36, lip=200.0.0.238, mpid=8870, TLS, session=
Sep 21 15:09:35 serveurmail dovecot: pop3(roger.cte@monServeur.com): Disconnected: Logged out top=0/0, retr=0/0, del=0/120, size=17865002
Sep 21 15:09:35 serveurmail dovecot: pop3(voaja.bap@monServeur.com): expunge: box=INBOX, uid=397, msgid=<000001d44670$1e3b20e0$5ab162a0$@monServeur.com>, size=8145
Sep 21 15:09:35 serveurmail dovecot: pop3(voaja.bap@monServeur.com): expunge: box=INBOX, uid=398, msgid=<002a01d44675$cd706480$68512d80$@monServeur.com>, size=1653851
Sep 21 15:09:35 serveurmail dovecot: pop3(voaja.bap@monServeur.com): expunge: box=INBOX, uid=399, msgid=<003701d4467b$81790220$846b0660$@monServeur.com>, size=57896
Sep 21 15:09:35 serveurmail dovecot: pop3(voaja.bap@monServeur.com): expunge: box=INBOX, uid=400, msgid=<004a01d4467e$c661aa60$5324ff20$@monServeur.com>, size=74074
Sep 21 15:09:35 serveurmail dovecot: pop3(voaja.bap@monServeur.com): expunge: box=INBOX, uid=401, msgid=<000901d44682$eb299250$c17cb6f0$@monServeur.com>, size=32470
Sep 21 15:09:35 serveurmail dovecot: pop3(voaja.bap@monServeur.com): expunge: box=INBOX, uid=402, msgid=<000001d4468a$215448f0$63fcdad0$@monServeur.com>, size=28632
Sep 21 15:09:35 serveurmail dovecot: pop3(voaja.bap@monServeur.com): Disconnected: Logged out top=0/0, retr=4/128069, del=6/150, size=53355811
Sep 21 15:09:36 serveurmail dovecot: pop3-login: Login: user=, method=PLAIN, rip=200.0.0.36, lip=200.0.0.238, mpid=8872, TLS, session=
Sep 21 15:09:36 serveurmail dovecot: pop3(roger.cte@monServeur.com): Disconnected: Logged out top=0/0, retr=0/0, del=0/120, size=17865002
Sep 21 15:09:40 serveurmail postfix/qmgr[7989]: F3A7F600C5: from=, size=157481, nrcpt=2 (queue active)
Sep 21 15:09:40 serveurmail postfix/smtpd[8012]: disconnect from mx2.malagasy.com[41.204.120.174]
Sep 21 15:09:44 serveurmail amavis[6165]: (06165-04-11) SA info: pyzor: [8873] error: TERMINATED, signal 15 (000f)
Sep 21 15:09:45 serveurmail postfix/qmgr[7989]: 93062600C2: from=, size=128619, nrcpt=2 (queue active)
Sep 21 15:09:45 serveurmail amavis[6685]: (06685-03-11) DSPAM result: Whitelisted, score=-0.390, sig=5ba4df8813421857721954
Sep 21 15:09:45 serveurmail amavis[6685]: (06685-03-11) spam-tag, -> ,,, No, score=-1.389 tagged_above=-9999.9 required=4.3 tests=[ALL_TRUSTED=-1, HTML_MESSAGE=0.001, DSPAM.Whitelisted=-0.390] autolearn=no autolearn_force=no
Sep 21 15:09:45 serveurmail amavis[6685]: (06685-03-11) dkim: candidate originators: From:
Sep 21 15:09:45 serveurmail amavis[6685]: (06685-03-11) dkim: not signing, empty signing domain, From:
Sep 21 15:09:45 serveurmail postfix/trivial-rewrite[8134]: warning: do not list domain monServeur.com in BOTH mydestination and virtual_mailbox_domains
Sep 21 15:09:45 serveurmail postfix/smtpd[8113]: 76456600CA: client=localhost[127.0.0.1]
Sep 21 15:09:45 serveurmail postfix/trivial-rewrite[8134]: warning: do not list domain monServeur.com in BOTH mydestination and virtual_mailbox_domains
Sep 21 15:09:45 serveurmail postfix/trivial-rewrite[8134]: warning: do not list domain monServeur.com in BOTH mydestination and virtual_mailbox_domains
Sep 21 15:09:45 serveurmail postfix/cleanup[8832]: 76456600CA: message-id=<002001d451a3$70032380$50096a80$@monServeur.com>
Sep 21 15:09:45 serveurmail postfix/qmgr[7989]: 76456600CA: from=, size=462934, nrcpt=3 (queue active)
Sep 21 15:09:45 serveurmail amavis[6685]: (06685-03-11) sxBC0hVeIsT5 FWD from -> ,,, BODY=7BIT 250 2.0.0 from MTA(smtp:[127.0.0.1]:10025): 250 2.0.0 Ok: queued as 76456600CA
Sep 21 15:09:45 serveurmail postfix/trivial-rewrite[8069]: warning: do not list domain monServeur.com in BOTH mydestination and virtual_mailbox_domains
Sep 21 15:09:45 serveurmail postfix/trivial-rewrite[8069]: warning: do not list domain monServeur.com in BOTH mydestination and virtual_mailbox_domains
Sep 21 15:09:45 serveurmail postfix/trivial-rewrite[8069]: warning: do not list domain monServeur.com in BOTH mydestination and virtual_mailbox_domains
Sep 21 15:09:45 serveurmail amavis[6165]: (06165-04-11) DSPAM result: Whitelisted, score=-0.390, sig=5ba4df8913422089090755
Sep 21 15:09:45 serveurmail amavis[6165]: (06165-04-11) spam-tag, -> , No, score=-0.39 tagged_above=-9999.9 required=4.3 tests=[ALL_TRUSTED=-1, MSGID_MULTIPLE_AT=1, DSPAM.Whitelisted=-0.390] autolearn=no autolearn_force=no
Sep 21 15:09:45 serveurmail postfix/smtpd[8114]: 9BD1A600CC: client=localhost[127.0.0.1]
Sep 21 15:09:45 serveurmail postfix/cleanup[8138]: 9BD1A600CC: message-id=<000501d451a3$b3aaa090$1affe1b0$@cte@monServeur.com>
Sep 21 15:09:45 serveurmail amavis[6685]: (06685-03-11) Passed CLEAN {RelayedInternal}, MYNETS LOCAL [200.0.0.254]:52688 [200.0.0.254] -> ,,, Queue-ID: 71E13600CE, Message-ID: <002001d451a3$70032380$50096a80$@monServeur.com>, mail_id: sxBC0hVeIsT5, Hits: -1.389, size: 462158, pt: 38, queued_as: 76456600CA, 43159 ms
Sep 21 15:09:46 serveurmail postfix/qmgr[7989]: 9BD1A600CC: from=, size=14675, nrcpt=1 (queue active)
Sep 21 15:09:46 serveurmail amavis[6165]: (06165-04-11) ZJmNhjAAKxHB FWD from -> , 250 2.0.0 from MTA(smtp:[127.0.0.1]:10025): 250 2.0.0 Ok: queued as 9BD1A600CC
Sep 21 15:09:46 serveurmail postfix/trivial-rewrite[8069]: warning: do not list domain monServeur.com in BOTH mydestination and virtual_mailbox_domains
Sep 21 15:09:46 serveurmail amavis[6165]: (06165-04-11) Passed CLEAN {RelayedInbound}, [200.0.80.100]:52917 [200.0.80.100] -> , Queue-ID: E2307600CF, Message-ID: <000501d451a3$b3aaa090$1affe1b0$@cte@monServeur.com>, mail_id: ZJmNhjAAKxHB, Hits: -0.39, size: 13829, pt: 38, queued_as: 9BD1A600CC, 13535 ms
Sep 21 15:09:46 serveurmail amavis[6685]: (06685-03-11) TIMING-SA total 9350 ms - parse: 12 (0.1%), extract_message_metadata: 124 (1.3%), get_uri_detail_list: 23 (0.2%), tests_pri_-1000: 2.1 (0.0%), tests_pri_-950: 1.13 (0.0%), tests_pri_-900: 0.97 (0.0%), tests_pri_-400: 0.82 (0.0%), tests_pri_0: 9197 (98.4%), check_spf: 0.22 (0.0%), check_dkim_adsp: 1396 (14.9%), check_razor2: 5094 (54.5%), check_pyzor: 1675 (17.9%), tests_pri_500: 4.1 (0.0%), get_report: 0.28 (0.0%)
Sep 21 15:09:46 serveurmail postfix/smtp[8076]: 71E13600CE: to=, relay=127.0.0.1[127.0.0.1]:10024, conn_use=11, delay=234, delays=0.47/190/0/44, dsn=2.0.0, status=sent (250 2.0.0 from MTA(smtp:[127.0.0.1]:10025): 250 2.0.0 Ok: queued as 76456600CA)
Sep 21 15:09:46 serveurmail postfix/smtp[8076]: 71E13600CE: to=, relay=127.0.0.1[127.0.0.1]:10024, conn_use=11, delay=234, delays=0.47/190/0/44, dsn=2.0.0, status=sent (250 2.0.0 from MTA(smtp:[127.0.0.1]:10025): 250 2.0.0 Ok: queued as 76456600CA)
Sep 21 15:09:46 serveurmail postfix/smtp[8076]: 71E13600CE: to=, relay=127.0.0.1[127.0.0.1]:10024, conn_use=11, delay=234, delays=0.47/190/0/44, dsn=2.0.0, status=sent (250 2.0.0 from MTA(smtp:[127.0.0.1]:10025): 250 2.0.0 Ok: queued as 76456600CA)
Sep 21 15:09:46 serveurmail postfix/qmgr[7989]: 71E13600CE: removed
Sep 21 15:09:46 serveurmail amavis[6685]: (06685-03-11) size: 462158, TIMING [total 43853 ms] - lookup_sql: 2.3 (0%)0, lookup_sql: 1.3 (0%)0, lookup_sql: 1.3 (0%)0, SMTP pre-DATA-flush: 0.9 (0%)0, SMTP DATA: 40 (0%)0, check_init: 0.4 (0%)0, digest_hdr: 1.3 (0%)0, digest_body_dkim: 2.8 (0%)0, collect_info: 1.5 (0%)0, gen_mail_id: 196 (0%)1, redis_ip_repu: 0.6 (0%)1, mime_decode: 45 (0%)1, get-file-type8: 23 (0%)1, decompose_part: 1.5 (0%)1, parts_decode: 0.2 (0%)1, check_header: 0.5 (0%)1, AV-scan-1: 359 (1%)2, spam-wb-list: 0.7 (0%)2, SA parse: 13 (0%)2, SA check: 9336 (21%)23, DSPAM: 32966 (75%)98, decide_mail_destiny: 1.7 (0%)98, notif-quar: 0.4 (0%)98, fwd-connect: 4.0 (0%)98, fwd-mail-pip: 6 (0%)98, fwd-rcpt-pip: 0.3 (0%)98, fwd-data-chkpnt: 0.0 (0%)98, write-header: 0.5 (0%)98, fwd-data-contents: 7 (0%)98, fwd-end-chkpnt: 121 (0%)98, prepare-dsn: 0.7 (0%)98, report: 1.9 (0%)98, main_log_entry: 28 (0%)98, redis-update: 6 (0%)98, sql-update: 679 (2%)100, update_snmp: 1.9 (0%)100, SMTP pre-response: 0....
Sep 21 15:09:46 serveurmail amavis[6685]: (06685-03-11) ...2 (0%)100, SMTP response: 2.4 (0%)100, unlink-9-files: 0.3 (0%)100, rundown: 0.6 (0%)100
Sep 21 15:09:46 serveurmail amavis[6685]: (06685-03-12) ESMTP [127.0.0.1]:10024 /var/amavis/tmp/amavis-20180921T145134-06685-iBqk7ItG: -> , SIZE=50003 Received: from monServeur.com ([127.0.0.1]) by localhost (monServeur.com [127.0.0.1]) (amavisd-new, port 10024) with ESMTP; Fri, 21 Sep 2018 15:09:46 +0300 (EAT)
Sep 21 15:09:46 serveurmail amavis[6165]: (06165-04-11) TIMING-SA total 10516 ms - parse: 1.74 (0.0%), extract_message_metadata: 4.4 (0.0%), get_uri_detail_list: 0.56 (0.0%), tests_pri_-1000: 2.3 (0.0%), tests_pri_-950: 1.28 (0.0%), tests_pri_-900: 1.06 (0.0%), tests_pri_-400: 0.85 (0.0%), tests_pri_0: 10494 (99.8%), check_spf: 0.28 (0.0%), check_dkim_adsp: 1383 (13.1%), check_razor2: 5060 (48.1%), check_pyzor: 4002 (38.1%), tests_pri_500: 3.8 (0.0%), get_report: 0.34 (0.0%)
Sep 21 15:09:46 serveurmail postfix/smtp[8073]: E2307600CF: to=, relay=127.0.0.1[127.0.0.1]:10024, conn_use=11, delay=234, delays=0.11/220/0/14, dsn=2.0.0, status=sent (250 2.0.0 from MTA(smtp:[127.0.0.1]:10025): 250 2.0.0 Ok: queued as 9BD1A600CC)
Sep 21 15:09:46 serveurmail postfix/qmgr[7989]: E2307600CF: removed
Sep 21 15:09:46 serveurmail amavis[6165]: (06165-04-11) size: 13829, TIMING [total 13752 ms] - lookup_sql: 1.8 (0%)0, SMTP pre-DATA-flush: 0.9 (0%)0, SMTP DATA: 36 (0%)0, check_init: 0.3 (0%)0, digest_hdr: 0.7 (0%)0, digest_body_dkim: 0.2 (0%)0, collect_info: 1.4 (0%)0, gen_mail_id: 817 (6%)6, redis_ip_repu: 0.5 (0%)6, mime_decode: 9 (0%)6, get-file-type3: 19 (0%)6, ren0-unl0-files0: 39 (0%)7, decompose_part: 0.2 (0%)7, parts_decode: 0.1 (0%)7, check_header: 0.5 (0%)7, AV-scan-1: 27 (0%)7, spam-wb-list: 0.5 (0%)7, SA msg read: 0.4 (0%)7, SA parse: 2.1 (0%)7, SA check: 10513 (76%)83, DSPAM: 1392 (10%)94, decide_mail_destiny: 1.1 (0%)94, notif-quar: 0.3 (0%)94, fwd-connect: 5 (0%)94, fwd-mail-pip: 9 (0%)94, fwd-rcpt-pip: 0.2 (0%)94, fwd-data-chkpnt: 0.0 (0%)94, write-header: 0.5 (0%)94, fwd-data-contents: 0.2 (0%)94, fwd-end-chkpnt: 650 (5%)98, prepare-dsn: 0.6 (0%)98, report: 1.3 (0%)98, main_log_entry: 5 (0%)98, redis-update: 0.5 (0%)98, sql-update: 212 (2%)100, update_snmp: 1.9 (0%)100, SMTP pre-respons...
Sep 21 15:09:46 serveurmail amavis[6165]: (06165-04-11) ...e: 0.3 (0%)100, SMTP response: 0.1 (0%)100, unlink-3-files: 0.2 (0%)100, rundown: 1.0 (0%)100
Sep 21 15:09:46 serveurmail amavis[6165]: (06165-04-12) ESMTP [127.0.0.1]:10024 /var/amavis/tmp/amavis-20180921T144638-06165-hilNtx8l: -> ,,,, SIZE=201193 Received: from monServeur.com ([127.0.0.1]) by localhost (monServeur.com [127.0.0.1]) (amavisd-new, port 10024) with ESMTP; Fri, 21 Sep 2018 15:09:46 +0300 (EAT)
Sep 21 15:09:46 serveurmail amavis[6685]: (06685-03-12) Checking: AZPYZBNWQ5lg MYNETS [200.0.0.254] -> ,
Sep 21 15:09:46 serveurmail amavis[6685]: (06685-03-12) p004 1 Content-Type: multipart/related
Sep 21 15:09:46 serveurmail amavis[6685]: (06685-03-12) p005 1/1 Content-Type: multipart/alternative
Sep 21 15:09:46 serveurmail amavis[6685]: (06685-03-12) p001 1/1/1 Content-Type: text/plain, size: 543 B, name:
Sep 21 15:09:46 serveurmail amavis[6685]: (06685-03-12) p002 1/1/2 Content-Type: text/html, size: 5075 B, name:
Sep 21 15:09:46 serveurmail amavis[6685]: (06685-03-12) p003 1/2 Content-Type: image/jpeg, size: 30881 B, name: image001.jpg
Sep 21 15:09:46 serveurmail dovecot: lda(bruno.visitage@monServeur.com): copy from stdin: box=INBOX, uid=821, msgid=<002001d451a3$70032380$50096a80$@monServeur.com>, size=455603
Sep 21 15:09:47 serveurmail dovecot: lda(bruno.visitage@monServeur.com): sieve: msgid=<002001d451a3$70032380$50096a80$@monServeur.com>: stored mail into mailbox 'INBOX'
Sep 21 15:09:47 serveurmail postfix/pipe[8299]: 76456600CA: to=, relay=dovecot, delay=1.6, delays=0.13/0/0/1.4, dsn=2.0.0, status=sent (delivered via dovecot service)
Sep 21 15:09:47 serveurmail postfix/smtpd[8158]: disconnect from mail-wm1-f48.google.com[209.85.128.48]
Sep 21 15:09:47 serveurmail dovecot: lda(bazolia.qualite@monServeur.com): copy from stdin: box=INBOX, uid=336, msgid=<002001d451a3$70032380$50096a80$@monServeur.com>, size=455604
Sep 21 15:09:47 serveurmail dovecot: lda(sylvestre.cte@monServeur.com): copy from stdin: box=INBOX, uid=811, msgid=<000501d451a3$b3aaa090$1affe1b0$@cte@monServeur.com>, size=14457
Sep 21 15:09:48 serveurmail dovecot: lda(bazolia.qualite@monServeur.com): sieve: msgid=<002001d451a3$70032380$50096a80$@monServeur.com>: stored mail into mailbox 'INBOX'
Sep 21 15:09:48 serveurmail dovecot: lda(sylvestre.cte@monServeur.com): sieve: msgid=<000501d451a3$b3aaa090$1affe1b0$@cte@monServeur.com>: stored mail into mailbox 'INBOX'
Sep 21 15:09:48 serveurmail postfix/pipe[8115]: 76456600CA: to=, relay=dovecot, delay=2.6, delays=0.13/0/0/2.5, dsn=2.0.0, status=sent (delivered via dovecot service)
Sep 21 15:09:48 serveurmail postfix/pipe[8295]: 9BD1A600CC: to=, relay=dovecot, delay=2.5, delays=0.65/0/0/1.8, dsn=2.0.0, status=sent (delivered via dovecot service)
Sep 21 15:09:48 serveurmail postfix/qmgr[7989]: 9BD1A600CC: removed
Sep 21 15:09:48 serveurmail dovecot: lda(visitage@monServeur.com): copy from stdin: box=INBOX, uid=598, msgid=<002001d451a3$70032380$50096a80$@monServeur.com>, size=455597
Sep 21 15:09:48 serveurmail dovecot: lda(visitage@monServeur.com): sieve: msgid=<002001d451a3$70032380$50096a80$@monServeur.com>: stored mail into mailbox 'INBOX'
Sep 21 15:09:48 serveurmail postfix/pipe[8116]: 76456600CA: to=, relay=dovecot, delay=2.8, delays=0.13/0/0/2.6, dsn=2.0.0, status=sent (delivered via dovecot service)
Sep 21 15:09:48 serveurmail postfix/qmgr[7989]: 76456600CA: removed
Sep 21 15:09:48 serveurmail amavis[6165]: (06165-04-12) Checking: mjN6U-2-yGv8 MYNETS [200.0.0.128] -> ,,,,
Sep 21 15:09:48 serveurmail amavis[6165]: (06165-04-12) p023 1 Content-Type: multipart/related
Sep 21 15:09:48 serveurmail amavis[6165]: (06165-04-12) p024 1/1 Content-Type: multipart/alternative
Sep 21 15:09:48 serveurmail amavis[6165]: (06165-04-12) p001 1/1/1 Content-Type: text/plain, size: 16056 B, name:
Sep 21 15:09:48 serveurmail amavis[6165]: (06165-04-12) p002 1/1/2 Content-Type: text/html, size: 103829 B, name:
Sep 21 15:09:48 serveurmail amavis[6165]: (06165-04-12) p003 1/2 Content-Type: image/jpeg, size: 790 B, name: image001.jpg
Sep 21 15:09:48 serveurmail amavis[6165]: (06165-04-12) p004 1/3 Content-Type: image/jpeg, size: 3666 B, name: image002.jpg
Sep 21 15:09:48 serveurmail amavis[6165]: (06165-04-12) p005 1/4 Content-Type: image/jpeg, size: 788 B, name: image003.jpg
Sep 21 15:09:48 serveurmail amavis[6165]: (06165-04-12) p006 1/5 Content-Type: image/jpeg, size: 3634 B, name: image004.jpg
