Sep 21 15:06:54 serveurmail postfix/pipe[8295]: 49B8C600E4: to=, relay=dovecot, delay=2.5, delays=0.08/0/0/2.4, dsn=2.0.0, status=sent (delivered via dovecot service)
Sep 21 15:06:54 serveurmail postfix/qmgr[7989]: 49B8C600E4: removed
Sep 21 15:06:54 serveurmail postfix/smtpd[8158]: disconnect from unknown[200.0.20.120]
Sep 21 15:06:55 serveurmail dovecot: pop3-login: Login: user=, method=PLAIN, rip=41.63.138.238, lip=200.0.0.238, mpid=8572, TLS, session=
Sep 21 15:06:55 serveurmail dovecot: pop3-login: Login: user=, method=PLAIN, rip=154.120.188.65, lip=200.0.0.238, mpid=8573, TLS, session=
Sep 21 15:06:55 serveurmail postfix/postscreen[8011]: CONNECT from [200.0.23.3]:56771 to [200.0.0.238]:25
Sep 21 15:06:55 serveurmail postfix/postscreen[8011]: WHITELISTED [200.0.23.3]:56771
Sep 21 15:06:56 serveurmail postfix/smtpd[8035]: connect from maile-dd.linkedin.com[108.174.6.204]
Sep 21 15:06:57 serveurmail amavis[6165]: (06165-04-3) DSPAM result: Whitelisted, score=-0.390, sig=5ba4dee013429381712330
Sep 21 15:06:57 serveurmail amavis[6165]: (06165-04-3) spam-tag, -> , No, score=-0.824 tagged_above=-9999.9 required=4.3 tests=[ALL_TRUSTED=-1, FORGED_OUTLOOK_TAGS=0.565, HTML_MESSAGE=0.001, DSPAM.Whitelisted=-0.390] autolearn=no autolearn_force=no
Sep 21 15:06:57 serveurmail postfix/smtpd[8114]: 0A015600BD: client=localhost[127.0.0.1]
Sep 21 15:06:57 serveurmail postfix/cleanup[8138]: 0A015600BD: message-id=<000201d451a1$cd9c15d0$68d44170$@monServeur.com>
Sep 21 15:06:57 serveurmail postfix/qmgr[7989]: 0A015600BD: from=, size=21439, nrcpt=1 (queue active)
Sep 21 15:06:57 serveurmail amavis[6165]: (06165-04-3) JAolB95iBDhv FWD from -> , BODY=7BIT 250 2.0.0 from MTA(smtp:[127.0.0.1]:10025): 250 2.0.0 Ok: queued as 0A015600BD
Sep 21 15:06:57 serveurmail postfix/trivial-rewrite[8069]: warning: do not list domain monServeur.com in BOTH mydestination and virtual_mailbox_domains
Sep 21 15:06:57 serveurmail amavis[6165]: (06165-04-3) Passed CLEAN {RelayedInbound}, [200.0.80.49]:53417 [200.0.80.49] -> , Queue-ID: 8F07D600BB, Message-ID: <000201d451a1$cd9c15d0$68d44170$@monServeur.com>, mail_id: JAolB95iBDhv, Hits: -0.824, size: 20555, pt: 38, queued_as: 0A015600BD, 36848 ms
Sep 21 15:06:57 serveurmail amavis[6165]: (06165-04-3) TIMING-SA total 15940 ms - parse: 2.0 (0.0%), extract_message_metadata: 25 (0.2%), get_uri_detail_list: 6 (0.0%), tests_pri_-1000: 1.85 (0.0%), tests_pri_-950: 1.07 (0.0%), tests_pri_-900: 0.87 (0.0%), tests_pri_-400: 0.75 (0.0%), tests_pri_0: 8822 (55.3%), check_spf: 0.21 (0.0%), check_dkim_adsp: 1274 (8.0%), check_razor2: 5676 (35.6%), check_pyzor: 1607 (10.1%), tests_pri_500: 7081 (44.4%), poll_dns_idle: 7074 (44.4%), get_report: 0.32 (0.0%)
Sep 21 15:06:57 serveurmail postfix/smtp[8073]: 8F07D600BB: to=, relay=127.0.0.1[127.0.0.1]:10024, conn_use=3, delay=81, delays=0.23/43/0/37, dsn=2.0.0, status=sent (250 2.0.0 from MTA(smtp:[127.0.0.1]:10025): 250 2.0.0 Ok: queued as 0A015600BD)
Sep 21 15:06:57 serveurmail amavis[6165]: (06165-04-3) size: 20555, TIMING [total 36904 ms] - lookup_sql: 2.8 (0%)0, SMTP pre-DATA-flush: 0.9 (0%)0, SMTP DATA: 34 (0%)0, check_init: 0.3 (0%)0, digest_hdr: 0.7 (0%)0, digest_body_dkim: 0.2 (0%)0, collect_info: 1.3 (0%)0, gen_mail_id: 325 (1%)1, redis_ip_repu: 0.6 (0%)1, mime_decode: 15 (0%)1, get-file-type3: 18 (0%)1, decompose_part: 0.7 (0%)1, decompose_part: 0.5 (0%)1, parts_decode: 0.0 (0%)1, check_header: 0.5 (0%)1, AV-scan-1: 127 (0%)1, spam-wb-list: 0.4 (0%)1, SA msg read: 0.3 (0%)1, SA parse: 2.3 (0%)1, SA check: 15936 (43%)45, DSPAM: 20336 (55%)100, decide_mail_destiny: 1.1 (0%)100, notif-quar: 0.4 (0%)100, fwd-connect: 3.1 (0%)100, fwd-mail-pip: 1.1 (0%)100, fwd-rcpt-pip: 0.2 (0%)100, fwd-data-chkpnt: 0.1 (0%)100, write-header: 0.6 (0%)100, fwd-data-contents: 0.4 (0%)100, fwd-end-chkpnt: 33 (0%)100, prepare-dsn: 0.6 (0%)100, report: 1.3 (0%)100, main_log_entry: 5 (0%)100, redis-update: 0.6 (0%)100, sql-update: 51 (0%)100, update_snmp: 1.9 (0%)100,...
Sep 21 15:06:57 serveurmail amavis[6165]: (06165-04-3) ... SMTP pre-response: 0.2 (0%)100, SMTP response: 0.3 (0%)100, unlink-4-files: 0.6 (0%)100, rundown: 0.5 (0%)100
Sep 21 15:06:57 serveurmail dovecot: lda(ramsey.teinturefil@monServeur.com): copy from stdin: box=INBOX, uid=316, msgid=<000201d451a1$cd9c15d0$68d44170$@monServeur.com>, size=20844
Sep 21 15:06:57 serveurmail postfix/qmgr[7989]: 8F07D600BB: removed
Sep 21 15:06:57 serveurmail dovecot: lda(ramsey.teinturefil@monServeur.com): sieve: msgid=<000201d451a1$cd9c15d0$68d44170$@monServeur.com>: stored mail into mailbox 'INBOX'
Sep 21 15:06:57 serveurmail postfix/pipe[8300]: 0A015600BD: to=, relay=dovecot, delay=0.76, delays=0.03/0/0/0.73, dsn=2.0.0, status=sent (delivered via dovecot service)
Sep 21 15:06:57 serveurmail postfix/qmgr[7989]: 0A015600BD: removed
Sep 21 15:06:57 serveurmail amavis[6165]: (06165-04-4) ESMTP [127.0.0.1]:10024 /var/amavis/tmp/amavis-20180921T144638-06165-hilNtx8l: -> ,,,,,,,,, SIZE=715950 Received: from monServeur.com ([127.0.0.1]) by localhost (monServeur.com [127.0.0.1]) (amavisd-new, port 10024) with ESMTP; Fri, 21 Sep 2018 15:06:57 +0300 (EAT)
Sep 21 15:06:57 serveurmail postfix/postscreen[8011]: PASS OLD [40.107.7.105]:52128
Sep 21 15:06:58 serveurmail amavis[6165]: (06165-04-4) Checking: 8r3YzYFkPvwx MYNETS [200.0.0.53] -> ,,,,,,,,,
Sep 21 15:06:58 serveurmail amavis[6165]: (06165-04-4) p005 1 Content-Type: multipart/mixed
Sep 21 15:06:58 serveurmail amavis[6165]: (06165-04-4) p006 1/1 Content-Type: multipart/related
Sep 21 15:06:58 serveurmail amavis[6165]: (06165-04-4) p007 1/1/1 Content-Type: multipart/alternative
Sep 21 15:06:58 serveurmail amavis[6165]: (06165-04-4) p001 1/1/1/1 Content-Type: text/plain, size: 4171 B, name:
Sep 21 15:06:58 serveurmail amavis[6165]: (06165-04-4) p002 1/1/1/2 Content-Type: text/html, size: 13625 B, name:
Sep 21 15:06:58 serveurmail amavis[6165]: (06165-04-4) p003 1/1/2 Content-Type: application/octet-stream, size: 52451 B, name: image001.png
Sep 21 15:06:58 serveurmail amavis[6165]: (06165-04-4) p004 1/2 Content-Type: image/jpeg, size: 454808 B, name: SCAN CAMOUFLAGE.jpg
Sep 21 15:06:58 serveurmail postfix/smtpd[8155]: warning: hostname cache.google.com does not resolve to address 200.0.23.3: Name or service not known
Sep 21 15:06:58 serveurmail postfix/smtpd[8155]: connect from unknown[200.0.23.3]
Sep 21 15:06:58 serveurmail postfix/smtpd[8155]: Anonymous TLS connection established from unknown[200.0.23.3]: TLSv1 with cipher ECDHE-RSA-AES256-SHA (256/256 bits)
Sep 21 15:06:58 serveurmail postfix/trivial-rewrite[8069]: warning: do not list domain monServeur.com in BOTH mydestination and virtual_mailbox_domains
Sep 21 15:06:58 serveurmail postfix/trivial-rewrite[8069]: warning: do not list domain monServeur.com in BOTH mydestination and virtual_mailbox_domains
Sep 21 15:06:58 serveurmail postfix/smtpd[8155]: 4FDA0600BB: client=unknown[200.0.23.3]
Sep 21 15:06:58 serveurmail postfix/cleanup[8072]: 4FDA0600BB: message-id=<000401d451a3$cee76fa0$6cb64ee0$@monServeur.com>
Sep 21 15:06:58 serveurmail dovecot: pop3(boana.agt@monServeur.com): Disconnected: Logged out top=0/0, retr=0/0, del=0/86, size=8595012
Sep 21 15:06:58 serveurmail postfix/qmgr[7989]: 4FDA0600BB: from=, size=150692, nrcpt=1 (queue active)
Sep 21 15:06:59 serveurmail dovecot: pop3-login: Login: user=, method=PLAIN, rip=200.0.0.234, lip=200.0.0.238, mpid=8578, TLS, session=
Sep 21 15:06:59 serveurmail dovecot: pop3(claire.mpf@monServeur.com): Disconnected: Logged out top=0/0, retr=0/0, del=0/282, size=44060025
Sep 21 15:06:59 serveurmail postfix/smtpd[8039]: connect from mail-eopbgr70105.outbound.protection.outlook.com[40.107.7.105]
Sep 21 15:07:00 serveurmail postfix/smtpd[8035]: Anonymous TLS connection established from maile-dd.linkedin.com[108.174.6.204]: TLSv1.2 with cipher ECDHE-RSA-AES256-GCM-SHA384 (256/256 bits)
Sep 21 15:07:00 serveurmail dovecot: pop3(senthilkumar@monServeur.com): Disconnected: Logged out top=1/1894, retr=1/8038, del=0/432, size=172414764
Sep 21 15:07:01 serveurmail postfix/smtp[8124]: D041F600E2: to=, relay=smtp.orange.mg[80.12.203.178]:25, delay=20, delays=1/0/4.5/14, dsn=2.0.0, status=sent (250 2.0.0 eC6l1y0013b2B4903C6nao mail accepted for delivery)
Sep 21 15:07:01 serveurmail postfix/qmgr[7989]: D041F600E2: removed
Sep 21 15:07:01 serveurmail postfix/smtpd[8155]: disconnect from unknown[200.0.23.3]
Sep 21 15:07:02 serveurmail postfix/postscreen[8011]: CONNECT from [200.0.0.45]:51180 to [200.0.0.238]:25
Sep 21 15:07:02 serveurmail postfix/postscreen[8011]: WHITELISTED [200.0.0.45]:51180
Sep 21 15:07:02 serveurmail amavis[6685]: (06685-03-4) DSPAM result: Whitelisted, score=-0.390, sig=5ba4dee613421197210374
Sep 21 15:07:02 serveurmail amavis[6685]: (06685-03-4) spam-tag, -> , No, score=0.237 tagged_above=-9999.9 required=4.3 tests=[ALL_TRUSTED=-1, HTML_MESSAGE=0.001, MIME_HTML_MOSTLY=0.001, SUBJ_ALL_CAPS=1.625, DSPAM.Whitelisted=-0.390] autolearn=no autolearn_force=no
Sep 21 15:07:02 serveurmail amavis[6685]: (06685-03-4) dkim: candidate originators: From:
Sep 21 15:07:02 serveurmail amavis[6685]: (06685-03-4) dkim: not signing, empty signing domain, From:
Sep 21 15:07:02 serveurmail postfix/smtpd[8113]: E9E44600BD: client=localhost[127.0.0.1]
Sep 21 15:07:02 serveurmail postfix/cleanup[8140]: E9E44600BD: message-id=<000601d451a3$6be250a0$43a6f1e0$@monServeur1.com>
Sep 21 15:07:03 serveurmail postfix/qmgr[7989]: E9E44600BD: from=, size=437736, nrcpt=1 (queue active)
Sep 21 15:07:03 serveurmail amavis[6685]: (06685-03-4) OWp5GqOGHqiE FWD from -> , BODY=7BIT 250 2.0.0 from MTA(smtp:[127.0.0.1]:10025): 250 2.0.0 Ok: queued as E9E44600BD
Sep 21 15:07:03 serveurmail amavis[6685]: (06685-03-4) dkim: candidate originators: From:
Sep 21 15:07:03 serveurmail amavis[6685]: (06685-03-4) dkim: not signing, empty signing domain, From:
Sep 21 15:07:03 serveurmail postfix/smtpd[8035]: 8E31F600E2: client=maile-dd.linkedin.com[108.174.6.204]
Sep 21 15:07:03 serveurmail postfix/smtpd[8047]: connect from unknown[200.0.0.45]
Sep 21 15:07:03 serveurmail postfix/smtpd[8047]: Anonymous TLS connection established from unknown[200.0.0.45]: TLSv1.2 with cipher ECDHE-RSA-AES256-SHA384 (256/256 bits)
Sep 21 15:07:03 serveurmail postfix/trivial-rewrite[8069]: warning: do not list domain monServeur.com in BOTH mydestination and virtual_mailbox_domains
Sep 21 15:07:03 serveurmail postfix/smtpd[8113]: BB9A7600E4: client=localhost[127.0.0.1]
Sep 21 15:07:03 serveurmail postfix/cleanup[8071]: BB9A7600E4: message-id=<000601d451a3$6be250a0$43a6f1e0$@monServeur1.com>
Sep 21 15:07:03 serveurmail postfix/qmgr[7989]: BB9A7600E4: from=, size=437393, nrcpt=1 (queue active)
Sep 21 15:07:03 serveurmail amavis[6685]: (06685-03-4) OWp5GqOGHqiE FWD from -> , BODY=7BIT 250 2.0.0 from MTA(smtp:[127.0.0.1]:10025): 250 2.0.0 Ok: queued as BB9A7600E4
Sep 21 15:07:03 serveurmail amavis[6685]: (06685-03-4) Passed CLEAN {RelayedInternal,RelayedOutbound}, MYNETS LOCAL [200.0.0.30]:3523 [200.0.0.30] -> ,, Queue-ID: ED018600BE, Message-ID: <000601d451a3$6be250a0$43a6f1e0$@monServeur1.com>, mail_id: OWp5GqOGHqiE, Hits: 0.237, size: 436985, pt: 38, queued_as: E9E44600BD/BB9A7600E4, 10721 ms
Sep 21 15:07:04 serveurmail dovecot: lda(erik.attdir@monServeur1.com): copy from stdin: box=INBOX, uid=1515, msgid=<000601d451a3$6be250a0$43a6f1e0$@monServeur1.com>, size=432143
Sep 21 15:07:04 serveurmail dovecot: lda(erik.attdir@monServeur1.com): sieve: msgid=<000601d451a3$6be250a0$43a6f1e0$@monServeur1.com>: stored mail into mailbox 'INBOX'
Sep 21 15:07:04 serveurmail postfix/pipe[8118]: E9E44600BD: to=, relay=dovecot, delay=1, delays=0.12/0/0/0.93, dsn=2.0.0, status=sent (delivered via dovecot service)
Sep 21 15:07:04 serveurmail postfix/qmgr[7989]: E9E44600BD: removed
Sep 21 15:07:04 serveurmail amavis[6685]: (06685-03-4) TIMING-SA total 7931 ms - parse: 9 (0.1%), extract_message_metadata: 14 (0.2%), get_uri_detail_list: 0.08 (0.0%), tests_pri_-1000: 1.77 (0.0%), tests_pri_-950: 0.99 (0.0%), tests_pri_-900: 0.80 (0.0%), tests_pri_-400: 0.66 (0.0%), tests_pri_0: 7894 (99.5%), check_spf: 0.20 (0.0%), check_dkim_adsp: 1436 (18.1%), check_razor2: 5001 (63.1%), check_pyzor: 1387 (17.5%), tests_pri_500: 3.7 (0.0%), get_report: 0.40 (0.0%)
Sep 21 15:07:04 serveurmail postfix/smtp[8076]: ED018600BE: to=, relay=127.0.0.1[127.0.0.1]:10024, conn_use=4, delay=86, delays=0.86/74/0/11, dsn=2.0.0, status=sent (250 2.0.0 from MTA(smtp:[127.0.0.1]:10025): 250 2.0.0 Ok: queued as E9E44600BD)
Sep 21 15:07:04 serveurmail postfix/smtp[8076]: ED018600BE: to=, orig_to=, relay=127.0.0.1[127.0.0.1]:10024, conn_use=4, delay=86, delays=0.86/74/0/11, dsn=2.0.0, status=sent (250 2.0.0 from MTA(smtp:[127.0.0.1]:10025): 250 2.0.0 Ok: queued as E9E44600BD)
Sep 21 15:07:04 serveurmail postfix/qmgr[7989]: ED018600BE: removed
Sep 21 15:07:04 serveurmail amavis[6685]: (06685-03-4) size: 436985, TIMING [total 10913 ms] - lookup_sql: 2.1 (0%)0, lookup_sql: 0.9 (0%)0, SMTP pre-DATA-flush: 0.8 (0%)0, SMTP DATA: 38 (0%)0, check_init: 0.4 (0%)0, digest_hdr: 1.0 (0%)0, digest_body_dkim: 3.2 (0%)0, collect_info: 1.5 (0%)0, gen_mail_id: 72 (1%)1, redis_ip_repu: 0.6 (0%)1, mime_decode: 23 (0%)1, get-file-type3: 14 (0%)1, decompose_part: 0.4 (0%)1, decompose_part: 0.3 (0%)1, parts_decode: 0.1 (0%)1, check_header: 0.5 (0%)1, AV-scan-1: 93 (1%)2, spam-wb-list: 0.6 (0%)2, SA parse: 10 (0%)2, SA check: 7920 (73%)75, DSPAM: 1582 (14%)89, decide_mail_destiny: 1.4 (0%)89, notif-quar: 0.4 (0%)89, fwd-connect: 3.8 (0%)90, fwd-mail-pip: 2.6 (0%)90, fwd-rcpt-pip: 0.2 (0%)90, fwd-data-chkpnt: 0.0 (0%)90, write-header: 0.5 (0%)90, fwd-data-contents: 6 (0%)90, fwd-end-chkpnt: 110 (1%)91, fwd-connect: 1.4 (0%)91, fwd-mail-pip: 692 (6%)97, fwd-rcpt-pip: 0.2 (0%)97, fwd-data-chkpnt: 0.0 (0%)97, write-header: 0.4 (0%)97, fwd-data-contents: 6 (0%)97, fwd-e...
Sep 21 15:07:04 serveurmail amavis[6685]: (06685-03-4) ...nd-chkpnt: 126 (1%)98, prepare-dsn: 0.7 (0%)98, report: 1.6 (0%)98, main_log_entry: 6 (0%)98, redis-update: 1.2 (0%)98, sql-update: 187 (2%)100, update_snmp: 2.2 (0%)100, SMTP pre-response: 0.2 (0%)100, SMTP response: 0.1 (0%)100, unlink-4-files: 0.2 (0%)100, rundown: 0.6 (0%)100
Sep 21 15:07:04 serveurmail amavis[6685]: (06685-03-5) ESMTP [127.0.0.1]:10024 /var/amavis/tmp/amavis-20180921T145134-06685-iBqk7ItG: -> ,, SIZE=450159 Received: from monServeur.com ([127.0.0.1]) by localhost (monServeur.com [127.0.0.1]) (amavisd-new, port 10024) with ESMTP; Fri, 21 Sep 2018 15:07:04 +0300 (EAT)
Sep 21 15:07:04 serveurmail postfix/smtpd[8047]: 4EB09600BD: client=unknown[200.0.0.45]
Sep 21 15:07:04 serveurmail postfix/cleanup[8096]: 4EB09600BD: message-id=
Sep 21 15:07:04 serveurmail postfix/smtpd[8039]: Anonymous TLS connection established from mail-eopbgr70105.outbound.protection.outlook.com[40.107.7.105]: TLSv1.2 with cipher ECDHE-RSA-AES256-SHA384 (256/256 bits)
Sep 21 15:07:04 serveurmail amavis[6685]: (06685-03-5) Checking: qjPrET4Vt2I4 [200.0.20.227] -> ,,
Sep 21 15:07:04 serveurmail amavis[6685]: (06685-03-5) p009 1 Content-Type: multipart/related
Sep 21 15:07:04 serveurmail amavis[6685]: (06685-03-5) p010 1/1 Content-Type: multipart/alternative
Sep 21 15:07:04 serveurmail amavis[6685]: (06685-03-5) p001 1/1/1 Content-Type: text/plain, size: 20519 B, name:
Sep 21 15:07:04 serveurmail amavis[6685]: (06685-03-5) p002 1/1/2 Content-Type: text/html, size: 102005 B, name:
Sep 21 15:07:04 serveurmail amavis[6685]: (06685-03-5) p003 1/2 Content-Type: image/jpeg, size: 10608 B, name: image002.jpg
Sep 21 15:07:04 serveurmail amavis[6685]: (06685-03-5) p004 1/3 Content-Type: image/jpeg, size: 10599 B, name: image003.jpg
Sep 21 15:07:04 serveurmail amavis[6685]: (06685-03-5) p005 1/4 Content-Type: image/png, size: 12080 B, name: image005.png
Sep 21 15:07:04 serveurmail amavis[6685]: (06685-03-5) p006 1/5 Content-Type: image/png, size: 12070 B, name: image006.png
Sep 21 15:07:04 serveurmail amavis[6685]: (06685-03-5) p007 1/6 Content-Type: image/png, size: 177381 B, name: image007.png
Sep 21 15:07:04 serveurmail amavis[6685]: (06685-03-5) p008 1/7 Content-Type: image/jpeg, size: 6644 B, name: image008.jpg
Sep 21 15:07:05 serveurmail postfix/qmgr[7989]: 4EB09600BD: from=, size=414758, nrcpt=1 (queue active)
Sep 21 15:07:05 serveurmail postfix/postscreen[8011]: CONNECT from [80.12.17.8]:20775 to [200.0.0.238]:25
Sep 21 15:07:05 serveurmail postfix/postscreen[8011]: PASS OLD [80.12.17.8]:20775
Sep 21 15:07:05 serveurmail postfix/postscreen[8011]: CONNECT from [80.12.17.8]:39131 to [200.0.0.238]:25
Sep 21 15:07:05 serveurmail postfix/postscreen[8011]: PASS OLD [80.12.17.8]:39131
Sep 21 15:07:05 serveurmail postfix/postscreen[8011]: CONNECT from [80.12.17.8]:23195 to [200.0.0.238]:25
Sep 21 15:07:05 serveurmail postfix/postscreen[8011]: PASS OLD [80.12.17.8]:23195
Sep 21 15:07:05 serveurmail postfix/postscreen[8011]: CONNECT from [80.12.17.8]:40960 to [200.0.0.238]:25
Sep 21 15:07:05 serveurmail postfix/postscreen[8011]: PASS OLD [80.12.17.8]:40960
Sep 21 15:07:06 serveurmail postfix/smtpd[8039]: DB070600BE: client=mail-eopbgr70105.outbound.protection.outlook.com[40.107.7.105]
Sep 21 15:07:07 serveurmail postfix/smtpd[8030]: connect from smtpout1.orange.lu[80.12.17.8]
Sep 21 15:07:07 serveurmail postfix/smtpd[8043]: connect from smtpout1.orange.lu[80.12.17.8]
Sep 21 15:07:07 serveurmail postfix/smtpd[8057]: connect from smtpout1.orange.lu[80.12.17.8]
Sep 21 15:07:07 serveurmail postfix/smtpd[8026]: connect from smtpout1.orange.lu[80.12.17.8]
Sep 21 15:07:07 serveurmail postfix/smtpd[8047]: disconnect from unknown[200.0.0.45]
Sep 21 15:07:08 serveurmail postfix/trivial-rewrite[8069]: warning: do not list domain monServeur.com in BOTH mydestination and virtual_mailbox_domains
Sep 21 15:07:08 serveurmail postfix/trivial-rewrite[8069]: warning: do not list domain monServeur.com in BOTH mydestination and virtual_mailbox_domains
Sep 21 15:07:08 serveurmail postfix/trivial-rewrite[8134]: warning: do not list domain monServeur.com in BOTH mydestination and virtual_mailbox_domains
Sep 21 15:07:09 serveurmail postfix/cleanup[8133]: 8E31F600E2: message-id=<1267903813.5557581.1537523846615.JavaMail.app@lor1-app1005.prod.linkedin.com>
Sep 21 15:07:09 serveurmail postfix/trivial-rewrite[8069]: warning: do not list domain monServeur.com in BOTH mydestination and virtual_mailbox_domains
Sep 21 15:07:09 serveurmail postfix/smtpd[8030]: C3FA7600E5: client=smtpout1.orange.lu[80.12.17.8]
Sep 21 15:07:09 serveurmail postfix/trivial-rewrite[8069]: warning: do not list domain monServeur.com in BOTH mydestination and virtual_mailbox_domains
Sep 21 15:07:09 serveurmail postfix/smtpd[8043]: C8BF3600E6: client=smtpout1.orange.lu[80.12.17.8]
Sep 21 15:07:09 serveurmail postfix/trivial-rewrite[8134]: warning: do not list domain monServeur.com in BOTH mydestination and virtual_mailbox_domains
Sep 21 15:07:09 serveurmail postfix/smtpd[8057]: CA849600E7: client=smtpout1.orange.lu[80.12.17.8]
Sep 21 15:07:09 serveurmail postfix/smtpd[8026]: CAE9B600E8: client=smtpout1.orange.lu[80.12.17.8]
Sep 21 15:07:09 serveurmail postfix/qmgr[7989]: 8E31F600E2: from=, size=23651, nrcpt=1 (queue active)
Sep 21 15:07:11 serveurmail postfix/postscreen[8011]: CONNECT from [40.107.7.132]:23146 to [200.0.0.238]:25
Sep 21 15:07:11 serveurmail postfix/postscreen[8011]: CONNECT from [41.204.120.174]:38392 to [200.0.0.238]:25
Sep 21 15:07:11 serveurmail postfix/postscreen[8011]: PASS OLD [41.204.120.174]:38392
Sep 21 15:07:12 serveurmail postfix/postscreen[8011]: CONNECT from [81.27.17.140]:55820 to [200.0.0.238]:25
Sep 21 15:07:12 serveurmail postfix/cleanup[8072]: C3FA7600E5: message-id=<007601d451a3$37888540$a6998fc0$@monServeur.com>
Sep 21 15:07:12 serveurmail postfix/cleanup[8140]: C8BF3600E6: message-id=<007601d451a3$37888540$a6998fc0$@monServeur.com>
Sep 21 15:07:12 serveurmail postfix/cleanup[8071]: CA849600E7: message-id=<007601d451a3$37888540$a6998fc0$@monServeur.com>
Sep 21 15:07:12 serveurmail postfix/cleanup[8096]: CAE9B600E8: message-id=<007601d451a3$37888540$a6998fc0$@monServeur.com>
Sep 21 15:07:12 serveurmail postfix/smtpd[8058]: connect from mx2.malagasy.com[41.204.120.174]
Sep 21 15:07:14 serveurmail dovecot: pop3-login: Login: user=, method=PLAIN, rip=200.0.0.53, lip=200.0.0.238, mpid=8590, TLS, session=
Sep 21 15:07:14 serveurmail postfix/smtpd[8058]: 112E9600E9: client=mx2.malagasy.com[41.204.120.174]
Sep 21 15:07:14 serveurmail dovecot: pop3(edmond.produits@monServeur.com): Disconnected: Logged out top=0/0, retr=0/0, del=0/0, size=0
Sep 21 15:07:14 serveurmail postfix/postscreen[8011]: PASS OLD [81.27.17.140]:55820
Sep 21 15:07:14 serveurmail postfix/cleanup[8133]: 112E9600E9: message-id=<00bc01d451a1$1003b550$300b1ff0$@monServeur2.com>
Sep 21 15:07:14 serveurmail postfix/smtpd[8058]: disconnect from mx2.malagasy.com[41.204.120.174]
Sep 21 15:07:14 serveurmail postfix/qmgr[7989]: 112E9600E9: from=, size=2363, nrcpt=1 (queue active)
Sep 21 15:07:15 serveurmail dovecot: pop3-login: Login: user=, method=PLAIN, rip=200.0.0.230, lip=200.0.0.238, mpid=8598, TLS, session=
Sep 21 15:07:15 serveurmail postfix/smtpd[8035]: disconnect from maile-dd.linkedin.com[108.174.6.204]
Sep 21 15:07:15 serveurmail dovecot: pop3(jose.utilites@monServeur.com): Disconnected: Logged out top=0/0, retr=0/0, del=0/0, size=0
Sep 21 15:07:16 serveurmail postfix/smtpd[8012]: connect from mxnga.mutuallogistics.com[81.27.17.140]
Sep 21 15:07:16 serveurmail dovecot: pop3-login: Login: user=, method=PLAIN, rip=200.0.20.17, lip=200.0.0.238, mpid=8600, TLS, session=<0MEIe2B2ygDIABQR>
Sep 21 15:07:16 serveurmail dovecot: pop3(vololona.cal@monServeur.com): Disconnected: Logged out top=0/0, retr=0/0, del=0/42, size=32002069
Sep 21 15:07:16 serveurmail dovecot: pop3-login: Login: user=, method=PLAIN, rip=200.0.0.52, lip=200.0.0.238, mpid=8602, TLS, session=
Sep 21 15:07:17 serveurmail dovecot: pop3(angeline.cte@monServeur.com): expunge: box=INBOX, uid=2271, msgid=<009701d451a3$60c465f0$224d31d0$@monServeur.com>, size=692251
Sep 21 15:07:17 serveurmail postfix/postscreen[8011]: PASS NEW [40.107.7.132]:23146
Sep 21 15:07:17 serveurmail dovecot: pop3(angeline.cte@monServeur.com): Disconnected: Logged out top=0/0, retr=1/701343, del=1/1, size=701323
Sep 21 15:07:18 serveurmail postfix/cleanup[8138]: DB070600BE: message-id=
Sep 21 15:07:18 serveurmail postfix/smtpd[8012]: DE5E4600EA: client=mxnga.mutuallogistics.com[81.27.17.140]
Sep 21 15:07:19 serveurmail postfix/smtpd[8012]: lost connection after DATA (1337 bytes) from mxnga.mutuallogistics.com[81.27.17.140]
Sep 21 15:07:19 serveurmail postfix/smtpd[8012]: disconnect from mxnga.mutuallogistics.com[81.27.17.140]
Sep 21 15:07:19 serveurmail postfix/cleanup[8133]: DE5E4600EA: message-id=<59C5D284228E9943BF1049685555E1DBC89B048F@mut-lme-exc-01.MUTUALLOGISTICS.local>
Sep 21 15:07:19 serveurmail postfix/smtpd[8047]: connect from mail-eopbgr70132.outbound.protection.outlook.com[40.107.7.132]
Sep 21 15:07:20 serveurmail dovecot: pop3-login: Login: user=, method=PLAIN, rip=200.0.0.30, lip=200.0.0.238, mpid=8606, TLS, session=
Sep 21 15:07:20 serveurmail dovecot: pop3(jenny.assdir@monServeur1.com): Disconnected: Logged out top=0/0, retr=0/0, del=0/94, size=22727448
Sep 21 15:07:21 serveurmail dovecot: pop3-login: Login: user=, method=PLAIN, rip=200.0.0.30, lip=200.0.0.238, mpid=8608, TLS, session=
Sep 21 15:07:21 serveurmail dovecot: pop3(jenny.assdir@monServeur1.com): Disconnected: Logged out top=0/0, retr=0/0, del=0/94, size=22727448
Sep 21 15:07:21 serveurmail dovecot: pop3-login: Login: user=, method=PLAIN, rip=200.0.20.16, lip=200.0.0.238, mpid=8610, TLS, session=
Sep 21 15:07:21 serveurmail dovecot: pop3(narindra.cal@monServeur.com): Disconnected: Logged out top=0/0, retr=0/0, del=0/423, size=347984718
Sep 21 15:07:22 serveurmail dovecot: pop3-login: Login: user=, method=PLAIN, rip=200.0.20.16, lip=200.0.0.238, mpid=8612, TLS, session=
Sep 21 15:07:22 serveurmail dovecot: pop3(narindra.cal@monServeur.com): Disconnected: Logged out top=0/0, retr=0/0, del=0/423, size=347984718
Sep 21 15:07:22 serveurmail dovecot: pop3-login: Login: user=, method=PLAIN, rip=200.0.20.16, lip=200.0.0.238, mpid=8614, TLS, session=
Sep 21 15:07:22 serveurmail dovecot: pop3(narindra.cal@monServeur.com): Disconnected: Logged out top=0/0, retr=0/0, del=0/423, size=347984718
Sep 21 15:07:23 serveurmail dovecot: pop3-login: Login: user=, method=PLAIN, rip=200.0.20.16, lip=200.0.0.238, mpid=8616, TLS, session=<7qpre2B2EgDIABQQ>
Sep 21 15:07:23 serveurmail dovecot: pop3(narindra.cal@monServeur.com): Disconnected: Logged out top=0/0, retr=0/0, del=0/423, size=347984718
Sep 21 15:07:23 serveurmail dovecot: pop3-login: Login: user=, method=PLAIN, rip=200.0.20.16, lip=200.0.0.238, mpid=8618, TLS, session=
Sep 21 15:07:23 serveurmail postfix/smtpd[8047]: Anonymous TLS connection established from mail-eopbgr70132.outbound.protection.outlook.com[40.107.7.132]: TLSv1.2 with cipher ECDHE-RSA-AES256-SHA384 (256/256 bits)
Sep 21 15:07:23 serveurmail dovecot: pop3(narindra.cal@monServeur.com): Disconnected: Logged out top=0/0, retr=0/0, del=0/423, size=347984718
Sep 21 15:07:23 serveurmail dovecot: pop3-login: Login: user=, method=PLAIN, rip=200.0.20.16, lip=200.0.0.238, mpid=8620, TLS, session=
Sep 21 15:07:23 serveurmail dovecot: pop3(narindra.cal@monServeur.com): Disconnected: Logged out top=0/0, retr=0/0, del=0/423, size=347984718
Sep 21 15:07:24 serveurmail dovecot: pop3-login: Login: user=, method=PLAIN, rip=200.0.20.16, lip=200.0.0.238, mpid=8622, TLS, session=
Sep 21 15:07:24 serveurmail dovecot: pop3(narindra.cal@monServeur.com): Disconnected: Logged out top=0/0, retr=0/0, del=0/423, size=347984718
Sep 21 15:07:24 serveurmail dovecot: pop3-login: Login: user=, method=PLAIN, rip=200.0.20.16, lip=200.0.0.238, mpid=8624, TLS, session=
Sep 21 15:07:24 serveurmail dovecot: pop3(narindra.cal@monServeur.com): Disconnected: Logged out top=0/0, retr=0/0, del=0/423, size=347984718
Sep 21 15:07:24 serveurmail dovecot: pop3-login: Login: user=, method=PLAIN, rip=200.0.20.16, lip=200.0.0.238, mpid=8626, TLS, session=
Sep 21 15:07:24 serveurmail dovecot: pop3(narindra.cal@monServeur.com): Disconnected: Logged out top=0/0, retr=0/0, del=0/423, size=347984718
Sep 21 15:07:25 serveurmail dovecot: pop3-login: Login: user=, method=PLAIN, rip=200.0.20.16, lip=200.0.0.238, mpid=8631, TLS, session=
Sep 21 15:07:25 serveurmail postfix/smtpd[8047]: 72B01600EA: client=mail-eopbgr70132.outbound.protection.outlook.com[40.107.7.132]
Sep 21 15:07:25 serveurmail dovecot: pop3(narindra.cal@monServeur.com): Disconnected: Logged out top=0/0, retr=0/0, del=0/423, size=347984718
Sep 21 15:07:25 serveurmail dovecot: pop3-login: Login: user=, method=PLAIN, rip=200.0.20.16, lip=200.0.0.238, mpid=8634, TLS, session=
Sep 21 15:07:26 serveurmail dovecot: pop3(narindra.cal@monServeur.com): Disconnected: Logged out top=0/0, retr=0/0, del=0/423, size=347984718
Sep 21 15:07:26 serveurmail dovecot: pop3-login: Login: user=, method=PLAIN, rip=200.0.20.16, lip=200.0.0.238, mpid=8637, TLS, session=
Sep 21 15:07:26 serveurmail dovecot: pop3(narindra.cal@monServeur.com): Disconnected: Logged out top=0/0, retr=0/0, del=0/423, size=347984718
Sep 21 15:07:26 serveurmail dovecot: pop3-login: Login: user=, method=PLAIN, rip=200.0.0.122, lip=200.0.0.238, mpid=8639, TLS, session=
Sep 21 15:07:26 serveurmail dovecot: pop3(jeannot.formation@monServeur.com): Disconnected: Logged out top=0/0, retr=0/0, del=0/292, size=110853800
Sep 21 15:07:26 serveurmail dovecot: pop3-login: Login: user=, method=PLAIN, rip=200.0.20.16, lip=200.0.0.238, mpid=8640, TLS, session=
Sep 21 15:07:26 serveurmail postfix/smtp[8330]: BB9A7600E4: to=, relay=smtp.orange.mg[80.12.203.178]:25, delay=24, delays=0.82/0/4.6/18, dsn=2.0.0, status=sent (250 2.0.0 eC771y0013b2B4903C78ap mail accepted for delivery)
Sep 21 15:07:26 serveurmail postfix/qmgr[7989]: BB9A7600E4: removed
Sep 21 15:07:26 serveurmail dovecot: pop3(narindra.cal@monServeur.com): Disconnected: Logged out top=0/0, retr=0/0, del=0/423, size=347984718
Sep 21 15:07:27 serveurmail dovecot: pop3-login: Login: user=, method=PLAIN, rip=200.0.0.45, lip=200.0.0.238, mpid=8642, TLS, session=
Sep 21 15:07:27 serveurmail dovecot: pop3(fara.amg@monServeur.com): Disconnected: Logged out top=0/0, retr=0/0, del=0/0, size=0
Sep 21 15:07:29 serveurmail postfix/postscreen[8011]: CONNECT from [41.204.120.174]:38400 to [200.0.0.238]:25
Sep 21 15:07:29 serveurmail postfix/postscreen[8011]: PASS OLD [41.204.120.174]:38400
Sep 21 15:07:30 serveurmail postfix/smtpd[8155]: connect from mx2.malagasy.com[41.204.120.174]
Sep 21 15:07:31 serveurmail postfix/smtpd[8155]: B670E600E4: client=mx2.malagasy.com[41.204.120.174]
Sep 21 15:07:32 serveurmail postfix/postscreen[8011]: CONNECT from [41.204.120.174]:38404 to [200.0.0.238]:25
Sep 21 15:07:32 serveurmail postfix/postscreen[8011]: PASS OLD [41.204.120.174]:38404
Sep 21 15:07:33 serveurmail postfix/smtpd[8062]: connect from mx2.malagasy.com[41.204.120.174]
Sep 21 15:07:34 serveurmail postfix/smtpd[8062]: CF420600EB: client=mx2.malagasy.com[41.204.120.174]
Sep 21 15:07:35 serveurmail postfix/cleanup[8133]: 72B01600EA: message-id=
Sep 21 15:07:35 serveurmail postfix/cleanup[8644]: CF420600EB: message-id=<00bd01d451a2$f4bb62a0$de3227e0$@monServeur2.com>
Sep 21 15:07:36 serveurmail postfix/qmgr[7989]: CF420600EB: from=, size=5157, nrcpt=1 (queue active)
Sep 21 15:07:36 serveurmail postfix/smtpd[8062]: disconnect from mx2.malagasy.com[41.204.120.174]
Sep 21 15:07:39 serveurmail postfix/cleanup[8643]: B670E600E4: message-id=<00bd01d451a2$f4bb62a0$de3227e0$@monServeur2.com>
Sep 21 15:07:40 serveurmail postfix/qmgr[7989]: B670E600E4: from=, size=5157, nrcpt=1 (queue active)
Sep 21 15:07:40 serveurmail postfix/smtpd[8155]: disconnect from mx2.malagasy.com[41.204.120.174]
Sep 21 15:07:40 serveurmail postfix/postscreen[8011]: CONNECT from [41.204.120.174]:38412 to [200.0.0.238]:25
Sep 21 15:07:40 serveurmail postfix/postscreen[8011]: PASS OLD [41.204.120.174]:38412
Sep 21 15:07:42 serveurmail dovecot: pop3-login: Login: user=, method=PLAIN, rip=200.0.0.30, lip=200.0.0.238, mpid=8647, TLS, session=<7cCZfGB2dADIAAAe>
Sep 21 15:07:43 serveurmail amavis[6685]: (06685-03-5) DSPAM result: Whitelisted, score=-0.390, sig=5ba4df0e13421853817383
Sep 21 15:07:43 serveurmail amavis[6685]: (06685-03-5) spam-tag, -> ,,, No, score=-1.389 tagged_above=-9999.9 required=4.3 tests=[ALL_TRUSTED=-1, HTML_MESSAGE=0.001, DSPAM.Whitelisted=-0.390] autolearn=no autolearn_force=no
Sep 21 15:07:43 serveurmail postfix/trivial-rewrite[8134]: warning: do not list domain monServeur.com in BOTH mydestination and virtual_mailbox_domains
Sep 21 15:07:43 serveurmail postfix/trivial-rewrite[8134]: warning: do not list domain monServeur.com in BOTH mydestination and virtual_mailbox_domains
Sep 21 15:07:43 serveurmail postfix/smtpd[8113]: 4596E600EC: client=localhost[127.0.0.1]
Sep 21 15:07:43 serveurmail postfix/trivial-rewrite[8134]: warning: do not list domain monServeur.com in BOTH mydestination and virtual_mailbox_domains
Sep 21 15:07:43 serveurmail postfix/trivial-rewrite[8134]: warning: do not list domain monServeur.com in BOTH mydestination and virtual_mailbox_domains
Sep 21 15:07:43 serveurmail postfix/cleanup[8644]: 4596E600EC: message-id=<000001d451a2$8fff6be0$affe43a0$@monServeur.com>
Sep 21 15:07:43 serveurmail postfix/qmgr[7989]: 4596E600EC: from=, size=450936, nrcpt=3 (queue active)
Sep 21 15:07:43 serveurmail amavis[6685]: (06685-03-5) qjPrET4Vt2I4 FWD from -> ,,, BODY=7BIT 250 2.0.0 from MTA(smtp:[127.0.0.1]:10025): 250 2.0.0 Ok: queued as 4596E600EC
Sep 21 15:07:43 serveurmail postfix/trivial-rewrite[8134]: warning: do not list domain monServeur.com in BOTH mydestination and virtual_mailbox_domains
Sep 21 15:07:43 serveurmail postfix/trivial-rewrite[8134]: warning: do not list domain monServeur.com in BOTH mydestination and virtual_mailbox_domains
Sep 21 15:07:43 serveurmail postfix/trivial-rewrite[8134]: warning: do not list domain monServeur.com in BOTH mydestination and virtual_mailbox_domains
Sep 21 15:07:43 serveurmail amavis[6685]: (06685-03-5) Passed CLEAN {RelayedInbound}, [200.0.20.227]:49549 [200.0.20.227] -> ,,, Queue-ID: 4A468600C1, Message-ID: <000001d451a2$8fff6be0$affe43a0$@monServeur.com>, mail_id: qjPrET4Vt2I4, Hits: -1.389, size: 450159, pt: 38, queued_as: 4596E600EC, 39324 ms
Sep 21 15:07:43 serveurmail amavis[6685]: (06685-03-5) TIMING-SA total 9175 ms - parse: 12 (0.1%), extract_message_metadata: 143 (1.6%), get_uri_detail_list: 23 (0.3%), tests_pri_-1000: 2.2 (0.0%), tests_pri_-950: 1.55 (0.0%), tests_pri_-900: 1.03 (0.0%), tests_pri_-400: 0.90 (0.0%), tests_pri_0: 9001 (98.1%), check_spf: 0.23 (0.0%), check_dkim_adsp: 1391 (15.2%), check_razor2: 5001 (54.5%), check_pyzor: 1519 (16.6%), tests_pri_500: 4.2 (0.0%), get_report: 0.28 (0.0%)
Sep 21 15:07:43 serveurmail postfix/smtp[8076]: 4A468600C1: to=, relay=127.0.0.1[127.0.0.1]:10024, conn_use=5, delay=122, delays=0.54/82/0/40, dsn=2.0.0, status=sent (250 2.0.0 from MTA(smtp:[127.0.0.1]:10025): 250 2.0.0 Ok: queued as 4596E600EC)
Sep 21 15:07:43 serveurmail postfix/smtp[8076]: 4A468600C1: to=, relay=127.0.0.1[127.0.0.1]:10024, conn_use=5, delay=122, delays=0.54/82/0/40, dsn=2.0.0, status=sent (250 2.0.0 from MTA(smtp:[127.0.0.1]:10025): 250 2.0.0 Ok: queued as 4596E600EC)
Sep 21 15:07:43 serveurmail postfix/smtp[8076]: 4A468600C1: to=, relay=127.0.0.1[127.0.0.1]:10024, conn_use=5, delay=122, delays=0.54/82/0/40, dsn=2.0.0, status=sent (250 2.0.0 from MTA(smtp:[127.0.0.1]:10025): 250 2.0.0 Ok: queued as 4596E600EC)
Sep 21 15:07:43 serveurmail postfix/qmgr[7989]: 4A468600C1: removed
Sep 21 15:07:43 serveurmail amavis[6685]: (06685-03-5) size: 450159, TIMING [total 39535 ms] - lookup_sql: 1.7 (0%)0, lookup_sql: 1.2 (0%)0, lookup_sql: 0.8 (0%)0, SMTP pre-DATA-flush: 0.7 (0%)0, SMTP DATA: 39 (0%)0, check_init: 0.3 (0%)0, digest_hdr: 1.0 (0%)0, digest_body_dkim: 2.6 (0%)0, collect_info: 1.8 (0%)0, gen_mail_id: 398 (1%)1, redis_ip_repu: 0.6 (0%)1, mime_decode: 45 (0%)1, get-file-type8: 22 (0%)1, decompose_part: 1.9 (0%)1, parts_decode: 0.2 (0%)1, check_header: 0.6 (0%)1, AV-scan-1: 409 (1%)2, spam-wb-list: 0.8 (0%)2, SA parse: 12 (0%)2, SA check: 9162 (23%)26, DSPAM: 29074 (74%)99, decide_mail_destiny: 1.7 (0%)99, notif-quar: 0.4 (0%)99, fwd-connect: 3.7 (0%)99, fwd-mail-pip: 6 (0%)99, fwd-rcpt-pip: 0.3 (0%)99, fwd-data-chkpnt: 0.0 (0%)99, write-header: 0.5 (0%)99, fwd-data-contents: 6 (0%)99, fwd-end-chkpnt: 126 (0%)99, prepare-dsn: 0.5 (0%)99, report: 1.3 (0%)99, main_log_entry: 4.1 (0%)99, redis-update: 7 (0%)99, sql-update: 198 (0%)100, update_snmp: 2.3 (0%)100, SMTP pre-response: 0....
Sep 21 15:07:43 serveurmail amavis[6685]: (06685-03-5) ...3 (0%)100, SMTP response: 0.2 (0%)100, unlink-9-files: 0.7 (0%)100, rundown: 1.0 (0%)100
Sep 21 15:07:43 serveurmail amavis[6685]: (06685-03-6) ESMTP [127.0.0.1]:10024 /var/amavis/tmp/amavis-20180921T145134-06685-iBqk7ItG: -> SIZE=3999396 Received: from monServeur.com ([127.0.0.1]) by localhost (monServeur.com [127.0.0.1]) (amavisd-new, port 10024) with ESMTP for ; Fri, 21 Sep 2018 15:07:43 +0300 (EAT)
Sep 21 15:07:44 serveurmail amavis[6685]: (06685-03-6) Checking: 3OqtaT8PZCO0 MYNETS [200.0.0.230] ->
Sep 21 15:07:44 serveurmail amavis[6685]: (06685-03-6) p007 1 Content-Type: multipart/mixed
Sep 21 15:07:44 serveurmail amavis[6685]: (06685-03-6) p008 1/1 Content-Type: multipart/alternative
Sep 21 15:07:44 serveurmail amavis[6685]: (06685-03-6) p001 1/1/1 Content-Type: text/plain, size: 63 B, name:
Sep 21 15:07:44 serveurmail amavis[6685]: (06685-03-6) p002 1/1/2 Content-Type: text/html, size: 2281 B, name:
Sep 21 15:07:44 serveurmail amavis[6685]: (06685-03-6) p003 1/2 Content-Type: application/vnd.openxmlformats-officedocument.spreadsheetml.sheet, size: 19643 B, name: BILAN DE CHARGES DES GROUPES ELECTROGENES.xlsx
Sep 21 15:07:44 serveurmail amavis[6685]: (06685-03-6) p004 1/3 Content-Type: application/vnd.openxmlformats-officedocument.spreadsheetml.sheet, size: 12285 B, name: caractéristiques des cellules MT et TRANSFO.xlsx
Sep 21 15:07:44 serveurmail amavis[6685]: (06685-03-6) p005 1/4 Content-Type: application/vnd.ms-excel, size: 2864640 B, name: CELLULES _BT COTONA A JOUR.xls
Sep 21 15:07:44 serveurmail amavis[6685]: (06685-03-6) p006 1/5 Content-Type: application/vnd.openxmlformats-officedocument.spreadsheetml.sheet, size: 22311 B, name: DETAILS TECHNIQUES DES GROUPES ELECTROGENES.xlsx
Sep 21 15:07:44 serveurmail dovecot: lda(viviane.tisma@monServeur.com): copy from stdin: box=INBOX, uid=4065, msgid=<000001d451a2$8fff6be0$affe43a0$@monServeur.com>, size=443545
Sep 21 15:07:44 serveurmail dovecot: lda(aina.cal@monServeur.com): copy from stdin: box=INBOX, uid=5113, msgid=<000001d451a2$8fff6be0$affe43a0$@monServeur.com>, size=443540
Sep 21 15:07:44 serveurmail dovecot: lda(aina.cal@monServeur.com): sieve: msgid=<000001d451a2$8fff6be0$affe43a0$@monServeur.com>: stored mail into mailbox 'INBOX'
Sep 21 15:07:44 serveurmail postfix/pipe[8299]: 4596E600EC: to=, relay=dovecot, delay=1.4, delays=0.14/0.01/0/1.2, dsn=2.0.0, status=sent (delivered via dovecot service)
Sep 21 15:07:44 serveurmail dovecot: lda(viviane.tisma@monServeur.com): sieve: msgid=<000001d451a2$8fff6be0$affe43a0$@monServeur.com>: stored mail into mailbox 'INBOX'
Sep 21 15:07:44 serveurmail postfix/pipe[8300]: 4596E600EC: to=, relay=dovecot, delay=1.4, delays=0.14/0/0/1.3, dsn=2.0.0, status=sent (delivered via dovecot service)
Sep 21 15:07:44 serveurmail dovecot: lda(boana.agt@monServeur.com): copy from stdin: box=INBOX, uid=339, msgid=<000001d451a2$8fff6be0$affe43a0$@monServeur.com>, size=443541
Sep 21 15:07:44 serveurmail dovecot: lda(boana.agt@monServeur.com): sieve: msgid=<000001d451a2$8fff6be0$affe43a0$@monServeur.com>: stored mail into mailbox 'INBOX'
Sep 21 15:07:44 serveurmail postfix/pipe[8115]: 4596E600EC: to=, relay=dovecot, delay=1.6, delays=0.14/0/0/1.5, dsn=2.0.0, status=sent (delivered via dovecot service)
Sep 21 15:07:44 serveurmail postfix/qmgr[7989]: 4596E600EC: removed
Sep 21 15:07:45 serveurmail amavis[6685]: (06685-03-6) truncating a message passed to SA at 819964 bytes, orig 3999396
Sep 21 15:07:47 serveurmail postfix/smtpd[8158]: connect from mx2.malagasy.com[41.204.120.174]
Sep 21 15:07:49 serveurmail postfix/smtpd[8158]: 0D48A600C1: client=mx2.malagasy.com[41.204.120.174]
Sep 21 15:07:51 serveurmail dovecot: pop3-login: Login: user=, method=PLAIN, rip=200.0.23.6, lip=200.0.0.238, mpid=8667, TLS, session=
Sep 21 15:07:51 serveurmail dovecot: pop3(voahangy.teinturefil@monServeur.com): Disconnected: Logged out top=0/0, retr=0/0, del=0/14, size=3123870
Sep 21 15:07:51 serveurmail postfix/cleanup[8643]: 0D48A600C1: message-id=<019c01d451b3$15fc9e60$41f5db20$@dev@auximad.mg>
Sep 21 15:07:52 serveurmail dovecot: pop3-login: Login: user=, method=PLAIN, rip=200.0.80.100, lip=200.0.0.238, mpid=8671, TLS, session=
Sep 21 15:07:52 serveurmail dovecot: pop3(sylvestre.cte@monServeur.com): Disconnected: Logged out top=0/0, retr=0/0, del=0/0, size=0
Sep 21 15:07:53 serveurmail postfix/qmgr[7989]: DB070600BE: from=, size=88403, nrcpt=3 (queue active)
Sep 21 15:07:54 serveurmail dovecot: pop3-login: Login: user=, method=PLAIN, rip=41.74.23.210, lip=200.0.0.238, mpid=8672, TLS, session=<8GhFfWB25gApShfS>
Sep 21 15:07:54 serveurmail dovecot: pop3-login: Login: user=, method=PLAIN, rip=200.0.1.241, lip=200.0.0.238, mpid=8674, TLS, session=<0sdHfWB2UADIAAHx>
Sep 21 15:07:54 serveurmail dovecot: pop3(philibert.cal@monServeur.com): Disconnected: Logged out top=0/0, retr=0/0, del=0/136, size=87266044
Sep 21 15:07:54 serveurmail postfix/smtpd[8039]: disconnect from mail-eopbgr70105.outbound.protection.outlook.com[40.107.7.105]
Sep 21 15:07:54 serveurmail postfix/postscreen[8011]: CONNECT from [41.204.120.174]:38418 to [200.0.0.238]:25
Sep 21 15:07:54 serveurmail postfix/postscreen[8011]: PASS OLD [41.204.120.174]:38418
Sep 21 15:07:55 serveurmail postfix/qmgr[7989]: 72B01600EA: from=, size=88440, nrcpt=1 (queue active)
Sep 21 15:07:56 serveurmail postfix/smtpd[8047]: disconnect from mail-eopbgr70132.outbound.protection.outlook.com[40.107.7.132]
Sep 21 15:07:57 serveurmail dovecot: pop3(vero.respcte@monServeur2.com): Disconnected: Logged out top=0/0, retr=0/0, del=0/70, size=50746440
Sep 21 15:07:57 serveurmail dovecot: pop3-login: Login: user=, method=PLAIN, rip=41.63.137.50, lip=200.0.0.238, mpid=8677, TLS, session=
Sep 21 15:07:58 serveurmail dovecot: pop3-login: Login: user=, method=PLAIN, rip=200.0.0.30, lip=200.0.0.238, mpid=8678, TLS, session=
Sep 21 15:07:58 serveurmail dovecot: pop3(vero.respcte@monServeur1.com): Disconnected: Logged out top=0/0, retr=0/0, del=0/40, size=2225708
Sep 21 15:07:59 serveurmail dovecot: pop3(mirana.cte@monServeur1.com): Disconnected: Logged out top=0/0, retr=1/437914, del=0/6, size=3306181
Sep 21 15:07:59 serveurmail dovecot: pop3-login: Login: user=, method=PLAIN, rip=200.0.0.234, lip=200.0.0.238, mpid=8682, TLS, session=
Sep 21 15:07:59 serveurmail dovecot: pop3-login: Login: user=, method=PLAIN, rip=200.0.0.30, lip=200.0.0.238, mpid=8683, TLS, session=
Sep 21 15:07:59 serveurmail dovecot: pop3(arasoanaivo@monServeur.com): Disconnected: Logged out top=0/0, retr=0/0, del=0/328, size=194226029
Sep 21 15:07:59 serveurmail dovecot: pop3(claire.mpf@monServeur.com): Disconnected: Logged out top=0/0, retr=0/0, del=0/282, size=44060025
Sep 21 15:08:00 serveurmail dovecot: pop3-login: Login: user=, method=PLAIN, rip=200.0.0.56, lip=200.0.0.238, mpid=8684, TLS, session=
Sep 21 15:08:00 serveurmail dovecot: pop3(zakamia.cte@monServeur.com): Disconnected: Logged out top=0/0, retr=0/0, del=0/46, size=25479843
Sep 21 15:08:00 serveurmail postfix/smtpd[8155]: connect from mx2.malagasy.com[41.204.120.174]
Sep 21 15:08:02 serveurmail dovecot: pop3-login: Login: user=, method=PLAIN, rip=200.0.0.30, lip=200.0.0.238, mpid=8686, TLS, session=
Sep 21 15:08:02 serveurmail dovecot: pop3(jenny.assdir@monServeur1.com): Disconnected: Logged out top=0/0, retr=0/0, del=0/94, size=22727448
Sep 21 15:08:02 serveurmail postfix/trivial-rewrite[8069]: warning: do not list domain monServeur.com in BOTH mydestination and virtual_mailbox_domains
Sep 21 15:08:02 serveurmail postfix/smtpd[8155]: EA684600EC: client=mx2.malagasy.com[41.204.120.174]
Sep 21 15:08:03 serveurmail postfix/cleanup[8644]: EA684600EC: message-id=
Sep 21 15:08:03 serveurmail amavis[6165]: (06165-04-4) DSPAM result: Whitelisted, score=-0.390, sig=5ba4df2213423222017261
Sep 21 15:08:03 serveurmail amavis[6165]: (06165-04-4) spam-tag, -> ,,,,,,, No, score=0.236 tagged_above=-9999.9 required=4.3 tests=[ALL_TRUSTED=-1, HTML_MESSAGE=0.001, SUBJ_ALL_CAPS=1.625, DSPAM.Whitelisted=-0.390] autolearn=no autolearn_force=no
Sep 21 15:08:03 serveurmail amavis[6165]: (06165-04-4) dkim: candidate originators: From:
Sep 21 15:08:03 serveurmail amavis[6165]: (06165-04-4) dkim: not signing, empty signing domain, From:
Sep 21 15:08:03 serveurmail postfix/trivial-rewrite[8134]: warning: do not list domain monServeur.com in BOTH mydestination and virtual_mailbox_domains
Sep 21 15:08:03 serveurmail postfix/smtpd[8114]: D6EDD600ED: client=localhost[127.0.0.1]
Sep 21 15:08:03 serveurmail postfix/trivial-rewrite[8134]: warning: do not list domain monServeur.com in BOTH mydestination and virtual_mailbox_domains
Sep 21 15:08:03 serveurmail postfix/trivial-rewrite[8134]: warning: do not list domain monServeur.com in BOTH mydestination and virtual_mailbox_domains
Sep 21 15:08:03 serveurmail postfix/trivial-rewrite[8134]: warning: do not list domain monServeur.com in BOTH mydestination and virtual_mailbox_domains
Sep 21 15:08:03 serveurmail postfix/trivial-rewrite[8134]: warning: do not list domain monServeur.com in BOTH mydestination and virtual_mailbox_domains
Sep 21 15:08:03 serveurmail postfix/trivial-rewrite[8134]: warning: do not list domain monServeur.com in BOTH mydestination and virtual_mailbox_domains
Sep 21 15:08:03 serveurmail postfix/cleanup[8133]: D6EDD600ED: message-id=<001001d451a4$3f934710$beb9d530$@monServeur.com>
Sep 21 15:08:04 serveurmail amavis[6165]: (06165-04-4) 8r3YzYFkPvwx FWD from -> ,,,,,,, BODY=7BIT 250 2.0.0 from MTA(smtp:[127.0.0.1]:10025): 250 2.0.0 Ok: queued as D6EDD600ED
Sep 21 15:08:04 serveurmail amavis[6165]: (06165-04-4) dkim: candidate originators: From:
Sep 21 15:08:04 serveurmail amavis[6165]: (06165-04-4) dkim: not signing, empty signing domain, From:
Sep 21 15:08:04 serveurmail postfix/qmgr[7989]: D6EDD600ED: from=, size=716642, nrcpt=7 (queue active)
Sep 21 15:08:04 serveurmail postfix/trivial-rewrite[8069]: warning: do not list domain monServeur.com in BOTH mydestination and virtual_mailbox_domains
Sep 21 15:08:04 serveurmail postfix/trivial-rewrite[8069]: warning: do not list domain monServeur.com in BOTH mydestination and virtual_mailbox_domains
Sep 21 15:08:04 serveurmail postfix/trivial-rewrite[8069]: warning: do not list domain monServeur.com in BOTH mydestination and virtual_mailbox_domains
Sep 21 15:08:04 serveurmail postfix/trivial-rewrite[8069]: warning: do not list domain monServeur.com in BOTH mydestination and virtual_mailbox_domains
Sep 21 15:08:04 serveurmail postfix/trivial-rewrite[8069]: warning: do not list domain monServeur.com in BOTH mydestination and virtual_mailbox_domains
Sep 21 15:08:04 serveurmail postfix/trivial-rewrite[8069]: warning: do not list domain monServeur.com in BOTH mydestination and virtual_mailbox_domains
Sep 21 15:08:04 serveurmail postfix/pipe[8687]: D6EDD600ED: to=, relay=vacation, delay=0.98, delays=0.41/0.02/0/0.55, dsn=2.0.0, status=sent (delivered via vacation service)
Sep 21 15:08:04 serveurmail postfix/smtpd[8114]: E9614600EE: client=localhost[127.0.0.1]
Sep 21 15:08:05 serveurmail dovecot: lda(mlouvel@monServeur.com): copy from stdin: box=INBOX, uid=2653, msgid=<001001d451a4$3f934710$beb9d530$@monServeur.com>, size=707273
Sep 21 15:08:05 serveurmail dovecot: lda(philibert.cal@monServeur.com): copy from stdin: box=INBOX, uid=2881, msgid=<001001d451a4$3f934710$beb9d530$@monServeur.com>, size=707279
Sep 21 15:08:05 serveurmail dovecot: lda(jeanne.info@monServeur.com): copy from stdin: box=INBOX, uid=2536, msgid=<001001d451a4$3f934710$beb9d530$@monServeur.com>, size=707277
Sep 21 15:08:05 serveurmail dovecot: lda(nestor.produits@monServeur.com): copy from stdin: box=INBOX, uid=798, msgid=<001001d451a4$3f934710$beb9d530$@monServeur.com>, size=707281
Sep 21 15:08:05 serveurmail dovecot: lda(senthilkumar@monServeur.com): copy from stdin: box=INBOX, uid=1608, msgid=<001001d451a4$3f934710$beb9d530$@monServeur.com>, size=707278
Sep 21 15:08:05 serveurmail dovecot: lda(mlouvel@monServeur.com): sieve: msgid=<001001d451a4$3f934710$beb9d530$@monServeur.com>: stored mail into mailbox 'INBOX'
Sep 21 15:08:05 serveurmail dovecot: lda(philibert.cal@monServeur.com): sieve: msgid=<001001d451a4$3f934710$beb9d530$@monServeur.com>: stored mail into mailbox 'INBOX'
Sep 21 15:08:05 serveurmail postfix/pipe[8118]: D6EDD600ED: to=, relay=dovecot, delay=1.9, delays=0.41/0.01/0/1.4, dsn=2.0.0, status=sent (delivered via dovecot service)
Sep 21 15:08:05 serveurmail postfix/pipe[8302]: D6EDD600ED: to=, relay=dovecot, delay=1.9, delays=0.41/0.01/0/1.4, dsn=2.0.0, status=sent (delivered via dovecot service)
Sep 21 15:08:05 serveurmail dovecot: lda(senthilkumar@monServeur.com): sieve: msgid=<001001d451a4$3f934710$beb9d530$@monServeur.com>: stored mail into mailbox 'INBOX'
Sep 21 15:08:05 serveurmail dovecot: lda(nestor.produits@monServeur.com): sieve: msgid=<001001d451a4$3f934710$beb9d530$@monServeur.com>: stored mail into mailbox 'INBOX'
Sep 21 15:08:05 serveurmail postfix/pipe[8115]: D6EDD600ED: to=, relay=dovecot, delay=1.9, delays=0.41/0.01/0/1.4, dsn=2.0.0, status=sent (delivered via dovecot service)
Sep 21 15:08:05 serveurmail postfix/pipe[8295]: D6EDD600ED: to=, relay=dovecot, delay=1.9, delays=0.41/0.01/0/1.4, dsn=2.0.0, status=sent (delivered via dovecot service)
Sep 21 15:08:05 serveurmail dovecot: lda(jeanne.info@monServeur.com): sieve: msgid=<001001d451a4$3f934710$beb9d530$@monServeur.com>: stored mail into mailbox 'INBOX'
Sep 21 15:08:05 serveurmail postfix/pipe[8116]: D6EDD600ED: to=, relay=dovecot, delay=1.9, delays=0.41/0.01/0/1.4, dsn=2.0.0, status=sent (delivered via dovecot service)
Sep 21 15:08:05 serveurmail dovecot: lda(rachel.produits@monServeur.com): copy from stdin: box=INBOX, uid=2165, msgid=<001001d451a4$3f934710$beb9d530$@monServeur.com>, size=707281
Sep 21 15:08:05 serveurmail dovecot: lda(rachel.produits@monServeur.com): sieve: msgid=<001001d451a4$3f934710$beb9d530$@monServeur.com>: stored mail into mailbox 'INBOX'
Sep 21 15:08:05 serveurmail postfix/pipe[8299]: D6EDD600ED: to=, relay=dovecot, delay=1.9, delays=0.41/0.01/0/1.5, dsn=2.0.0, status=sent (delivered via dovecot service)
Sep 21 15:08:05 serveurmail postfix/qmgr[7989]: D6EDD600ED: removed
Sep 21 15:08:05 serveurmail dovecot: pop3-login: Login: user=, method=PLAIN, rip=200.0.20.24, lip=200.0.0.238, mpid=8700, TLS, session=
Sep 21 15:08:06 serveurmail dovecot: pop3(sandratra.cal@monServeur.com): Disconnected: Logged out top=0/0, retr=0/0, del=0/0, size=0
Sep 21 15:08:06 serveurmail postfix/cleanup[8138]: E9614600EE: message-id=<001001d451a4$3f934710$beb9d530$@monServeur.com>
Sep 21 15:08:06 serveurmail postfix/qmgr[7989]: E9614600EE: from=, size=716325, nrcpt=3 (queue active)
Sep 21 15:08:06 serveurmail amavis[6165]: (06165-04-4) 8r3YzYFkPvwx FWD from -> ,,, BODY=7BIT 250 2.0.0 from MTA(smtp:[127.0.0.1]:10025): 250 2.0.0 Ok: queued as E9614600EE
Sep 21 15:08:06 serveurmail amavis[6165]: (06165-04-4) Passed CLEAN {RelayedInternal,RelayedOutbound}, MYNETS LOCAL [200.0.0.53]:50528 [200.0.0.53] -> ,,,,,,,,,, Queue-ID: D2B63600BC, Message-ID: <001001d451a4$3f934710$beb9d530$@monServeur.com>, mail_id: 8r3YzYFkPvwx, Hits: 0.236, size: 715949, pt: 38, queued_as: D6EDD600ED/E9614600EE, 68599 ms
