Sep 21 15:05:37 serveurmail postfix/smtpd[8039]: Anonymous TLS connection established from unknown[200.0.0.30]: TLSv1.2 with cipher ECDHE-RSA-AES256-SHA384 (256/256 bits)
Sep 21 15:05:37 serveurmail postfix/smtpd[8039]: 1DE80600BD: client=unknown[200.0.0.30]
Sep 21 15:05:37 serveurmail postfix/smtpd[8058]: connect from unknown[200.0.80.100]
Sep 21 15:05:37 serveurmail postfix/smtpd[8058]: lost connection after CONNECT from unknown[200.0.80.100]
Sep 21 15:05:37 serveurmail postfix/smtpd[8058]: disconnect from unknown[200.0.80.100]
Sep 21 15:05:37 serveurmail postfix/smtpd[8012]: connect from unknown[200.0.0.254]
Sep 21 15:05:37 serveurmail postfix/smtpd[8012]: lost connection after CONNECT from unknown[200.0.0.254]
Sep 21 15:05:37 serveurmail postfix/smtpd[8012]: disconnect from unknown[200.0.0.254]
Sep 21 15:05:37 serveurmail postfix/cleanup[8085]: 1DE80600BD: message-id=<000001d451a3$6b586020$42092060$@monServeur1.com>
Sep 21 15:05:37 serveurmail postfix/postscreen[8011]: CONNECT from [200.0.0.230]:49467 to [200.0.0.238]:25
Sep 21 15:05:37 serveurmail postfix/postscreen[8011]: WHITELISTED [200.0.0.230]:49467
Sep 21 15:05:37 serveurmail postfix/trivial-rewrite[8069]: warning: do not list domain monServeur.com in BOTH mydestination and virtual_mailbox_domains
Sep 21 15:05:37 serveurmail postfix/smtpd[8043]: disconnect from unknown[200.0.80.3]
Sep 21 15:05:37 serveurmail dovecot: pop3-login: Login: user=, method=PLAIN, rip=200.0.80.66, lip=200.0.0.238, mpid=8093, TLS, session=<2pAjdWB2aQDIAFBC>
Sep 21 15:05:37 serveurmail dovecot: pop3(nandrianina.be@monServeur.com): Disconnected: Logged out top=0/0, retr=0/0, del=0/10, size=3369893
Sep 21 15:05:37 serveurmail postfix/postscreen[8011]: CONNECT from [41.204.120.174]:38082 to [200.0.0.238]:25
Sep 21 15:05:37 serveurmail postfix/postscreen[8011]: PASS OLD [41.204.120.174]:38082
Sep 21 15:05:37 serveurmail postfix/qmgr[7989]: 1DE80600BD: from=, size=436946, nrcpt=1 (queue active)
Sep 21 15:05:37 serveurmail postfix/smtpd[8062]: connect from unknown[200.0.0.230]
Sep 21 15:05:37 serveurmail postfix/smtpd[8039]: ED018600BE: client=unknown[200.0.0.30]
Sep 21 15:05:37 serveurmail dovecot: pop3-login: Login: user=, method=PLAIN, rip=200.0.0.30, lip=200.0.0.238, mpid=8095, TLS, session=
Sep 21 15:05:38 serveurmail dovecot: pop3(arasoanaivo@monServeur.com): Disconnected: Logged out top=0/0, retr=0/0, del=0/328, size=194226029
Sep 21 15:05:38 serveurmail postfix/smtpd[8062]: Anonymous TLS connection established from unknown[200.0.0.230]: TLSv1 with cipher ECDHE-RSA-AES256-SHA (256/256 bits)
Sep 21 15:05:38 serveurmail postfix/trivial-rewrite[8069]: warning: do not list domain monServeur.com in BOTH mydestination and virtual_mailbox_domains
Sep 21 15:05:38 serveurmail postfix/trivial-rewrite[8069]: warning: do not list domain monServeur.com in BOTH mydestination and virtual_mailbox_domains
Sep 21 15:05:38 serveurmail postfix/smtpd[8062]: 0C283600BF: client=unknown[200.0.0.230]
Sep 21 15:05:38 serveurmail postfix/trivial-rewrite[8069]: warning: do not list domain monServeur.com in BOTH mydestination and virtual_mailbox_domains
Sep 21 15:05:38 serveurmail postfix/trivial-rewrite[8069]: warning: do not list domain monServeur.com in BOTH mydestination and virtual_mailbox_domains
Sep 21 15:05:38 serveurmail postfix/trivial-rewrite[8069]: warning: do not list domain monServeur.com in BOTH mydestination and virtual_mailbox_domains
Sep 21 15:05:38 serveurmail postfix/trivial-rewrite[8069]: warning: do not list domain monServeur.com in BOTH mydestination and virtual_mailbox_domains
Sep 21 15:05:38 serveurmail postfix/cleanup[8085]: ED018600BE: message-id=<000601d451a3$6be250a0$43a6f1e0$@monServeur1.com>
Sep 21 15:05:38 serveurmail postfix/cleanup[8096]: 0C283600BF: message-id=<000401d451a4$fb0a4e30$f11eea90$@monServeur.com>
Sep 21 15:05:38 serveurmail dovecot: pop3-login: Login: user=, method=PLAIN, rip=200.0.80.66, lip=200.0.0.238, mpid=8099, TLS, session=
Sep 21 15:05:38 serveurmail dovecot: pop3(nandrianina.be@monServeur.com): Disconnected: Logged out top=0/0, retr=0/0, del=0/10, size=3369893
Sep 21 15:05:38 serveurmail postfix/postscreen[8011]: CONNECT from [209.85.221.54]:37048 to [200.0.0.238]:25
Sep 21 15:05:38 serveurmail postfix/cleanup[8072]: D2B63600BC: message-id=<001001d451a4$3f934710$beb9d530$@monServeur.com>
Sep 21 15:05:38 serveurmail postfix/qmgr[7989]: ED018600BE: from=, size=436985, nrcpt=2 (queue active)
Sep 21 15:05:38 serveurmail postfix/qmgr[7989]: D2B63600BC: from=, size=715950, nrcpt=10 (queue active)
Sep 21 15:05:39 serveurmail postfix/smtpd[8026]: disconnect from unknown[200.0.0.45]
Sep 21 15:05:39 serveurmail dovecot: pop3-login: Login: user=, method=PLAIN, rip=200.0.80.66, lip=200.0.0.238, mpid=8101, TLS, session=
Sep 21 15:05:39 serveurmail dovecot: pop3(nandrianina.be@monServeur.com): Disconnected: Logged out top=0/0, retr=0/0, del=0/10, size=3369893
Sep 21 15:05:39 serveurmail postfix/smtpd[8055]: connect from mx2.malagasy.com[41.204.120.174]
Sep 21 15:05:39 serveurmail postfix/smtpd[8035]: disconnect from unknown[200.0.80.49]
Sep 21 15:05:39 serveurmail postfix/smtpd[8051]: disconnect from unknown[200.0.0.56]
Sep 21 15:05:39 serveurmail dovecot: pop3-login: Login: user=, method=PLAIN, rip=200.0.80.66, lip=200.0.0.238, mpid=8104, TLS, session=
Sep 21 15:05:39 serveurmail dovecot: pop3(nandrianina.be@monServeur.com): Disconnected: Logged out top=0/0, retr=0/0, del=0/10, size=3369893
Sep 21 15:05:40 serveurmail postfix/postscreen[8011]: CONNECT from [200.0.20.227]:49549 to [200.0.0.238]:25
Sep 21 15:05:40 serveurmail postfix/postscreen[8011]: WHITELISTED [200.0.20.227]:49549
Sep 21 15:05:41 serveurmail dovecot: pop3-login: Login: user=, method=PLAIN, rip=200.0.80.66, lip=200.0.0.238, mpid=8108, TLS, session=
Sep 21 15:05:41 serveurmail dovecot: pop3(nandrianina.be@monServeur.com): Disconnected: Logged out top=0/0, retr=0/0, del=0/10, size=3369893
Sep 21 15:05:41 serveurmail postfix/smtpd[8055]: 24588600C0: client=mx2.malagasy.com[41.204.120.174]
Sep 21 15:05:41 serveurmail postfix/postscreen[8011]: PASS OLD [209.85.221.54]:37048
Sep 21 15:05:41 serveurmail postfix/smtpd[8058]: connect from unknown[200.0.20.227]
Sep 21 15:05:41 serveurmail postfix/smtpd[8058]: Anonymous TLS connection established from unknown[200.0.20.227]: TLSv1 with cipher ECDHE-RSA-AES256-SHA (256/256 bits)
Sep 21 15:05:41 serveurmail postfix/trivial-rewrite[8069]: warning: do not list domain monServeur.com in BOTH mydestination and virtual_mailbox_domains
Sep 21 15:05:41 serveurmail postfix/trivial-rewrite[8069]: warning: do not list domain monServeur.com in BOTH mydestination and virtual_mailbox_domains
Sep 21 15:05:41 serveurmail postfix/smtpd[8058]: 4A468600C1: client=unknown[200.0.20.227]
Sep 21 15:05:41 serveurmail postfix/trivial-rewrite[8069]: warning: do not list domain monServeur.com in BOTH mydestination and virtual_mailbox_domains
Sep 21 15:05:41 serveurmail postfix/trivial-rewrite[8069]: warning: do not list domain monServeur.com in BOTH mydestination and virtual_mailbox_domains
Sep 21 15:05:41 serveurmail postfix/smtpd[8039]: disconnect from unknown[200.0.0.30]
Sep 21 15:05:41 serveurmail postfix/cleanup[8072]: 4A468600C1: message-id=<000001d451a2$8fff6be0$affe43a0$@monServeur.com>
Sep 21 15:05:41 serveurmail postfix/smtpd[8030]: Anonymous TLS connection established from 66-220-155-149.mail-mail.facebook.com[66.220.155.149]: TLSv1 with cipher ECDHE-RSA-AES128-SHA (128/128 bits)
Sep 21 15:05:41 serveurmail postfix/smtpd[8057]: disconnect from unknown[200.0.0.53]
Sep 21 15:05:41 serveurmail dovecot: pop3-login: Login: user=, method=PLAIN, rip=200.0.80.66, lip=200.0.0.238, mpid=8112, TLS, session=
Sep 21 15:05:41 serveurmail dovecot: pop3(nandrianina.be@monServeur.com): Disconnected: Logged out top=0/0, retr=0/0, del=0/10, size=3369893
Sep 21 15:05:41 serveurmail postfix/qmgr[7989]: 4A468600C1: from=, size=450159, nrcpt=3 (queue active)
Sep 21 15:05:42 serveurmail amavis[6165]: (06165-03) DSPAM result: Whitelisted, score=-0.390, sig=5ba4de9613424345322944
Sep 21 15:05:42 serveurmail amavis[6165]: (06165-03) spam-tag, -> ,,, No, score=-1.389 tagged_above=-9999.9 required=4.3 tests=[ALL_TRUSTED=-1, HTML_MESSAGE=0.001, DSPAM.Whitelisted=-0.390] autolearn=no autolearn_force=no
Sep 21 15:05:42 serveurmail postfix/smtpd[8113]: connect from localhost[127.0.0.1]
Sep 21 15:05:42 serveurmail postfix/trivial-rewrite[8069]: warning: do not list domain monServeur.com in BOTH mydestination and virtual_mailbox_domains
Sep 21 15:05:42 serveurmail postfix/trivial-rewrite[8069]: warning: do not list domain monServeur.com in BOTH mydestination and virtual_mailbox_domains
Sep 21 15:05:42 serveurmail postfix/smtpd[8113]: 6B001600C2: client=localhost[127.0.0.1]
Sep 21 15:05:42 serveurmail postfix/trivial-rewrite[8069]: warning: do not list domain monServeur.com in BOTH mydestination and virtual_mailbox_domains
Sep 21 15:05:42 serveurmail postfix/trivial-rewrite[8069]: warning: do not list domain monServeur.com in BOTH mydestination and virtual_mailbox_domains
Sep 21 15:05:42 serveurmail postfix/cleanup[8072]: 6B001600C2: message-id=<001001d451a4$644273b0$2cc75b10$@monServeur.com>
Sep 21 15:05:42 serveurmail postfix/qmgr[7989]: 6B001600C2: from=, size=7929, nrcpt=3 (queue active)
Sep 21 15:05:42 serveurmail amavis[6165]: (06165-03) rI0PfaUmvZcJ FWD from -> ,,, BODY=7BIT 250 2.0.0 from MTA(smtp:[127.0.0.1]:10025): 250 2.0.0 Ok: queued as 6B001600C2
Sep 21 15:05:42 serveurmail postfix/trivial-rewrite[8069]: warning: do not list domain monServeur.com in BOTH mydestination and virtual_mailbox_domains
Sep 21 15:05:42 serveurmail postfix/trivial-rewrite[8069]: warning: do not list domain monServeur.com in BOTH mydestination and virtual_mailbox_domains
Sep 21 15:05:42 serveurmail postfix/smtpd[8113]: disconnect from localhost[127.0.0.1]
Sep 21 15:05:42 serveurmail postfix/trivial-rewrite[8069]: warning: do not list domain monServeur.com in BOTH mydestination and virtual_mailbox_domains
Sep 21 15:05:42 serveurmail postfix/smtpd[8113]: connect from localhost[127.0.0.1]
Sep 21 15:05:42 serveurmail postfix/smtpd[8043]: connect from mail-wr1-f54.google.com[209.85.221.54]
Sep 21 15:05:43 serveurmail postfix/smtpd[8113]: 237B9600C4: client=localhost[127.0.0.1]
Sep 21 15:05:43 serveurmail dovecot: lda(senthilkumar@monServeur.com): copy from stdin: box=INBOX, uid=1607, msgid=<001001d451a4$644273b0$2cc75b10$@monServeur.com>, size=7800
Sep 21 15:05:43 serveurmail dovecot: lda(senthilkumar@monServeur.com): sieve: msgid=<001001d451a4$644273b0$2cc75b10$@monServeur.com>: stored mail into mailbox 'INBOX'
Sep 21 15:05:43 serveurmail postfix/pipe[8115]: 6B001600C2: to=, relay=dovecot, delay=0.97, delays=0.08/0.01/0/0.87, dsn=2.0.0, status=sent (delivered via dovecot service)
Sep 21 15:05:43 serveurmail dovecot: lda(thierry.produits@monServeur.com): copy from stdin: box=INBOX, uid=1292, msgid=<001001d451a4$644273b0$2cc75b10$@monServeur.com>, size=7804
Sep 21 15:05:43 serveurmail dovecot: lda(tsiry.produits@monServeur.com): copy from stdin: box=INBOX, uid=446, msgid=<001001d451a4$644273b0$2cc75b10$@monServeur.com>, size=7802
Sep 21 15:05:43 serveurmail dovecot: lda(thierry.produits@monServeur.com): sieve: msgid=<001001d451a4$644273b0$2cc75b10$@monServeur.com>: stored mail into mailbox 'INBOX'
Sep 21 15:05:43 serveurmail postfix/pipe[8116]: 6B001600C2: to=, relay=dovecot, delay=1.1, delays=0.08/0.01/0/1, dsn=2.0.0, status=sent (delivered via dovecot service)
Sep 21 15:05:43 serveurmail postfix/cleanup[8072]: 237B9600C4: message-id=<001001d451a4$644273b0$2cc75b10$@monServeur.com>
Sep 21 15:05:43 serveurmail dovecot: lda(tsiry.produits@monServeur.com): sieve: msgid=<001001d451a4$644273b0$2cc75b10$@monServeur.com>: stored mail into mailbox 'INBOX'
Sep 21 15:05:43 serveurmail postfix/pipe[8118]: 6B001600C2: to=, relay=dovecot, delay=1.1, delays=0.08/0.02/0/1, dsn=2.0.0, status=sent (delivered via dovecot service)
Sep 21 15:05:43 serveurmail postfix/qmgr[7989]: 6B001600C2: removed
Sep 21 15:05:43 serveurmail postfix/smtpd[8113]: disconnect from localhost[127.0.0.1]
Sep 21 15:05:43 serveurmail postfix/qmgr[7989]: 237B9600C4: from=, size=7631, nrcpt=2 (queue active)
Sep 21 15:05:43 serveurmail amavis[6165]: (06165-03) rI0PfaUmvZcJ FWD from -> ,, BODY=7BIT 250 2.0.0 from MTA(smtp:[127.0.0.1]:10025): 250 2.0.0 Ok: queued as 237B9600C4
Sep 21 15:05:43 serveurmail amavis[6165]: (06165-03) Passed CLEAN {RelayedInbound,RelayedOpenRelay}, [200.0.20.4]:52895 [200.0.20.4] -> ,,,,, Queue-ID: 11DF3600A7, Message-ID: <001001d451a4$644273b0$2cc75b10$@monServeur.com>, mail_id: rI0PfaUmvZcJ, Hits: -1.389, size: 7256, pt: 38, queued_as: 6B001600C2/237B9600C4, 11808 ms
Sep 21 15:05:43 serveurmail amavis[6165]: (06165-03) TIMING-SA total 8515 ms - parse: 1.47 (0.0%), extract_message_metadata: 12 (0.1%), get_uri_detail_list: 1.67 (0.0%), tests_pri_-1000: 2.4 (0.0%), tests_pri_-950: 1.15 (0.0%), tests_pri_-900: 0.94 (0.0%), tests_pri_-400: 0.77 (0.0%), tests_pri_0: 7683 (90.2%), check_spf: 0.29 (0.0%), check_dkim_adsp: 965 (11.3%), check_razor2: 5001 (58.7%), check_pyzor: 1640 (19.3%), tests_pri_500: 809 (9.5%), poll_dns_idle: 801 (9.4%), get_report: 0.32 (0.0%)
Sep 21 15:05:43 serveurmail postfix/smtp[8073]: 11DF3600A7: to=, relay=127.0.0.1[127.0.0.1]:10024, delay=13, delays=1.5/0.01/0/12, dsn=2.0.0, status=sent (250 2.0.0 from MTA(smtp:[127.0.0.1]:10025): 250 2.0.0 Ok: queued as 6B001600C2)
Sep 21 15:05:43 serveurmail postfix/smtp[8073]: 11DF3600A7: to=, relay=127.0.0.1[127.0.0.1]:10024, delay=13, delays=1.5/0.01/0/12, dsn=2.0.0, status=sent (250 2.0.0 from MTA(smtp:[127.0.0.1]:10025): 250 2.0.0 Ok: queued as 6B001600C2)
Sep 21 15:05:43 serveurmail postfix/smtp[8073]: 11DF3600A7: to=, relay=127.0.0.1[127.0.0.1]:10024, delay=13, delays=1.5/0.01/0/12, dsn=2.0.0, status=sent (250 2.0.0 from MTA(smtp:[127.0.0.1]:10025): 250 2.0.0 Ok: queued as 6B001600C2)
Sep 21 15:05:43 serveurmail postfix/smtp[8073]: 11DF3600A7: to=, relay=127.0.0.1[127.0.0.1]:10024, delay=13, delays=1.5/0.01/0/12, dsn=2.0.0, status=sent (250 2.0.0 from MTA(smtp:[127.0.0.1]:10025): 250 2.0.0 Ok: queued as 6B001600C2)
Sep 21 15:05:43 serveurmail postfix/smtp[8073]: 11DF3600A7: to=, relay=127.0.0.1[127.0.0.1]:10024, delay=13, delays=1.5/0.01/0/12, dsn=2.0.0, status=sent (250 2.0.0 from MTA(smtp:[127.0.0.1]:10025): 250 2.0.0 Ok: queued as 6B001600C2)
Sep 21 15:05:43 serveurmail postfix/qmgr[7989]: 11DF3600A7: removed
Sep 21 15:05:43 serveurmail amavis[6165]: (06165-03) size: 7256, TIMING [total 11903 ms] - SMTP greeting: 1.3 (0%)0, SMTP EHLO: 0.6 (0%)0, SMTP pre-MAIL: 0.7 (0%)0, lookup_sql: 2.0 (0%)0, lookup_sql: 1.5 (0%)0, lookup_sql: 1.4 (0%)0, lookup_sql: 1.0 (0%)0, lookup_sql: 1.2 (0%)0, SMTP pre-DATA-flush: 0.8 (0%)0, SMTP DATA: 29 (0%)0, check_init: 0.3 (0%)0, digest_hdr: 0.9 (0%)0, digest_body_dkim: 0.2 (0%)0, collect_info: 1.9 (0%)0, gen_mail_id: 32 (0%)1, redis_ip_repu: 0.7 (0%)1, mime_decode: 10 (0%)1, get-file-type2: 15 (0%)1, decompose_part: 0.7 (0%)1, parts_decode: 0.0 (0%)1, check_header: 0.9 (0%)1, AV-scan-1: 47 (0%)1, spam-wb-list: 1.4 (0%)1, SA msg read: 0.4 (0%)1, SA parse: 2.1 (0%)1, SA check: 8512 (72%)73, DSPAM: 1848 (16%)88, decide_mail_destiny: 2.6 (0%)88, notif-quar: 0.6 (0%)88, fwd-connect: 18 (0%)89, fwd-mail-pip: 7 (0%)89, fwd-rcpt-pip: 0.3 (0%)89, fwd-data-chkpnt: 0.1 (0%)89, write-header: 0.5 (0%)89, fwd-data-contents: 0.2 (0%)89, fwd-end-chkpnt: 78 (1%)89, fwd-connect: 5.0 (0%)89, fwd-ma...
Sep 21 15:05:43 serveurmail amavis[6165]: (06165-03) ...il-pip: 1044 (9%)98, fwd-rcpt-pip: 0.2 (0%)98, fwd-data-chkpnt: 0.0 (0%)98, write-header: 0.5 (0%)98, fwd-data-contents: 0.1 (0%)98, fwd-end-chkpnt: 125 (1%)99, prepare-dsn: 0.8 (0%)99, report: 2.0 (0%)99, main_log_entry: 10 (0%)99, redis-update: 0.6 (0%)99, sql-update: 86 (1%)100, update_snmp: 4.0 (0%)100, SMTP pre-response: 0.3 (0%)100, SMTP response: 0.2 (0%)100, unlink-3-files: 0.2 (0%)100, rundown: 2.4 (0%)100
Sep 21 15:05:43 serveurmail amavis[6165]: (06165-04) ESMTP [127.0.0.1]:10024 /var/amavis/tmp/amavis-20180921T144638-06165-hilNtx8l: -> ,,,,,,,,, SIZE=23716 Received: from monServeur.com ([127.0.0.1]) by localhost (monServeur.com [127.0.0.1]) (amavisd-new, port 10024) with ESMTP; Fri, 21 Sep 2018 15:05:43 +0300 (EAT)
Sep 21 15:05:43 serveurmail postfix/qmgr[7989]: 0C283600BF: from=, size=3999396, nrcpt=1 (queue active)
Sep 21 15:05:43 serveurmail postfix/smtpd[8062]: E9E80600A7: client=unknown[200.0.0.230]
Sep 21 15:05:43 serveurmail amavis[6165]: (06165-04) Checking: J1DFjOFXouTk MYNETS [200.0.0.30] -> ,,,,,,,,,
Sep 21 15:05:43 serveurmail amavis[6165]: (06165-04) p004 1 Content-Type: multipart/mixed
Sep 21 15:05:43 serveurmail amavis[6165]: (06165-04) p005 1/1 Content-Type: multipart/alternative
Sep 21 15:05:43 serveurmail amavis[6165]: (06165-04) p001 1/1/1 Content-Type: text/plain, size: 672 B, name:
Sep 21 15:05:43 serveurmail amavis[6165]: (06165-04) p002 1/1/2 Content-Type: text/html, size: 4627 B, name:
Sep 21 15:05:43 serveurmail amavis[6165]: (06165-04) p003 1/2 Content-Type: application/vnd.openxmlformats-officedocument.spreadsheetml.sheet, size: 11649 B, name: tutorat MIDA V2.xlsx
Sep 21 15:05:44 serveurmail postfix/cleanup[8072]: E9E80600A7: message-id=<000a01d451a4$fe8e1dc0$fbaa5940$@monServeur.com>
Sep 21 15:05:44 serveurmail postfix/cleanup[8085]: 24588600C0: message-id=<00c501d451a3$582b5160$0881f420$@stm.socota.com>
Sep 21 15:05:44 serveurmail postfix/smtpd[8058]: disconnect from unknown[200.0.20.227]
Sep 21 15:05:44 serveurmail postfix/trivial-rewrite[8069]: warning: do not list domain monServeur.com in BOTH mydestination and virtual_mailbox_domains
Sep 21 15:05:45 serveurmail postfix/postscreen[8011]: CONNECT from [66.220.155.135]:44573 to [200.0.0.238]:25
Sep 21 15:05:45 serveurmail postfix/smtpd[8030]: 76DB0600C2: client=66-220-155-149.mail-mail.facebook.com[66.220.155.149]
Sep 21 15:05:45 serveurmail postfix/postscreen[8011]: CONNECT from [200.0.20.24]:50769 to [200.0.0.238]:25
Sep 21 15:05:45 serveurmail postfix/postscreen[8011]: WHITELISTED [200.0.20.24]:50769
Sep 21 15:05:45 serveurmail postfix/smtpd[8043]: Anonymous TLS connection established from mail-wr1-f54.google.com[209.85.221.54]: TLSv1.2 with cipher ECDHE-RSA-AES128-GCM-SHA256 (128/128 bits)
Sep 21 15:05:45 serveurmail postfix/qmgr[7989]: E9E80600A7: from=, size=1904267, nrcpt=1 (queue active)
Sep 21 15:05:45 serveurmail postfix/smtpd[8062]: BA412600C5: client=unknown[200.0.0.230]
Sep 21 15:05:45 serveurmail postfix/cleanup[8072]: BA412600C5: message-id=<001001d451a4$ffa24ce0$fee6e6a0$@monServeur.com>
Sep 21 15:05:45 serveurmail postfix/postscreen[8011]: CONNECT from [200.0.0.30]:31689 to [200.0.0.238]:25
Sep 21 15:05:45 serveurmail postfix/postscreen[8011]: WHITELISTED [200.0.0.30]:31689
Sep 21 15:05:46 serveurmail postfix/smtpd[8026]: connect from unknown[200.0.0.30]
Sep 21 15:05:46 serveurmail postfix/smtpd[8012]: connect from unknown[200.0.20.24]
Sep 21 15:05:46 serveurmail postfix/smtpd[8012]: lost connection after CONNECT from unknown[200.0.20.24]
Sep 21 15:05:46 serveurmail postfix/smtpd[8012]: disconnect from unknown[200.0.20.24]
Sep 21 15:05:47 serveurmail postfix/postscreen[8011]: CONNECT from [200.0.20.2]:50841 to [200.0.0.238]:25
Sep 21 15:05:47 serveurmail postfix/postscreen[8011]: WHITELISTED [200.0.20.2]:50841
Sep 21 15:05:47 serveurmail postfix/smtpd[8043]: 16857600C6: client=mail-wr1-f54.google.com[209.85.221.54]
Sep 21 15:05:47 serveurmail postfix/cleanup[8096]: 76DB0600C2: message-id=<4bd181b4dca62a9aea14047a9550de17@2d4a6334d2f2bb73c1c106ccaf5b5e83c5a47abe274260dadc6a33286199d452>
Sep 21 15:05:47 serveurmail postfix/qmgr[7989]: BA412600C5: from=, size=1922923, nrcpt=1 (queue active)
Sep 21 15:05:47 serveurmail postfix/smtpd[8062]: 65FA7600C7: client=unknown[200.0.0.230]
Sep 21 15:05:47 serveurmail postfix/postscreen[8011]: PASS OLD [66.220.155.135]:44573
Sep 21 15:05:47 serveurmail postfix/cleanup[8072]: 65FA7600C7: message-id=<001601d451a5$009e8730$01db9590$@monServeur.com>
Sep 21 15:05:47 serveurmail postfix/smtpd[8035]: connect from unknown[200.0.20.2]
Sep 21 15:05:48 serveurmail postfix/smtpd[8035]: Anonymous TLS connection established from unknown[200.0.20.2]: TLSv1 with cipher ECDHE-RSA-AES256-SHA (256/256 bits)
Sep 21 15:05:48 serveurmail postfix/trivial-rewrite[8134]: warning: do not list domain monServeur.com in BOTH mydestination and virtual_mailbox_domains
Sep 21 15:05:48 serveurmail postfix/smtpd[8026]: Anonymous TLS connection established from unknown[200.0.0.30]: TLSv1.2 with cipher ECDHE-RSA-AES256-GCM-SHA384 (256/256 bits)
Sep 21 15:05:48 serveurmail postfix/smtpd[8026]: 7AFF6600C8: client=unknown[200.0.0.30]
Sep 21 15:05:48 serveurmail dovecot: pop3-login: Login: user=, method=PLAIN, rip=200.0.0.30, lip=200.0.0.238, mpid=8139, TLS, session=
Sep 21 15:05:48 serveurmail dovecot: pop3(arasoanaivo@monServeur.com): Disconnected: Logged out top=0/0, retr=0/0, del=0/328, size=194226029
Sep 21 15:05:48 serveurmail postfix/qmgr[7989]: 65FA7600C7: from=, size=1495276, nrcpt=1 (queue active)
Sep 21 15:05:48 serveurmail postfix/smtpd[8035]: 9539D600C9: client=unknown[200.0.20.2]
Sep 21 15:05:48 serveurmail postfix/smtpd[8062]: 9A25C600CA: client=unknown[200.0.0.230]
Sep 21 15:05:48 serveurmail postfix/cleanup[8140]: 9A25C600CA: message-id=<001c01d451a5$01583a40$0408aec0$@monServeur.com>
Sep 21 15:05:48 serveurmail postfix/cleanup[8072]: 9539D600C9: message-id=<005801d451a3$93d33ac0$bb79b040$@monServeur.com>
Sep 21 15:05:49 serveurmail postfix/smtpd[8051]: connect from 66-220-155-135.mail-mail.facebook.com[66.220.155.135]
Sep 21 15:05:49 serveurmail postfix/cleanup[8133]: 16857600C6: message-id=<07ca01d451a1$d64ef3f0$82ecdbd0$@gmail.com>
Sep 21 15:05:49 serveurmail postfix/postscreen[8011]: CONNECT from [200.0.0.128]:52671 to [200.0.0.238]:25
Sep 21 15:05:49 serveurmail postfix/postscreen[8011]: WHITELISTED [200.0.0.128]:52671
Sep 21 15:05:49 serveurmail dovecot: pop3-login: Login: user=, method=PLAIN, rip=200.0.20.2, lip=200.0.0.238, mpid=8143, TLS, session=
Sep 21 15:05:50 serveurmail postfix/qmgr[7989]: 9A25C600CA: from=, size=638117, nrcpt=1 (queue active)
Sep 21 15:05:50 serveurmail postfix/smtpd[8058]: connect from unknown[200.0.0.128]
Sep 21 15:05:50 serveurmail postfix/smtpd[8058]: Anonymous TLS connection established from unknown[200.0.0.128]: TLSv1.2 with cipher ECDHE-RSA-AES256-SHA384 (256/256 bits)
Sep 21 15:05:50 serveurmail postfix/trivial-rewrite[8134]: warning: do not list domain monServeur.com in BOTH mydestination and virtual_mailbox_domains
Sep 21 15:05:50 serveurmail dovecot: pop3(tsiry.produits@monServeur.com): expunge: box=INBOX, uid=446, msgid=<001001d451a4$644273b0$2cc75b10$@monServeur.com>, size=7802
Sep 21 15:05:50 serveurmail postfix/cleanup[8138]: 7AFF6600C8: message-id=<000301d451a3$6efb5070$4cf1f150$@monServeur2.com>
Sep 21 15:05:50 serveurmail postfix/qmgr[7989]: 7AFF6600C8: from=, size=3459, nrcpt=1 (queue active)
Sep 21 15:05:50 serveurmail postfix/postscreen[8011]: CONNECT from [200.0.0.36]:49574 to [200.0.0.238]:25
Sep 21 15:05:50 serveurmail postfix/postscreen[8011]: WHITELISTED [200.0.0.36]:49574
Sep 21 15:05:50 serveurmail postfix/qmgr[7989]: 16857600C6: from=, size=30843, nrcpt=4 (queue active)
Sep 21 15:05:50 serveurmail dovecot: pop3-login: Login: user=, method=PLAIN, rip=200.0.0.36, lip=200.0.0.238, mpid=8148, TLS, session=
Sep 21 15:05:50 serveurmail postfix/smtpd[8058]: BC528600CB: client=unknown[200.0.0.128]
Sep 21 15:05:50 serveurmail postfix/trivial-rewrite[8134]: warning: do not list domain monServeur.com in BOTH mydestination and virtual_mailbox_domains
Sep 21 15:05:50 serveurmail dovecot: pop3(tsiry.produits@monServeur.com): Disconnected: Logged out top=0/0, retr=1/8040, del=1/1, size=8022
Sep 21 15:05:51 serveurmail dovecot: pop3(roger.cte@monServeur.com): Disconnected: Logged out top=0/0, retr=0/0, del=0/120, size=17865002
Sep 21 15:05:51 serveurmail postfix/smtpd[8039]: connect from unknown[200.0.0.36]
Sep 21 15:05:51 serveurmail postfix/postscreen[8011]: CONNECT from [200.0.0.254]:49328 to [200.0.0.238]:25
Sep 21 15:05:51 serveurmail postfix/postscreen[8011]: WHITELISTED [200.0.0.254]:49328
Sep 21 15:05:51 serveurmail postfix/smtpd[8039]: Anonymous TLS connection established from unknown[200.0.0.36]: TLSv1.2 with cipher AES128-SHA256 (128/128 bits)
Sep 21 15:05:51 serveurmail postfix/trivial-rewrite[8134]: warning: do not list domain monServeur.com in BOTH mydestination and virtual_mailbox_domains
Sep 21 15:05:51 serveurmail postfix/trivial-rewrite[8134]: warning: do not list domain monServeur.com in BOTH mydestination and virtual_mailbox_domains
Sep 21 15:05:51 serveurmail postfix/smtpd[8039]: 2AA4F600CC: client=unknown[200.0.0.36]
Sep 21 15:05:51 serveurmail postfix/trivial-rewrite[8134]: warning: do not list domain monServeur.com in BOTH mydestination and virtual_mailbox_domains
Sep 21 15:05:51 serveurmail postfix/smtpd[8043]: disconnect from mail-wr1-f54.google.com[209.85.221.54]
Sep 21 15:05:51 serveurmail postfix/cleanup[8138]: 2AA4F600CC: message-id=<000001d451a4$2f679170$8e36b450$@monServeur.com>
Sep 21 15:05:51 serveurmail postfix/postscreen[8011]: CONNECT from [200.0.0.254]:52688 to [200.0.0.238]:25
Sep 21 15:05:51 serveurmail postfix/postscreen[8011]: WHITELISTED [200.0.0.254]:52688
Sep 21 15:05:51 serveurmail postfix/postscreen[8011]: CONNECT from [200.0.80.100]:52917 to [200.0.0.238]:25
Sep 21 15:05:51 serveurmail postfix/postscreen[8011]: WHITELISTED [200.0.80.100]:52917
Sep 21 15:05:51 serveurmail postfix/smtpd[8057]: connect from unknown[200.0.0.254]
Sep 21 15:05:51 serveurmail postfix/qmgr[7989]: 2AA4F600CC: from=, size=3995, nrcpt=2 (queue active)
Sep 21 15:05:51 serveurmail postfix/smtpd[8057]: Anonymous TLS connection established from unknown[200.0.0.254]: TLSv1 with cipher ECDHE-RSA-AES256-SHA (256/256 bits)
Sep 21 15:05:51 serveurmail postfix/trivial-rewrite[8134]: warning: do not list domain monServeur.com in BOTH mydestination and virtual_mailbox_domains
Sep 21 15:05:51 serveurmail postfix/trivial-rewrite[8134]: warning: do not list domain monServeur.com in BOTH mydestination and virtual_mailbox_domains
Sep 21 15:05:51 serveurmail postfix/smtpd[8057]: B2027600CD: client=unknown[200.0.0.254]
Sep 21 15:05:51 serveurmail dovecot: pop3-login: Login: user=, method=PLAIN, rip=200.0.80.100, lip=200.0.0.238, mpid=8153, TLS, session=
Sep 21 15:05:51 serveurmail postfix/cleanup[8133]: B2027600CD: message-id=<000001d451a3$0c440350$24cc09f0$@monServeur.com>
Sep 21 15:05:51 serveurmail postfix/postscreen[8011]: CONNECT from [200.0.20.17]:56238 to [200.0.0.238]:25
Sep 21 15:05:51 serveurmail postfix/postscreen[8011]: WHITELISTED [200.0.20.17]:56238
Sep 21 15:05:51 serveurmail postfix/smtpd[8155]: warning: database /etc/aliases.db is older than source file /etc/aliases
Sep 21 15:05:51 serveurmail dovecot: pop3-login: Login: user=, method=PLAIN, rip=200.0.0.36, lip=200.0.0.238, mpid=8156, TLS, session=
Sep 21 15:05:51 serveurmail dovecot: pop3(roger.cte@monServeur.com): Disconnected: Logged out top=0/0, retr=0/0, del=0/120, size=17865002
Sep 21 15:05:52 serveurmail postfix/smtpd[8012]: connect from unknown[200.0.0.254]
Sep 21 15:05:52 serveurmail postfix/smtpd[8043]: connect from unknown[200.0.80.100]
Sep 21 15:05:52 serveurmail postfix/postscreen[8011]: CONNECT from [200.0.0.60]:63930 to [200.0.0.238]:25
Sep 21 15:05:52 serveurmail postfix/postscreen[8011]: WHITELISTED [200.0.0.60]:63930
Sep 21 15:05:52 serveurmail postfix/smtpd[8158]: warning: database /etc/aliases.db is older than source file /etc/aliases
Sep 21 15:05:52 serveurmail dovecot: pop3-login: Login: user=, method=PLAIN, rip=200.0.20.17, lip=200.0.0.238, mpid=8159, TLS, session=
Sep 21 15:05:52 serveurmail dovecot: pop3(vololona.cal@monServeur.com): Disconnected: Logged out top=0/0, retr=0/0, del=0/42, size=32002069
Sep 21 15:05:52 serveurmail dovecot: pop3-login: Login: user=, method=PLAIN, rip=200.0.0.36, lip=200.0.0.238, mpid=8162, TLS, session=
Sep 21 15:05:52 serveurmail dovecot: pop3(roger.cte@monServeur.com): Disconnected: Logged out top=0/0, retr=0/0, del=0/120, size=17865002
Sep 21 15:05:52 serveurmail dovecot: pop3(sylvestre.cte@monServeur.com): Disconnected: Logged out top=0/0, retr=0/0, del=0/0, size=0
Sep 21 15:05:52 serveurmail postfix/smtp[8124]: 237B9600C4: to=, relay=smtp.orange.mg[80.12.203.178]:25, delay=9.8, delays=1.2/0.01/3.5/5.2, dsn=2.0.0, status=sent (250 2.0.0 eC5m1y0013b2B4903C5naX mail accepted for delivery)
Sep 21 15:05:52 serveurmail postfix/smtp[8124]: 237B9600C4: to=, relay=smtp.orange.mg[80.12.203.178]:25, delay=9.8, delays=1.2/0.01/3.5/5.2, dsn=2.0.0, status=sent (250 2.0.0 eC5m1y0013b2B4903C5naX mail accepted for delivery)
Sep 21 15:05:52 serveurmail postfix/smtpd[8043]: Anonymous TLS connection established from unknown[200.0.80.100]: TLSv1 with cipher AES128-SHA (128/128 bits)
Sep 21 15:05:52 serveurmail postfix/smtpd[8012]: Anonymous TLS connection established from unknown[200.0.0.254]: TLSv1.2 with cipher ECDHE-RSA-AES256-GCM-SHA384 (256/256 bits)
Sep 21 15:05:52 serveurmail postfix/qmgr[7989]: 237B9600C4: removed
Sep 21 15:05:52 serveurmail postfix/qmgr[7989]: B2027600CD: from=, size=2834, nrcpt=1 (queue active)
Sep 21 15:05:52 serveurmail postfix/qmgr[7989]: 76DB0600C2: from=, size=19771, nrcpt=1 (queue active)
Sep 21 15:05:52 serveurmail postfix/trivial-rewrite[8069]: warning: do not list domain monServeur.com in BOTH mydestination and virtual_mailbox_domains
Sep 21 15:05:52 serveurmail postfix/trivial-rewrite[8069]: warning: do not list domain monServeur.com in BOTH mydestination and virtual_mailbox_domains
Sep 21 15:05:52 serveurmail postfix/smtpd[8043]: 681C6600C4: client=unknown[200.0.80.100]
Sep 21 15:05:52 serveurmail dovecot: pop3-login: Login: user=, method=PLAIN, rip=200.0.0.36, lip=200.0.0.238, mpid=8164, TLS, session=
Sep 21 15:05:52 serveurmail postfix/trivial-rewrite[8134]: warning: do not list domain monServeur.com in BOTH mydestination and virtual_mailbox_domains
Sep 21 15:05:52 serveurmail postfix/trivial-rewrite[8134]: warning: do not list domain monServeur.com in BOTH mydestination and virtual_mailbox_domains
Sep 21 15:05:52 serveurmail postfix/smtpd[8012]: 71E13600CE: client=unknown[200.0.0.254]
Sep 21 15:05:52 serveurmail postfix/cleanup[8138]: 681C6600C4: message-id=<000001d451a3$b35e7c60$1a1b7520$@cte@monServeur.com>
Sep 21 15:05:52 serveurmail postfix/trivial-rewrite[8134]: warning: do not list domain monServeur.com in BOTH mydestination and virtual_mailbox_domains
Sep 21 15:05:52 serveurmail postfix/trivial-rewrite[8134]: warning: do not list domain monServeur.com in BOTH mydestination and virtual_mailbox_domains
Sep 21 15:05:52 serveurmail dovecot: pop3(roger.cte@monServeur.com): Disconnected: Logged out top=0/0, retr=0/0, del=0/120, size=17865002
Sep 21 15:05:52 serveurmail postfix/smtpd[8062]: disconnect from unknown[200.0.0.230]
Sep 21 15:05:52 serveurmail postfix/cleanup[8133]: 71E13600CE: message-id=<002001d451a3$70032380$50096a80$@monServeur.com>
Sep 21 15:05:52 serveurmail postfix/smtpd[8155]: connect from unknown[200.0.20.17]
Sep 21 15:05:52 serveurmail postfix/smtpd[8155]: lost connection after CONNECT from unknown[200.0.20.17]
Sep 21 15:05:52 serveurmail postfix/smtpd[8155]: disconnect from unknown[200.0.20.17]
Sep 21 15:05:52 serveurmail dovecot: pop3-login: Login: user=, method=PLAIN, rip=200.0.20.2, lip=200.0.0.238, mpid=8166, TLS, session=
Sep 21 15:05:52 serveurmail dovecot: pop3-login: Login: user=, method=PLAIN, rip=200.0.0.36, lip=200.0.0.238, mpid=8167, TLS, session=
Sep 21 15:05:52 serveurmail dovecot: pop3(roger.cte@monServeur.com): Disconnected: Logged out top=0/0, retr=0/0, del=0/120, size=17865002
Sep 21 15:05:52 serveurmail dovecot: pop3(tsiry.produits@monServeur.com): Disconnected: Logged out top=0/0, retr=0/0, del=0/0, size=0
Sep 21 15:05:52 serveurmail dovecot: pop3-login: Login: user=, method=PLAIN, rip=200.0.80.199, lip=200.0.0.238, mpid=8174, TLS, session=<7ZMKdmB2GwDIAFDH>
Sep 21 15:05:52 serveurmail postfix/qmgr[7989]: 71E13600CE: from=, size=462159, nrcpt=3 (queue active)
Sep 21 15:05:52 serveurmail postfix/qmgr[7989]: 681C6600C4: from=, size=19024, nrcpt=1 (queue active)
Sep 21 15:05:52 serveurmail postfix/smtpd[8043]: E2307600CF: client=unknown[200.0.80.100]
Sep 21 15:05:52 serveurmail postfix/cleanup[8096]: E2307600CF: message-id=<000501d451a3$b3aaa090$1affe1b0$@cte@monServeur.com>
Sep 21 15:05:52 serveurmail dovecot: pop3-login: Login: user=, method=PLAIN, rip=200.0.0.36, lip=200.0.0.238, mpid=8175, TLS, session=
Sep 21 15:05:53 serveurmail dovecot: pop3(roger.cte@monServeur.com): Disconnected: Logged out top=0/0, retr=0/0, del=0/120, size=17865002
Sep 21 15:05:53 serveurmail postfix/cleanup[8140]: BC528600CB: message-id=<001d01d451a5$877dcf90$96796eb0$@monServeur.com>
Sep 21 15:05:53 serveurmail postfix/qmgr[7989]: E2307600CF: from=, size=13829, nrcpt=1 (queue active)
Sep 21 15:05:53 serveurmail postfix/trivial-rewrite[8134]: warning: do not list domain monServeur.com in BOTH mydestination and virtual_mailbox_domains
Sep 21 15:05:53 serveurmail postfix/smtpd[8012]: 09DC8600D0: client=unknown[200.0.0.254]
Sep 21 15:05:53 serveurmail postfix/trivial-rewrite[8134]: warning: do not list domain monServeur.com in BOTH mydestination and virtual_mailbox_domains
Sep 21 15:05:53 serveurmail postfix/cleanup[8138]: 09DC8600D0: message-id=<002601d451a3$7059f610$510de230$@monServeur.com>
Sep 21 15:05:53 serveurmail postfix/smtpd[8158]: connect from unknown[200.0.0.60]
Sep 21 15:05:53 serveurmail postfix/smtpd[8158]: Anonymous TLS connection established from unknown[200.0.0.60]: TLSv1.2 with cipher ECDHE-RSA-AES256-GCM-SHA384 (256/256 bits)
Sep 21 15:05:53 serveurmail postfix/trivial-rewrite[8069]: warning: do not list domain monServeur.com in BOTH mydestination and virtual_mailbox_domains
Sep 21 15:05:53 serveurmail postfix/trivial-rewrite[8069]: warning: do not list domain monServeur.com in BOTH mydestination and virtual_mailbox_domains
Sep 21 15:05:53 serveurmail dovecot: pop3-login: Login: user=, method=PLAIN, rip=200.0.0.36, lip=200.0.0.238, mpid=8178, TLS, session=
Sep 21 15:05:53 serveurmail dovecot: pop3(roger.cte@monServeur.com): Disconnected: Logged out top=0/0, retr=0/0, del=0/120, size=17865002
Sep 21 15:05:53 serveurmail dovecot: pop3(augustin.cte@monServeur.com): expunge: box=INBOX, uid=610, msgid=<020701d44670$b0d24a00$1276de00$@biz>, size=331817
Sep 21 15:05:53 serveurmail dovecot: pop3(augustin.cte@monServeur.com): expunge: box=INBOX, uid=611, msgid=<002a01d44675$cd706480$68512d80$@monServeur.com>, size=1653854
Sep 21 15:05:53 serveurmail dovecot: pop3(augustin.cte@monServeur.com): expunge: box=INBOX, uid=612, msgid=<004c01d446a2$c5c16860$51443920$@cte@monServeur.com>, size=617429
Sep 21 15:05:53 serveurmail postfix/smtpd[8158]: 4FF76600D1: client=unknown[200.0.0.60]
Sep 21 15:05:53 serveurmail postfix/trivial-rewrite[8069]: warning: do not list domain monServeur.com in BOTH mydestination and virtual_mailbox_domains
Sep 21 15:05:53 serveurmail postfix/trivial-rewrite[8069]: warning: do not list domain monServeur.com in BOTH mydestination and virtual_mailbox_domains
Sep 21 15:05:53 serveurmail dovecot: pop3-login: Login: user=, method=PLAIN, rip=200.0.20.2, lip=200.0.0.238, mpid=8180, TLS, session=
Sep 21 15:05:53 serveurmail postfix/trivial-rewrite[8069]: warning: do not list domain monServeur.com in BOTH mydestination and virtual_mailbox_domains
Sep 21 15:05:53 serveurmail postfix/trivial-rewrite[8069]: warning: do not list domain monServeur.com in BOTH mydestination and virtual_mailbox_domains
Sep 21 15:05:53 serveurmail postfix/trivial-rewrite[8069]: warning: do not list domain monServeur.com in BOTH mydestination and virtual_mailbox_domains
Sep 21 15:05:53 serveurmail postfix/trivial-rewrite[8069]: warning: do not list domain monServeur.com in BOTH mydestination and virtual_mailbox_domains
Sep 21 15:05:53 serveurmail postfix/cleanup[8133]: 4FF76600D1: message-id=<000001d451a3$65906cf0$30b146d0$@monServeur.com>
Sep 21 15:05:53 serveurmail dovecot: pop3-login: Login: user=, method=PLAIN, rip=200.0.80.100, lip=200.0.0.238, mpid=8181, TLS, session=
Sep 21 15:05:53 serveurmail dovecot: pop3(tsiry.produits@monServeur.com): Disconnected: Logged out top=0/0, retr=0/0, del=0/0, size=0
Sep 21 15:05:53 serveurmail dovecot: pop3-login: Login: user=, method=PLAIN, rip=200.0.0.36, lip=200.0.0.238, mpid=8183, TLS, session=
Sep 21 15:05:53 serveurmail dovecot: pop3(roger.cte@monServeur.com): Disconnected: Logged out top=0/0, retr=0/0, del=0/120, size=17865002
Sep 21 15:05:53 serveurmail postfix/smtpd[8051]: Anonymous TLS connection established from 66-220-155-135.mail-mail.facebook.com[66.220.155.135]: TLSv1 with cipher ECDHE-RSA-AES128-SHA (128/128 bits)
Sep 21 15:05:53 serveurmail postfix/qmgr[7989]: 09DC8600D0: from=, size=50003, nrcpt=2 (queue active)
Sep 21 15:05:53 serveurmail postfix/qmgr[7989]: BC528600CB: from=, size=201193, nrcpt=5 (queue active)
Sep 21 15:05:53 serveurmail postfix/qmgr[7989]: 4FF76600D1: from=, size=15876, nrcpt=8 (queue active)
Sep 21 15:05:53 serveurmail dovecot: pop3-login: Login: user=, method=PLAIN, rip=200.0.0.36, lip=200.0.0.238, mpid=8186, TLS, session=
Sep 21 15:05:53 serveurmail dovecot: pop3(roger.cte@monServeur.com): Disconnected: Logged out top=0/0, retr=0/0, del=0/120, size=17865002
Sep 21 15:05:53 serveurmail postfix/postscreen[8011]: CONNECT from [178.159.36.58]:59249 to [200.0.0.238]:25
Sep 21 15:05:53 serveurmail dovecot: pop3(sylvestre.cte@monServeur.com): Disconnected: Logged out top=0/0, retr=0/0, del=0/0, size=0
Sep 21 15:05:53 serveurmail dovecot: pop3(augustin.cte@monServeur.com): Disconnected: Logged out top=0/0, retr=0/0, del=3/152, size=60521743
Sep 21 15:05:53 serveurmail dovecot: pop3-login: Login: user=, method=PLAIN, rip=200.0.0.36, lip=200.0.0.238, mpid=8188, TLS, session=
Sep 21 15:05:54 serveurmail dovecot: pop3(roger.cte@monServeur.com): Disconnected: Logged out top=0/0, retr=0/0, del=0/120, size=17865002
Sep 21 15:05:54 serveurmail dovecot: pop3-login: Login: user=, method=PLAIN, rip=200.0.20.2, lip=200.0.0.238, mpid=8191, TLS, session=
Sep 21 15:05:54 serveurmail postfix/smtpd[8039]: disconnect from unknown[200.0.0.36]
Sep 21 15:05:54 serveurmail dovecot: pop3(tsiry.produits@monServeur.com): Disconnected: Logged out top=0/0, retr=0/0, del=0/0, size=0
Sep 21 15:05:54 serveurmail dovecot: pop3-login: Login: user=, method=PLAIN, rip=200.0.0.36, lip=200.0.0.238, mpid=8193, TLS, session=
Sep 21 15:05:54 serveurmail dovecot: pop3-login: Login: user=, method=PLAIN, rip=200.0.80.100, lip=200.0.0.238, mpid=8194, TLS, session=
Sep 21 15:05:54 serveurmail dovecot: pop3(roger.cte@monServeur.com): Disconnected: Logged out top=0/0, retr=0/0, del=0/120, size=17865002
Sep 21 15:05:54 serveurmail dovecot: pop3(sylvestre.cte@monServeur.com): Disconnected: Logged out top=0/0, retr=0/0, del=0/0, size=0
Sep 21 15:05:54 serveurmail dovecot: pop3-login: Login: user=, method=PLAIN, rip=200.0.0.36, lip=200.0.0.238, mpid=8198, TLS, session=
Sep 21 15:05:54 serveurmail dovecot: pop3(roger.cte@monServeur.com): Disconnected: Logged out top=0/0, retr=0/0, del=0/120, size=17865002
Sep 21 15:05:54 serveurmail postfix/smtpd[8026]: disconnect from unknown[200.0.0.30]
Sep 21 15:05:54 serveurmail postfix/dnsblog[8015]: addr 178.159.36.58 listed by domain zen.spamhaus.org as 127.0.0.4
Sep 21 15:05:54 serveurmail postfix/smtpd[8057]: disconnect from unknown[200.0.0.254]
Sep 21 15:05:54 serveurmail dovecot: pop3-login: Login: user=, method=PLAIN, rip=200.0.80.100, lip=200.0.0.238, mpid=8200, TLS, session=
Sep 21 15:05:54 serveurmail dovecot: pop3-login: Login: user=, method=PLAIN, rip=200.0.0.36, lip=200.0.0.238, mpid=8203, TLS, session=
Sep 21 15:05:54 serveurmail dovecot: pop3(sylvestre.cte@monServeur.com): Disconnected: Logged out top=0/0, retr=0/0, del=0/0, size=0
Sep 21 15:05:54 serveurmail dovecot: pop3(roger.cte@monServeur.com): Disconnected: Logged out top=0/0, retr=0/0, del=0/120, size=17865002
Sep 21 15:05:54 serveurmail dovecot: pop3-login: Login: user=, method=PLAIN, rip=200.0.20.2, lip=200.0.0.238, mpid=8205, TLS, session=
Sep 21 15:05:54 serveurmail dovecot: pop3(tsiry.produits@monServeur.com): Disconnected: Logged out top=0/0, retr=0/0, del=0/0, size=0
Sep 21 15:05:55 serveurmail dovecot: pop3-login: Login: user=, method=PLAIN, rip=200.0.0.36, lip=200.0.0.238, mpid=8207, TLS, session=
Sep 21 15:05:55 serveurmail dovecot: pop3(roger.cte@monServeur.com): Disconnected: Logged out top=0/0, retr=0/0, del=0/120, size=17865002
Sep 21 15:05:55 serveurmail dovecot: pop3-login: Login: user=, method=PLAIN, rip=200.0.80.100, lip=200.0.0.238, mpid=8210, TLS, session=<+CgsdmB2uQDIAFBk>
Sep 21 15:05:55 serveurmail dovecot: pop3-login: Login: user=, method=PLAIN, rip=200.0.0.30, lip=200.0.0.238, mpid=8211, TLS, session=<0zEsdmB2SwDIAAAe>
Sep 21 15:05:55 serveurmail postfix/postscreen[8011]: CONNECT from [200.0.80.46]:50295 to [200.0.0.238]:25
Sep 21 15:05:55 serveurmail postfix/postscreen[8011]: WHITELISTED [200.0.80.46]:50295
Sep 21 15:05:55 serveurmail dovecot: pop3(jenny.assdir@monServeur1.com): Disconnected: Logged out top=0/0, retr=0/0, del=0/94, size=22727448
Sep 21 15:05:55 serveurmail dovecot: pop3(sylvestre.cte@monServeur.com): Disconnected: Logged out top=0/0, retr=0/0, del=0/0, size=0
Sep 21 15:05:55 serveurmail dovecot: pop3-login: Login: user=, method=PLAIN, rip=200.0.0.36, lip=200.0.0.238, mpid=8213, TLS, session=
Sep 21 15:05:55 serveurmail dovecot: pop3(roger.cte@monServeur.com): Disconnected: Logged out top=0/0, retr=0/0, del=0/120, size=17865002
Sep 21 15:05:55 serveurmail postfix/smtpd[8062]: connect from unknown[200.0.80.46]
Sep 21 15:05:55 serveurmail dovecot: pop3-login: Login: user=, method=PLAIN, rip=200.0.80.100, lip=200.0.0.238, mpid=8216, TLS, session=
Sep 21 15:05:55 serveurmail dovecot: pop3-login: Login: user=, method=PLAIN, rip=200.0.0.36, lip=200.0.0.238, mpid=8217, TLS, session=
Sep 21 15:05:55 serveurmail dovecot: pop3-login: Disconnected: Inactivity (no auth attempts in 180 secs): user=<>, rip=200.0.0.30, lip=200.0.0.238, TLS, session=<4mwzdmB2CADIAAAe>
Sep 21 15:05:55 serveurmail dovecot: pop3(roger.cte@monServeur.com): Disconnected: Logged out top=0/0, retr=0/0, del=0/120, size=17865002
Sep 21 15:05:55 serveurmail postfix/smtpd[8062]: Anonymous TLS connection established from unknown[200.0.80.46]: TLSv1 with cipher ECDHE-RSA-AES256-SHA (256/256 bits)
Sep 21 15:05:55 serveurmail postfix/trivial-rewrite[8134]: warning: do not list domain monServeur.com in BOTH mydestination and virtual_mailbox_domains
Sep 21 15:05:55 serveurmail postfix/smtpd[8043]: disconnect from unknown[200.0.80.100]
Sep 21 15:05:55 serveurmail dovecot: pop3-login: Login: user=, method=PLAIN, rip=200.0.20.2, lip=200.0.0.238, mpid=8219, TLS, session=
Sep 21 15:05:55 serveurmail dovecot: pop3(tsiry.produits@monServeur.com): Disconnected: Logged out top=0/0, retr=0/0, del=0/0, size=0
Sep 21 15:05:55 serveurmail dovecot: pop3-login: Login: user=, method=PLAIN, rip=200.0.0.36, lip=200.0.0.238, mpid=8222, TLS, session=
Sep 21 15:05:55 serveurmail dovecot: pop3(roger.cte@monServeur.com): Disconnected: Logged out top=0/0, retr=0/0, del=0/120, size=17865002
Sep 21 15:05:55 serveurmail postfix/qmgr[7989]: 9539D600C9: from=, size=7919512, nrcpt=1 (queue active)
Sep 21 15:05:55 serveurmail postfix/smtpd[8062]: D1DFA600D2: client=unknown[200.0.80.46]
Sep 21 15:05:55 serveurmail dovecot: pop3(sylvestre.cte@monServeur.com): Disconnected: Logged out top=0/0, retr=0/0, del=0/0, size=0
Sep 21 15:05:55 serveurmail postfix/postscreen[8011]: DNSBL rank 2 for [178.159.36.58]:59249
Sep 21 15:05:55 serveurmail dovecot: pop3-login: Login: user=, method=PLAIN, rip=200.0.0.30, lip=200.0.0.238, mpid=8225, TLS, session=
Sep 21 15:05:56 serveurmail dovecot: pop3-login: Login: user=, method=PLAIN, rip=200.0.20.2, lip=200.0.0.238, mpid=8226, TLS, session=
Sep 21 15:05:56 serveurmail dovecot: pop3(jenny.assdir@monServeur1.com): Disconnected: Logged out top=0/0, retr=0/0, del=0/94, size=22727448
Sep 21 15:05:56 serveurmail dovecot: pop3-login: Login: user=, method=PLAIN, rip=200.0.0.36, lip=200.0.0.238, mpid=8228, TLS, session=
Sep 21 15:05:56 serveurmail dovecot: pop3(roger.cte@monServeur.com): Disconnected: Logged out top=0/0, retr=0/0, del=0/120, size=17865002
Sep 21 15:05:56 serveurmail postfix/smtpd[8012]: disconnect from unknown[200.0.0.254]
Sep 21 15:05:56 serveurmail dovecot: pop3-login: Login: user=, method=PLAIN, rip=200.0.80.100, lip=200.0.0.238, mpid=8230, TLS, session=
Sep 21 15:05:56 serveurmail postfix/smtpd[8158]: disconnect from unknown[200.0.0.60]
Sep 21 15:05:56 serveurmail dovecot: pop3(tsiry.produits@monServeur.com): Disconnected: Logged out top=0/0, retr=0/0, del=0/0, size=0
Sep 21 15:05:56 serveurmail postfix/smtpd[8058]: disconnect from unknown[200.0.0.128]
Sep 21 15:05:56 serveurmail dovecot: pop3(sylvestre.cte@monServeur.com): Disconnected: Logged out top=0/0, retr=0/0, del=0/0, size=0
Sep 21 15:05:56 serveurmail dovecot: pop3-login: Login: user=, method=PLAIN, rip=200.0.0.36, lip=200.0.0.238, mpid=8231, TLS, session=
Sep 21 15:05:56 serveurmail postfix/trivial-rewrite[8134]: warning: do not list domain monServeur.com in BOTH mydestination and virtual_mailbox_domains
Sep 21 15:05:56 serveurmail dovecot: pop3(roger.cte@monServeur.com): Disconnected: Logged out top=0/0, retr=0/0, del=0/120, size=17865002
Sep 21 15:05:56 serveurmail dovecot: pop3-login: Login: user=, method=PLAIN, rip=200.0.80.100, lip=200.0.0.238, mpid=8235, TLS, session=
Sep 21 15:05:56 serveurmail dovecot: pop3-login: Login: user=, method=PLAIN, rip=200.0.20.2, lip=200.0.0.238, mpid=8236, TLS, session=
Sep 21 15:05:56 serveurmail dovecot: pop3-login: Login: user=, method=PLAIN, rip=200.0.0.36, lip=200.0.0.238, mpid=8237, TLS, session=
Sep 21 15:05:56 serveurmail dovecot: pop3(tsiry.produits@monServeur.com): Disconnected: Logged out top=0/0, retr=0/0, del=0/0, size=0
Sep 21 15:05:56 serveurmail dovecot: pop3(roger.cte@monServeur.com): Disconnected: Logged out top=0/0, retr=0/0, del=0/120, size=17865002
Sep 21 15:05:56 serveurmail dovecot: pop3(sylvestre.cte@monServeur.com): Disconnected: Logged out top=0/0, retr=0/0, del=0/0, size=0
Sep 21 15:05:56 serveurmail postfix/trivial-rewrite[8134]: warning: do not list domain monServeur.com in BOTH mydestination and virtual_mailbox_domains
Sep 21 15:05:56 serveurmail dovecot: pop3-login: Login: user=, method=PLAIN, rip=200.0.0.36, lip=200.0.0.238, mpid=8241, TLS, session=
Sep 21 15:05:56 serveurmail dovecot: pop3-login: Login: user=, method=PLAIN, rip=200.0.20.2, lip=200.0.0.238, mpid=8242, TLS, session=
Sep 21 15:05:56 serveurmail dovecot: pop3(tsiry.produits@monServeur.com): Disconnected: Logged out top=0/0, retr=0/0, del=0/0, size=0
Sep 21 15:05:56 serveurmail dovecot: pop3(roger.cte@monServeur.com): Disconnected: Logged out top=0/0, retr=0/0, del=0/120, size=17865002
Sep 21 15:05:56 serveurmail postfix/smtpd[8051]: EA87A600D3: client=66-220-155-135.mail-mail.facebook.com[66.220.155.135]
Sep 21 15:05:56 serveurmail dovecot: pop3-login: Login: user=, method=PLAIN, rip=200.0.80.100, lip=200.0.0.238, mpid=8245, TLS, session=
Sep 21 15:05:57 serveurmail dovecot: pop3(sylvestre.cte@monServeur.com): Disconnected: Logged out top=0/0, retr=0/0, del=0/0, size=0
Sep 21 15:05:57 serveurmail dovecot: pop3-login: Login: user=, method=PLAIN, rip=200.0.0.36, lip=200.0.0.238, mpid=8247, TLS, session=
Sep 21 15:05:57 serveurmail dovecot: pop3(roger.cte@monServeur.com): Disconnected: Logged out top=0/0, retr=0/0, del=0/120, size=17865002
Sep 21 15:05:57 serveurmail dovecot: pop3-login: Login: user=, method=PLAIN, rip=200.0.20.2, lip=200.0.0.238, mpid=8248, TLS, session=
Sep 21 15:05:57 serveurmail dovecot: pop3(tsiry.produits@monServeur.com): Disconnected: Logged out top=0/0, retr=0/0, del=0/0, size=0
Sep 21 15:05:57 serveurmail dovecot: pop3-login: Login: user=, method=PLAIN, rip=200.0.80.100, lip=200.0.0.238, mpid=8251, TLS, session=
Sep 21 15:05:57 serveurmail dovecot: pop3-login: Login: user=, method=PLAIN, rip=200.0.0.36, lip=200.0.0.238, mpid=8252, TLS, session=
Sep 21 15:05:57 serveurmail postfix/trivial-rewrite[8134]: warning: do not list domain monServeur.com in BOTH mydestination and virtual_mailbox_domains
Sep 21 15:05:57 serveurmail dovecot: pop3(roger.cte@monServeur.com): Disconnected: Logged out top=0/0, retr=0/0, del=0/120, size=17865002
Sep 21 15:05:57 serveurmail dovecot: pop3(sylvestre.cte@monServeur.com): Disconnected: Logged out top=0/0, retr=0/0, del=0/0, size=0
Sep 21 15:05:57 serveurmail postfix/cleanup[8096]: D1DFA600D2: message-id=<00aa01d451a3$21837750$648a65f0$@monServeur.com>
Sep 21 15:05:57 serveurmail postfix/postscreen[8011]: CONNECT from [200.0.0.59]:53014 to [200.0.0.238]:25
Sep 21 15:05:57 serveurmail postfix/postscreen[8011]: WHITELISTED [200.0.0.59]:53014
Sep 21 15:05:57 serveurmail dovecot: pop3-login: Login: user=, method=PLAIN, rip=200.0.80.100, lip=200.0.0.238, mpid=8256, TLS, session=
Sep 21 15:05:57 serveurmail dovecot: pop3-login: Login: user=, method=PLAIN, rip=200.0.80.157, lip=200.0.0.238, mpid=8257, TLS, session=
Sep 21 15:05:57 serveurmail dovecot: pop3(baroni.cg@monServeur.com): Disconnected: Logged out top=0/0, retr=0/0, del=0/313, size=357182826
Sep 21 15:05:57 serveurmail postfix/qmgr[7989]: D1DFA600D2: from=, size=130436, nrcpt=7 (queue active)
Sep 21 15:05:57 serveurmail dovecot: pop3(sylvestre.cte@monServeur.com): Disconnected: Logged out top=0/0, retr=0/0, del=0/0, size=0
Sep 21 15:05:57 serveurmail postfix/trivial-rewrite[8134]: warning: do not list domain monServeur.com in BOTH mydestination and virtual_mailbox_domains
Sep 21 15:05:57 serveurmail postfix/smtpd[8062]: E30C6600D4: client=unknown[200.0.80.46]
Sep 21 15:05:57 serveurmail postfix/cleanup[8133]: E30C6600D4: message-id=<00af01d451a3$21cf9b80$656ed280$@monServeur.com>
Sep 21 15:05:58 serveurmail dovecot: pop3-login: Login: user=, method=PLAIN, rip=200.0.80.100, lip=200.0.0.238, mpid=8259, TLS, session=
