Sep 21 15:06:19 serveurmail amavis[6165]: (06165-04-2) spam-tag, -> ,, No, score=-1.389 tagged_above=-9999.9 required=4.3 tests=[ALL_TRUSTED=-1, HTML_MESSAGE=0.001, DSPAM.Whitelisted=-0.390] autolearn=no autolearn_force=no
Sep 21 15:06:19 serveurmail postfix/trivial-rewrite[8134]: warning: do not list domain monServeur.com in BOTH mydestination and virtual_mailbox_domains
Sep 21 15:06:19 serveurmail postfix/trivial-rewrite[8134]: warning: do not list domain monServeur.com in BOTH mydestination and virtual_mailbox_domains
Sep 21 15:06:19 serveurmail postfix/smtpd[8114]: DF92D600DA: client=localhost[127.0.0.1]
Sep 21 15:06:19 serveurmail postfix/trivial-rewrite[8134]: warning: do not list domain monServeur.com in BOTH mydestination and virtual_mailbox_domains
Sep 21 15:06:19 serveurmail postfix/cleanup[8133]: DF92D600DA: message-id=<001b01d451ac$9e447ba0$dacd72e0$@monServeur.com>
Sep 21 15:06:19 serveurmail dovecot: pop3-login: Login: user=, method=PLAIN, rip=200.0.80.100, lip=200.0.0.238, mpid=8445, TLS, session=
Sep 21 15:06:19 serveurmail postfix/qmgr[7989]: DF92D600DA: from=, size=11138, nrcpt=2 (queue active)
Sep 21 15:06:19 serveurmail amavis[6165]: (06165-04-2) D76F_p_RjLod FWD from -> ,, BODY=7BIT 250 2.0.0 from MTA(smtp:[127.0.0.1]:10025): 250 2.0.0 Ok: queued as DF92D600DA
Sep 21 15:06:19 serveurmail postfix/trivial-rewrite[8069]: warning: do not list domain monServeur.com in BOTH mydestination and virtual_mailbox_domains
Sep 21 15:06:19 serveurmail postfix/trivial-rewrite[8069]: warning: do not list domain monServeur.com in BOTH mydestination and virtual_mailbox_domains
Sep 21 15:06:19 serveurmail amavis[6165]: (06165-04-2) Passed CLEAN {RelayedInbound}, [200.0.80.3]:51498 [200.0.80.3] -> ,, Queue-ID: E9BDB600AC, Message-ID: <001b01d451ac$9e447ba0$dacd72e0$@monServeur.com>, mail_id: D76F_p_RjLod, Hits: -1.389, size: 10363, pt: 38, queued_as: DF92D600DA, 15717 ms
Sep 21 15:06:20 serveurmail dovecot: pop3(sylvestre.cte@monServeur.com): Disconnected: Logged out top=0/0, retr=0/0, del=0/0, size=0
Sep 21 15:06:20 serveurmail amavis[6165]: (06165-04-2) TIMING-SA total 11518 ms - parse: 1.36 (0.0%), extract_message_metadata: 14 (0.1%), get_uri_detail_list: 1.96 (0.0%), tests_pri_-1000: 1.78 (0.0%), tests_pri_-950: 1.02 (0.0%), tests_pri_-900: 0.85 (0.0%), tests_pri_-400: 0.69 (0.0%), tests_pri_0: 10597 (92.0%), check_spf: 0.23 (0.0%), check_dkim_adsp: 1413 (12.3%), check_razor2: 5001 (43.4%), check_pyzor: 4002 (34.7%), tests_pri_500: 897 (7.8%), poll_dns_idle: 890 (7.7%), get_report: 0.27 (0.0%)
Sep 21 15:06:20 serveurmail postfix/smtp[8073]: E9BDB600AC: to=, relay=127.0.0.1[127.0.0.1]:10024, conn_use=2, delay=45, delays=0.1/29/0/16, dsn=2.0.0, status=sent (250 2.0.0 from MTA(smtp:[127.0.0.1]:10025): 250 2.0.0 Ok: queued as DF92D600DA)
Sep 21 15:06:20 serveurmail postfix/smtp[8073]: E9BDB600AC: to=, relay=127.0.0.1[127.0.0.1]:10024, conn_use=2, delay=45, delays=0.1/29/0/16, dsn=2.0.0, status=sent (250 2.0.0 from MTA(smtp:[127.0.0.1]:10025): 250 2.0.0 Ok: queued as DF92D600DA)
Sep 21 15:06:20 serveurmail postfix/qmgr[7989]: E9BDB600AC: removed
Sep 21 15:06:20 serveurmail amavis[6165]: (06165-04-2) size: 10363, TIMING [total 15959 ms] - lookup_sql: 2.0 (0%)0, lookup_sql: 1.1 (0%)0, SMTP pre-DATA-flush: 0.8 (0%)0, SMTP DATA: 35 (0%)0, check_init: 0.3 (0%)0, digest_hdr: 0.7 (0%)0, digest_body_dkim: 0.2 (0%)0, collect_info: 1.4 (0%)0, gen_mail_id: 190 (1%)1, redis_ip_repu: 0.5 (0%)1, mime_decode: 6 (0%)1, get-file-type2: 12 (0%)2, decompose_part: 0.5 (0%)2, parts_decode: 0.0 (0%)2, check_header: 0.4 (0%)2, AV-scan-1: 45 (0%)2, spam-wb-list: 0.6 (0%)2, SA msg read: 0.3 (0%)2, SA parse: 1.7 (0%)2, SA check: 11515 (72%)74, DSPAM: 3820 (24%)98, decide_mail_destiny: 1.5 (0%)98, notif-quar: 0.4 (0%)98, fwd-connect: 3.3 (0%)98, fwd-mail-pip: 6 (0%)98, fwd-rcpt-pip: 0.3 (0%)98, fwd-data-chkpnt: 0.1 (0%)98, write-header: 0.5 (0%)98, fwd-data-contents: 0.3 (0%)98, fwd-end-chkpnt: 61 (0%)98, prepare-dsn: 0.6 (0%)98, report: 1.4 (0%)98, main_log_entry: 8 (0%)98, redis-update: 2.1 (0%)99, sql-update: 232 (1%)100, update_snmp: 3.5 (0%)100, SMTP pre-response: 0....
Sep 21 15:06:20 serveurmail amavis[6165]: (06165-04-2) ...5 (0%)100, SMTP response: 0.3 (0%)100, unlink-3-files: 0.7 (0%)100, rundown: 1.5 (0%)100
Sep 21 15:06:20 serveurmail amavis[6165]: (06165-04-3) ESMTP [127.0.0.1]:10024 /var/amavis/tmp/amavis-20180921T144638-06165-hilNtx8l: -> SIZE=20555 Received: from monServeur.com ([127.0.0.1]) by localhost (monServeur.com [127.0.0.1]) (amavisd-new, port 10024) with ESMTP for ; Fri, 21 Sep 2018 15:06:20 +0300 (EAT)
Sep 21 15:06:20 serveurmail dovecot: pop3-login: Login: user=, method=PLAIN, rip=200.0.80.100, lip=200.0.0.238, mpid=8449, TLS, session=<8d6sd2B29gDIAFBk>
Sep 21 15:06:20 serveurmail dovecot: pop3(sylvestre.cte@monServeur.com): Disconnected: Logged out top=0/0, retr=0/0, del=0/0, size=0
Sep 21 15:06:20 serveurmail amavis[6165]: (06165-04-3) Checking: JAolB95iBDhv [200.0.80.49] ->
Sep 21 15:06:20 serveurmail amavis[6165]: (06165-04-3) p004 1 Content-Type: multipart/mixed
Sep 21 15:06:20 serveurmail amavis[6165]: (06165-04-3) p005 1/1 Content-Type: multipart/alternative
Sep 21 15:06:20 serveurmail amavis[6165]: (06165-04-3) p001 1/1/1 Content-Type: text/plain, size: 616 B, name:
Sep 21 15:06:20 serveurmail amavis[6165]: (06165-04-3) p002 1/1/2 Content-Type: text/html, size: 3325 B, name:
Sep 21 15:06:20 serveurmail amavis[6165]: (06165-04-3) p003 1/2 Content-Type: message/rfc822, size: 14216 B, name:
Sep 21 15:06:20 serveurmail postfix/postscreen[8011]: CONNECT from [41.204.120.174]:38312 to [200.0.0.238]:25
Sep 21 15:06:20 serveurmail postfix/postscreen[8011]: PASS OLD [41.204.120.174]:38312
Sep 21 15:06:20 serveurmail postfix/smtpd[8057]: D5CD7600AC: client=unknown[200.0.0.230]
Sep 21 15:06:20 serveurmail postfix/trivial-rewrite[8134]: warning: do not list domain monServeur.com in BOTH mydestination and virtual_mailbox_domains
Sep 21 15:06:21 serveurmail postfix/smtp[8330]: C07A1600DD: to=, relay=smtp.orange.mg[80.12.203.178]:25, delay=18, delays=1.9/0.02/5.9/9.7, dsn=2.0.0, status=sent (250 2.0.0 eC681y0023b2B4903C6Baj mail accepted for delivery)
Sep 21 15:06:21 serveurmail postfix/smtp[8330]: C07A1600DD: to=, relay=smtp.orange.mg[80.12.203.178]:25, delay=18, delays=1.9/0.02/5.9/9.7, dsn=2.0.0, status=sent (250 2.0.0 eC681y0023b2B4903C6Baj mail accepted for delivery)
Sep 21 15:06:21 serveurmail postfix/smtp[8330]: C07A1600DD: to=, relay=smtp.orange.mg[80.12.203.178]:25, delay=18, delays=1.9/0.02/5.9/9.7, dsn=2.0.0, status=sent (250 2.0.0 eC681y0023b2B4903C6Baj mail accepted for delivery)
Sep 21 15:06:21 serveurmail postfix/qmgr[7989]: C07A1600DD: removed
Sep 21 15:06:21 serveurmail postfix/trivial-rewrite[8134]: warning: do not list domain monServeur.com in BOTH mydestination and virtual_mailbox_domains
Sep 21 15:06:21 serveurmail postfix/trivial-rewrite[8134]: warning: do not list domain monServeur.com in BOTH mydestination and virtual_mailbox_domains
Sep 21 15:06:21 serveurmail postfix/cleanup[8140]: D5CD7600AC: message-id=<000001d451a4$178dc380$46a94a80$@monServeur.com>
Sep 21 15:06:22 serveurmail postfix/smtpd[8051]: connect from mx2.malagasy.com[41.204.120.174]
Sep 21 15:06:22 serveurmail postfix/postscreen[8011]: CONNECT from [200.0.80.1]:49750 to [200.0.0.238]:25
Sep 21 15:06:22 serveurmail postfix/postscreen[8011]: WHITELISTED [200.0.80.1]:49750
Sep 21 15:06:22 serveurmail dovecot: lda(ramsey.teinturefil@monServeur.com): copy from stdin: box=INBOX, uid=315, msgid=<001b01d451ac$9e447ba0$dacd72e0$@monServeur.com>, size=10914
Sep 21 15:06:22 serveurmail dovecot: lda(ramsey.teinturefil@monServeur.com): sieve: msgid=<001b01d451ac$9e447ba0$dacd72e0$@monServeur.com>: stored mail into mailbox 'INBOX'
Sep 21 15:06:22 serveurmail postfix/pipe[8116]: DF92D600DA: to=, relay=dovecot, delay=2.5, delays=0.07/0/0/2.4, dsn=2.0.0, status=sent (delivered via dovecot service)
Sep 21 15:06:22 serveurmail postfix/qmgr[7989]: D5CD7600AC: from=, size=85312, nrcpt=5 (queue active)
Sep 21 15:06:22 serveurmail dovecot: lda(tolotra.ordo@monServeur.com): copy from stdin: box=INBOX, uid=650, msgid=<001b01d451ac$9e447ba0$dacd72e0$@monServeur.com>, size=10908
Sep 21 15:06:22 serveurmail dovecot: lda(tolotra.ordo@monServeur.com): sieve: msgid=<001b01d451ac$9e447ba0$dacd72e0$@monServeur.com>: stored mail into mailbox 'INBOX'
Sep 21 15:06:22 serveurmail postfix/pipe[8295]: DF92D600DA: to=, relay=dovecot, delay=2.8, delays=0.07/0/0/2.8, dsn=2.0.0, status=sent (delivered via dovecot service)
Sep 21 15:06:22 serveurmail postfix/qmgr[7989]: DF92D600DA: removed
Sep 21 15:06:22 serveurmail postfix/smtpd[8043]: connect from unknown[200.0.80.1]
Sep 21 15:06:22 serveurmail postfix/smtpd[8043]: Anonymous TLS connection established from unknown[200.0.80.1]: TLSv1 with cipher ECDHE-RSA-AES256-SHA (256/256 bits)
Sep 21 15:06:22 serveurmail postfix/trivial-rewrite[8134]: warning: do not list domain monServeur.com in BOTH mydestination and virtual_mailbox_domains
Sep 21 15:06:22 serveurmail postfix/trivial-rewrite[8134]: warning: do not list domain monServeur.com in BOTH mydestination and virtual_mailbox_domains
Sep 21 15:06:22 serveurmail postfix/smtpd[8043]: EF24E600DA: client=unknown[200.0.80.1]
Sep 21 15:06:22 serveurmail postfix/trivial-rewrite[8134]: warning: do not list domain monServeur.com in BOTH mydestination and virtual_mailbox_domains
Sep 21 15:06:22 serveurmail postfix/trivial-rewrite[8134]: warning: do not list domain monServeur.com in BOTH mydestination and virtual_mailbox_domains
Sep 21 15:06:23 serveurmail postfix/cleanup[8096]: EF24E600DA: message-id=<000401d451a3$d58aa7a0$809ff6e0$@monServeur.com>
Sep 21 15:06:23 serveurmail dovecot: pop3-login: Login: user=, method=PLAIN, rip=200.0.1.241, lip=200.0.0.238, mpid=8452, TLS, session=
Sep 21 15:06:23 serveurmail dovecot: pop3(philibert.cal@monServeur.com): Disconnected: Logged out top=0/0, retr=0/0, del=0/136, size=87266044
Sep 21 15:06:23 serveurmail postfix/qmgr[7989]: EF24E600DA: from=, size=1979344, nrcpt=3 (queue active)
Sep 21 15:06:24 serveurmail amavis[6685]: (06685-03) DSPAM result: Whitelisted, score=-0.390, sig=5ba4dec013421164513356
Sep 21 15:06:24 serveurmail amavis[6685]: (06685-03) spam-tag, -> , No, score=-1.389 tagged_above=-9999.9 required=4.3 tests=[ALL_TRUSTED=-1, HTML_MESSAGE=0.001, DSPAM.Whitelisted=-0.390] autolearn=no autolearn_force=no
Sep 21 15:06:24 serveurmail amavis[6685]: (06685-03) dkim: candidate originators: From:
Sep 21 15:06:24 serveurmail amavis[6685]: (06685-03) dkim: not signing, empty signing domain, From:
Sep 21 15:06:24 serveurmail postfix/smtpd[8113]: connect from localhost[127.0.0.1]
Sep 21 15:06:24 serveurmail postfix/trivial-rewrite[8134]: warning: do not list domain monServeur.com in BOTH mydestination and virtual_mailbox_domains
Sep 21 15:06:24 serveurmail postfix/trivial-rewrite[8134]: warning: do not list domain monServeur.com in BOTH mydestination and virtual_mailbox_domains
Sep 21 15:06:24 serveurmail postfix/smtpd[8113]: E3043600DC: client=localhost[127.0.0.1]
Sep 21 15:06:24 serveurmail postfix/cleanup[8071]: E3043600DC: message-id=<001101d451a3$086edf70$194c9e50$@monServeur.com>
Sep 21 15:06:24 serveurmail postfix/smtpd[8057]: disconnect from unknown[200.0.0.230]
Sep 21 15:06:24 serveurmail postfix/qmgr[7989]: E3043600DC: from=, size=35208, nrcpt=1 (queue active)
Sep 21 15:06:24 serveurmail postfix/trivial-rewrite[8134]: warning: do not list domain monServeur.com in BOTH mydestination and virtual_mailbox_domains
Sep 21 15:06:24 serveurmail amavis[6685]: (06685-03) Dj_9MQ41JeQC FWD from -> , BODY=7BIT 250 2.0.0 from MTA(smtp:[127.0.0.1]:10025): 250 2.0.0 Ok: queued as E3043600DC
Sep 21 15:06:24 serveurmail amavis[6685]: (06685-03) Passed CLEAN {RelayedInternal}, MYNETS LOCAL [200.0.0.45]:51177 [200.0.0.45] -> , Queue-ID: 51C42600AD, Message-ID: <001101d451a3$086edf70$194c9e50$@monServeur.com>, mail_id: Dj_9MQ41JeQC, Hits: -1.389, size: 34357, pt: 38, queued_as: E3043600DC, 19159 ms
Sep 21 15:06:25 serveurmail amavis[6685]: (06685-03) TIMING-SA total 8785 ms - parse: 1.91 (0.0%), extract_message_metadata: 30 (0.3%), get_uri_detail_list: 6 (0.1%), tests_pri_-1000: 2.9 (0.0%), tests_pri_-950: 1.08 (0.0%), tests_pri_-900: 1.04 (0.0%), tests_pri_-400: 0.71 (0.0%), tests_pri_0: 7925 (90.2%), check_spf: 0.21 (0.0%), check_dkim_adsp: 1211 (13.8%), check_razor2: 5001 (56.9%), check_pyzor: 1501 (17.1%), tests_pri_500: 818 (9.3%), poll_dns_idle: 800 (9.1%), get_report: 0.28 (0.0%)
Sep 21 15:06:25 serveurmail postfix/smtp[8076]: 51C42600AD: to=, relay=127.0.0.1[127.0.0.1]:10024, delay=49, delays=0.17/29/0/19, dsn=2.0.0, status=sent (250 2.0.0 from MTA(smtp:[127.0.0.1]:10025): 250 2.0.0 Ok: queued as E3043600DC)
Sep 21 15:06:25 serveurmail postfix/qmgr[7989]: 51C42600AD: removed
Sep 21 15:06:25 serveurmail amavis[6685]: (06685-03) size: 34357, TIMING [total 19325 ms] - SMTP greeting: 0.9 (0%)0, SMTP EHLO: 0.4 (0%)0, SMTP pre-MAIL: 0.4 (0%)0, lookup_sql: 1.8 (0%)0, SMTP pre-DATA-flush: 0.7 (0%)0, SMTP DATA: 34 (0%)0, check_init: 0.3 (0%)0, digest_hdr: 0.6 (0%)0, digest_body_dkim: 0.3 (0%)0, collect_info: 1.1 (0%)0, gen_mail_id: 172 (1%)1, redis_ip_repu: 0.5 (0%)1, mime_decode: 30 (0%)1, get-file-type10: 23 (0%)1, decompose_part: 0.7 (0%)1, parts_decode: 0.3 (0%)1, check_header: 0.4 (0%)1, AV-scan-1: 180 (1%)2, spam-wb-list: 0.5 (0%)2, SA msg read: 0.3 (0%)2, SA parse: 2.2 (0%)2, SA check: 8782 (45%)48, DSPAM: 9866 (51%)99, decide_mail_destiny: 1.1 (0%)99, notif-quar: 0.4 (0%)99, fwd-connect: 4.8 (0%)99, fwd-mail-pip: 4.2 (0%)99, fwd-rcpt-pip: 0.2 (0%)99, fwd-data-chkpnt: 0.1 (0%)99, write-header: 0.4 (0%)99, fwd-data-contents: 0.5 (0%)99, fwd-end-chkpnt: 42 (0%)99, prepare-dsn: 0.6 (0%)99, report: 1.3 (0%)99, main_log_entry: 5 (0%)99, redis-update: 1.0 (0%)99, sql-update: 161 (1%...
Sep 21 15:06:25 serveurmail amavis[6685]: (06685-03) ...)100, update_snmp: 2.2 (0%)100, SMTP pre-response: 0.3 (0%)100, SMTP response: 0.1 (0%)100, unlink-11-files: 0.5 (0%)100, rundown: 0.6 (0%)100
Sep 21 15:06:25 serveurmail amavis[6685]: (06685-03-2) ESMTP [127.0.0.1]:10024 /var/amavis/tmp/amavis-20180921T145134-06685-iBqk7ItG: -> ,, SIZE=700564 Received: from monServeur.com ([127.0.0.1]) by localhost (monServeur.com [127.0.0.1]) (amavisd-new, port 10024) with ESMTP; Fri, 21 Sep 2018 15:06:25 +0300 (EAT)
Sep 21 15:06:25 serveurmail amavis[6685]: (06685-03-2) Checking: 4ElCCmFSEqoI MYNETS [200.0.0.56] -> ,,
Sep 21 15:06:25 serveurmail amavis[6685]: (06685-03-2) p004 1 Content-Type: multipart/mixed
Sep 21 15:06:25 serveurmail amavis[6685]: (06685-03-2) p005 1/1 Content-Type: multipart/alternative
Sep 21 15:06:25 serveurmail dovecot: lda(claudy.standard@monServeur.com): copy from stdin: box=INBOX, uid=126, msgid=<001101d451a3$086edf70$194c9e50$@monServeur.com>, size=34555
Sep 21 15:06:25 serveurmail amavis[6685]: (06685-03-2) p001 1/1/1 Content-Type: text/plain, size: 83 B, name:
Sep 21 15:06:25 serveurmail amavis[6685]: (06685-03-2) p002 1/1/2 Content-Type: text/html, size: 2362 B, name:
Sep 21 15:06:25 serveurmail amavis[6685]: (06685-03-2) p003 1/2 Content-Type: application/vnd.openxmlformats-officedocument.spreadsheetml.sheet, size: 508853 B, name: ANALYSE ECART DE CHANGE 2017 2016.xlsx
Sep 21 15:06:25 serveurmail dovecot: lda(claudy.standard@monServeur.com): sieve: msgid=<001101d451a3$086edf70$194c9e50$@monServeur.com>: stored mail into mailbox 'INBOX'
Sep 21 15:06:25 serveurmail postfix/pipe[8118]: E3043600DC: to=, relay=dovecot, delay=0.65, delays=0.04/0/0/0.6, dsn=2.0.0, status=sent (delivered via dovecot service)
Sep 21 15:06:25 serveurmail postfix/qmgr[7989]: E3043600DC: removed
Sep 21 15:06:29 serveurmail postfix/smtpd[8043]: 396D0600AD: client=unknown[200.0.80.1]
Sep 21 15:06:29 serveurmail postfix/cleanup[8072]: 396D0600AD: message-id=<000b01d451a3$d9431bc0$8bc95340$@monServeur.com>
Sep 21 15:06:29 serveurmail postfix/smtpd[8051]: BB875600DC: client=mx2.malagasy.com[41.204.120.174]
Sep 21 15:06:29 serveurmail postfix/smtpd[8051]: disconnect from mx2.malagasy.com[41.204.120.174]
Sep 21 15:06:29 serveurmail postfix/qmgr[7989]: 396D0600AD: from=, size=1979248, nrcpt=1 (queue active)
Sep 21 15:06:32 serveurmail postfix/smtpd[8043]: disconnect from unknown[200.0.80.1]
Sep 21 15:06:32 serveurmail dovecot: pop3-login: Login: user=, method=PLAIN, rip=200.0.0.254, lip=200.0.0.238, mpid=8458, TLS, session=
Sep 21 15:06:32 serveurmail dovecot: pop3(hermann@monServeur.com): Disconnected: Logged out top=0/0, retr=0/0, del=0/339, size=90987485
Sep 21 15:06:33 serveurmail dovecot: pop3-login: Login: user=, method=PLAIN, rip=200.0.20.15, lip=200.0.0.238, mpid=8460, TLS, session=<3gJ2eGB2FgDIABQP>
Sep 21 15:06:33 serveurmail dovecot: pop3(ntseheno.produits@monServeur.com): Disconnected: Logged out top=0/0, retr=0/0, del=0/257, size=141693865
Sep 21 15:06:34 serveurmail postfix/postscreen[8011]: CONNECT from [200.0.20.16]:50941 to [200.0.0.238]:25
Sep 21 15:06:34 serveurmail postfix/postscreen[8011]: WHITELISTED [200.0.20.16]:50941
Sep 21 15:06:34 serveurmail dovecot: pop3-login: Login: user=, method=PLAIN, rip=200.0.20.15, lip=200.0.0.238, mpid=8462, TLS, session=
Sep 21 15:06:34 serveurmail dovecot: pop3(ntseheno.produits@monServeur.com): Disconnected: Logged out top=0/0, retr=0/0, del=0/257, size=141693865
Sep 21 15:06:35 serveurmail dovecot: pop3-login: Login: user=, method=PLAIN, rip=200.0.1.241, lip=200.0.0.238, mpid=8466, TLS, session=
Sep 21 15:06:35 serveurmail dovecot: pop3(philibert.cal@monServeur.com): Disconnected: Logged out top=0/0, retr=0/0, del=0/136, size=87266044
Sep 21 15:06:35 serveurmail dovecot: pop3-login: Login: user=, method=PLAIN, rip=200.0.20.15, lip=200.0.0.238, mpid=8467, TLS, session=<6EeUeGB2GADIABQP>
Sep 21 15:06:35 serveurmail dovecot: pop3(ntseheno.produits@monServeur.com): Disconnected: Logged out top=0/0, retr=0/0, del=0/257, size=141693865
Sep 21 15:06:35 serveurmail postfix/postscreen[8011]: CONNECT from [200.0.0.119]:49329 to [200.0.0.238]:25
Sep 21 15:06:35 serveurmail postfix/postscreen[8011]: WHITELISTED [200.0.0.119]:49329
Sep 21 15:06:36 serveurmail dovecot: pop3-login: Login: user=, method=PLAIN, rip=200.0.20.15, lip=200.0.0.238, mpid=8469, TLS, session=<2SueeGB2GQDIABQP>
Sep 21 15:06:36 serveurmail dovecot: pop3(ntseheno.produits@monServeur.com): Disconnected: Logged out top=0/0, retr=0/0, del=0/257, size=141693865
Sep 21 15:06:36 serveurmail dovecot: pop3-login: Login: user=, method=PLAIN, rip=200.0.20.15, lip=200.0.0.238, mpid=8471, TLS, session=
Sep 21 15:06:36 serveurmail postfix/smtpd[8158]: connect from unknown[200.0.0.119]
Sep 21 15:06:36 serveurmail dovecot: pop3(ntseheno.produits@monServeur.com): Disconnected: Logged out top=0/0, retr=0/0, del=0/257, size=141693865
Sep 21 15:06:36 serveurmail postfix/smtpd[8158]: Anonymous TLS connection established from unknown[200.0.0.119]: TLSv1 with cipher ECDHE-RSA-AES256-SHA (256/256 bits)
Sep 21 15:06:36 serveurmail postfix/trivial-rewrite[8134]: warning: do not list domain monServeur.com in BOTH mydestination and virtual_mailbox_domains
Sep 21 15:06:37 serveurmail dovecot: pop3-login: Login: user=, method=PLAIN, rip=200.0.20.15, lip=200.0.0.238, mpid=8475, TLS, session=
Sep 21 15:06:37 serveurmail dovecot: pop3(ntseheno.produits@monServeur.com): Disconnected: Logged out top=0/0, retr=0/0, del=0/257, size=141693865
Sep 21 15:06:37 serveurmail postfix/smtpd[8158]: 6F9E0600DC: client=unknown[200.0.0.119]
Sep 21 15:06:37 serveurmail postfix/cleanup[8140]: 6F9E0600DC: message-id=<000801d451a3$eadc6b20$c0954160$@monServeur.com>
Sep 21 15:06:37 serveurmail dovecot: pop3-login: Login: user=, method=PLAIN, rip=200.0.20.16, lip=200.0.0.238, mpid=8479, TLS, session=
Sep 21 15:06:37 serveurmail dovecot: pop3(narindra.cal@monServeur.com): Disconnected: Logged out top=0/0, retr=0/0, del=0/423, size=347984718
Sep 21 15:06:38 serveurmail dovecot: pop3-login: Login: user=, method=PLAIN, rip=200.0.20.15, lip=200.0.0.238, mpid=8480, TLS, session=
Sep 21 15:06:38 serveurmail dovecot: pop3(ntseheno.produits@monServeur.com): Disconnected: Logged out top=0/0, retr=0/0, del=0/257, size=141693865
Sep 21 15:06:38 serveurmail postfix/qmgr[7989]: 6F9E0600DC: from=, size=21008, nrcpt=2 (queue active)
Sep 21 15:06:38 serveurmail dovecot: pop3-login: Login: user=, method=PLAIN, rip=200.0.20.16, lip=200.0.0.238, mpid=8483, TLS, session=
Sep 21 15:06:38 serveurmail dovecot: pop3(narindra.cal@monServeur.com): Disconnected: Logged out top=0/0, retr=0/0, del=0/423, size=347984718
Sep 21 15:06:38 serveurmail dovecot: pop3-login: Login: user=, method=PLAIN, rip=200.0.20.15, lip=200.0.0.238, mpid=8487, TLS, session=
Sep 21 15:06:38 serveurmail dovecot: pop3(ntseheno.produits@monServeur.com): Disconnected: Logged out top=0/0, retr=0/0, del=0/257, size=141693865
Sep 21 15:06:38 serveurmail dovecot: pop3-login: Login: user=, method=PLAIN, rip=200.0.20.16, lip=200.0.0.238, mpid=8488, TLS, session=
Sep 21 15:06:38 serveurmail dovecot: pop3(narindra.cal@monServeur.com): Disconnected: Logged out top=0/0, retr=0/0, del=0/423, size=347984718
Sep 21 15:06:39 serveurmail postfix/postscreen[8011]: CONNECT from [200.0.0.230]:49802 to [200.0.0.238]:25
Sep 21 15:06:39 serveurmail postfix/postscreen[8011]: WHITELISTED [200.0.0.230]:49802
Sep 21 15:06:39 serveurmail dovecot: pop3-login: Login: user=, method=PLAIN, rip=200.0.20.16, lip=200.0.0.238, mpid=8491, TLS, session=
Sep 21 15:06:39 serveurmail dovecot: pop3(narindra.cal@monServeur.com): Disconnected: Logged out top=0/0, retr=0/0, del=0/423, size=347984718
Sep 21 15:06:39 serveurmail dovecot: pop3-login: Login: user=, method=PLAIN, rip=200.0.20.15, lip=200.0.0.238, mpid=8493, TLS, session=
Sep 21 15:06:39 serveurmail dovecot: pop3(ntseheno.produits@monServeur.com): Disconnected: Logged out top=0/0, retr=0/0, del=0/257, size=141693865
Sep 21 15:06:39 serveurmail postfix/smtpd[8158]: 3674A600DD: client=unknown[200.0.0.119]
Sep 21 15:06:39 serveurmail dovecot: pop3-login: Login: user=, method=PLAIN, rip=200.0.20.16, lip=200.0.0.238, mpid=8494, TLS, session=
Sep 21 15:06:39 serveurmail dovecot: pop3(narindra.cal@monServeur.com): Disconnected: Logged out top=0/0, retr=0/0, del=0/423, size=347984718
Sep 21 15:06:39 serveurmail dovecot: pop3-login: Login: user=, method=PLAIN, rip=200.0.1.241, lip=200.0.0.238, mpid=8497, TLS, session=
Sep 21 15:06:39 serveurmail dovecot: pop3(philibert.cal@monServeur.com): Disconnected: Logged out top=0/0, retr=0/0, del=0/136, size=87266044
Sep 21 15:06:39 serveurmail dovecot: pop3-login: Login: user=, method=PLAIN, rip=200.0.20.16, lip=200.0.0.238, mpid=8498, TLS, session=
Sep 21 15:06:39 serveurmail dovecot: pop3(narindra.cal@monServeur.com): Disconnected: Logged out top=0/0, retr=0/0, del=0/423, size=347984718
Sep 21 15:06:39 serveurmail postfix/smtpd[8058]: connect from unknown[200.0.0.230]
Sep 21 15:06:39 serveurmail postfix/smtpd[8058]: Anonymous TLS connection established from unknown[200.0.0.230]: TLSv1 with cipher AES128-SHA (128/128 bits)
Sep 21 15:06:39 serveurmail postfix/trivial-rewrite[8134]: warning: do not list domain monServeur.com in BOTH mydestination and virtual_mailbox_domains
Sep 21 15:06:39 serveurmail postfix/trivial-rewrite[8134]: warning: do not list domain monServeur.com in BOTH mydestination and virtual_mailbox_domains
Sep 21 15:06:39 serveurmail postfix/smtpd[8058]: DFD73600DE: client=unknown[200.0.0.230]
Sep 21 15:06:39 serveurmail dovecot: pop3-login: Login: user=, method=PLAIN, rip=200.0.20.16, lip=200.0.0.238, mpid=8500, TLS, session=
Sep 21 15:06:39 serveurmail dovecot: pop3(narindra.cal@monServeur.com): Disconnected: Logged out top=0/0, retr=0/0, del=0/423, size=347984718
Sep 21 15:06:40 serveurmail dovecot: pop3-login: Login: user=, method=PLAIN, rip=200.0.1.241, lip=200.0.0.238, mpid=8503, TLS, session=<50PaeGB2NgDIAAHx>
Sep 21 15:06:40 serveurmail dovecot: pop3(philibert.cal@monServeur.com): Disconnected: Logged out top=0/0, retr=0/0, del=0/136, size=87266044
Sep 21 15:06:40 serveurmail postfix/cleanup[8133]: DFD73600DE: message-id=<000001d451a3$5b4318b0$11c94a10$@amg@monServeur.com>
Sep 21 15:06:40 serveurmail postfix/cleanup[8138]: 3674A600DD: message-id=<000d01d451a3$ec43ea60$c4cbbf20$@monServeur.com>
Sep 21 15:06:40 serveurmail postfix/qmgr[7989]: DFD73600DE: from=, size=14657, nrcpt=1 (queue active)
Sep 21 15:06:40 serveurmail dovecot: pop3-login: Login: user=, method=PLAIN, rip=200.0.20.16, lip=200.0.0.238, mpid=8504, TLS, session=<5GXdeGB2BgDIABQQ>
Sep 21 15:06:40 serveurmail dovecot: pop3(narindra.cal@monServeur.com): Disconnected: Logged out top=0/0, retr=0/0, del=0/423, size=347984718
Sep 21 15:06:40 serveurmail dovecot: pop3-login: Login: user=, method=PLAIN, rip=200.0.20.16, lip=200.0.0.238, mpid=8507, TLS, session=
Sep 21 15:06:40 serveurmail dovecot: pop3(narindra.cal@monServeur.com): Disconnected: Logged out top=0/0, retr=0/0, del=0/423, size=347984718
Sep 21 15:06:40 serveurmail postfix/smtpd[8012]: connect from unknown[200.0.20.16]
Sep 21 15:06:40 serveurmail postfix/qmgr[7989]: 3674A600DD: from=, size=218067, nrcpt=2 (queue active)
Sep 21 15:06:40 serveurmail dovecot: pop3-login: Login: user=, method=PLAIN, rip=200.0.1.241, lip=200.0.0.238, mpid=8510, TLS, session=
Sep 21 15:06:40 serveurmail postfix/smtpd[8012]: Anonymous TLS connection established from unknown[200.0.20.16]: TLSv1 with cipher ECDHE-RSA-AES256-SHA (256/256 bits)
Sep 21 15:06:40 serveurmail postfix/trivial-rewrite[8134]: warning: do not list domain monServeur.com in BOTH mydestination and virtual_mailbox_domains
Sep 21 15:06:40 serveurmail postfix/smtpd[8012]: A903D600DF: client=unknown[200.0.20.16]
Sep 21 15:06:40 serveurmail postfix/trivial-rewrite[8134]: warning: do not list domain monServeur.com in BOTH mydestination and virtual_mailbox_domains
Sep 21 15:06:40 serveurmail postfix/cleanup[8096]: A903D600DF: message-id=<001601d451a4$a9528170$fbf78450$@monServeur.com>
Sep 21 15:06:40 serveurmail dovecot: pop3-login: Login: user=, method=PLAIN, rip=200.0.20.15, lip=200.0.0.238, mpid=8511, TLS, session=
Sep 21 15:06:40 serveurmail dovecot: pop3(philibert.cal@monServeur.com): Disconnected: Logged out top=0/0, retr=0/0, del=0/136, size=87266044
Sep 21 15:06:40 serveurmail dovecot: pop3(ntseheno.produits@monServeur.com): Disconnected: Logged out top=0/0, retr=0/0, del=0/257, size=141693865
Sep 21 15:06:40 serveurmail postfix/qmgr[7989]: A903D600DF: from=, size=5417, nrcpt=2 (queue active)
Sep 21 15:06:40 serveurmail dovecot: pop3-login: Login: user=, method=PLAIN, rip=200.0.20.16, lip=200.0.0.238, mpid=8512, TLS, session=
Sep 21 15:06:40 serveurmail dovecot: pop3(narindra.cal@monServeur.com): Disconnected: Logged out top=0/0, retr=0/0, del=0/423, size=347984718
Sep 21 15:06:41 serveurmail amavis[6685]: (06685-03-2) DSPAM result: Whitelisted, score=-0.390, sig=5ba4ded013426850919997
Sep 21 15:06:41 serveurmail amavis[6685]: (06685-03-2) spam-tag, -> ,, No, score=-1.389 tagged_above=-9999.9 required=4.3 tests=[ALL_TRUSTED=-1, HTML_MESSAGE=0.001, DSPAM.Whitelisted=-0.390] autolearn=no autolearn_force=no
Sep 21 15:06:41 serveurmail amavis[6685]: (06685-03-2) dkim: candidate originators: From:
Sep 21 15:06:41 serveurmail amavis[6685]: (06685-03-2) dkim: not signing, empty signing domain, From:
Sep 21 15:06:41 serveurmail postfix/trivial-rewrite[8134]: warning: do not list domain monServeur.com in BOTH mydestination and virtual_mailbox_domains
Sep 21 15:06:41 serveurmail postfix/trivial-rewrite[8134]: warning: do not list domain monServeur.com in BOTH mydestination and virtual_mailbox_domains
Sep 21 15:06:41 serveurmail postfix/smtpd[8113]: 1628C600E0: client=localhost[127.0.0.1]
Sep 21 15:06:41 serveurmail postfix/trivial-rewrite[8134]: warning: do not list domain monServeur.com in BOTH mydestination and virtual_mailbox_domains
Sep 21 15:06:41 serveurmail postfix/cleanup[8071]: 1628C600E0: message-id=<009701d451a3$60c465f0$224d31d0$@monServeur.com>
Sep 21 15:06:41 serveurmail dovecot: pop3-login: Login: user=, method=PLAIN, rip=200.0.253.150, lip=200.0.0.238, mpid=8515, TLS, session=
Sep 21 15:06:41 serveurmail dovecot: pop3-login: Login: user=, method=PLAIN, rip=200.0.20.16, lip=200.0.0.238, mpid=8516, TLS, session=
Sep 21 15:06:41 serveurmail postfix/qmgr[7989]: 1628C600E0: from=, size=701237, nrcpt=2 (queue active)
Sep 21 15:06:41 serveurmail amavis[6685]: (06685-03-2) 4ElCCmFSEqoI FWD from -> ,, BODY=7BIT 250 2.0.0 from MTA(smtp:[127.0.0.1]:10025): 250 2.0.0 Ok: queued as 1628C600E0
Sep 21 15:06:41 serveurmail amavis[6685]: (06685-03-2) dkim: candidate originators: From:
Sep 21 15:06:41 serveurmail amavis[6685]: (06685-03-2) dkim: not signing, empty signing domain, From:
Sep 21 15:06:41 serveurmail postfix/trivial-rewrite[8069]: warning: do not list domain monServeur.com in BOTH mydestination and virtual_mailbox_domains
Sep 21 15:06:41 serveurmail postfix/trivial-rewrite[8069]: warning: do not list domain monServeur.com in BOTH mydestination and virtual_mailbox_domains
Sep 21 15:06:41 serveurmail dovecot: pop3(narindra.cal@monServeur.com): Disconnected: Logged out top=0/0, retr=0/0, del=0/423, size=347984718
Sep 21 15:06:41 serveurmail dovecot: pop3(dary.cssecu@monServeur1.com): Disconnected: Logged out top=0/0, retr=0/0, del=0/54, size=6981624
Sep 21 15:06:41 serveurmail postfix/postscreen[8011]: CONNECT from [200.0.253.150]:51827 to [200.0.0.238]:25
Sep 21 15:06:41 serveurmail postfix/postscreen[8011]: WHITELISTED [200.0.253.150]:51827
Sep 21 15:06:41 serveurmail postfix/smtpd[8158]: 59613600E1: client=unknown[200.0.0.119]
Sep 21 15:06:41 serveurmail dovecot: pop3-login: Login: user=, method=PLAIN, rip=200.0.20.15, lip=200.0.0.238, mpid=8521, TLS, session=
Sep 21 15:06:41 serveurmail dovecot: pop3(ntseheno.produits@monServeur.com): Disconnected: Logged out top=0/0, retr=0/0, del=0/257, size=141693865
Sep 21 15:06:41 serveurmail dovecot: pop3-login: Login: user=, method=PLAIN, rip=200.0.1.241, lip=200.0.0.238, mpid=8522, TLS, session=
Sep 21 15:06:41 serveurmail dovecot: pop3-login: Login: user=, method=PLAIN, rip=200.0.20.16, lip=200.0.0.238, mpid=8523, TLS, session=
Sep 21 15:06:41 serveurmail dovecot: pop3(philibert.cal@monServeur.com): Disconnected: Logged out top=0/0, retr=0/0, del=0/136, size=87266044
Sep 21 15:06:41 serveurmail dovecot: pop3(narindra.cal@monServeur.com): Disconnected: Logged out top=0/0, retr=0/0, del=0/423, size=347984718
Sep 21 15:06:41 serveurmail dovecot: pop3-login: Login: user=, method=PLAIN, rip=200.0.20.16, lip=200.0.0.238, mpid=8525, TLS, session=
Sep 21 15:06:41 serveurmail postfix/smtpd[8113]: D041F600E2: client=localhost[127.0.0.1]
Sep 21 15:06:41 serveurmail dovecot: pop3(narindra.cal@monServeur.com): Disconnected: Logged out top=0/0, retr=0/0, del=0/423, size=347984718
Sep 21 15:06:41 serveurmail postfix/cleanup[8138]: D041F600E2: message-id=<009701d451a3$60c465f0$224d31d0$@monServeur.com>
Sep 21 15:06:42 serveurmail dovecot: pop3-login: Login: user=, method=PLAIN, rip=200.0.1.241, lip=200.0.0.238, mpid=8529, TLS, session=
Sep 21 15:06:42 serveurmail dovecot: pop3(philibert.cal@monServeur.com): Disconnected: Logged out top=0/0, retr=0/0, del=0/136, size=87266044
Sep 21 15:06:42 serveurmail postfix/cleanup[8072]: 59613600E1: message-id=<001401d451a3$ed6d7640$c84862c0$@monServeur.com>
Sep 21 15:06:42 serveurmail dovecot: pop3-login: Login: user=, method=PLAIN, rip=200.0.20.15, lip=200.0.0.238, mpid=8530, TLS, session=
Sep 21 15:06:42 serveurmail dovecot: pop3(ntseheno.produits@monServeur.com): Disconnected: Logged out top=0/0, retr=0/0, del=0/257, size=141693865
Sep 21 15:06:42 serveurmail dovecot: pop3-login: Login: user=, method=PLAIN, rip=200.0.20.17, lip=200.0.0.238, mpid=8531, TLS, session=<7V76eGB2wgDIABQR>
Sep 21 15:06:42 serveurmail dovecot: pop3(vololona.cal@monServeur.com): Disconnected: Logged out top=0/0, retr=0/0, del=0/42, size=32002069
Sep 21 15:06:42 serveurmail postfix/qmgr[7989]: D041F600E2: from=, size=700968, nrcpt=1 (queue active)
Sep 21 15:06:42 serveurmail amavis[6685]: (06685-03-2) 4ElCCmFSEqoI FWD from -> , BODY=7BIT 250 2.0.0 from MTA(smtp:[127.0.0.1]:10025): 250 2.0.0 Ok: queued as D041F600E2
Sep 21 15:06:42 serveurmail postfix/qmgr[7989]: 59613600E1: from=, size=35174, nrcpt=2 (queue active)
Sep 21 15:06:42 serveurmail amavis[6685]: (06685-03-2) Passed CLEAN {RelayedInternal,RelayedOutbound}, MYNETS LOCAL [200.0.0.56]:61323 [200.0.0.56] -> ,,, Queue-ID: 62DA3600B9, Message-ID: <009701d451a3$60c465f0$224d31d0$@monServeur.com>, mail_id: 4ElCCmFSEqoI, Hits: -1.389, size: 700564, pt: 38, queued_as: 1628C600E0/D041F600E2, 17064 ms
Sep 21 15:06:42 serveurmail dovecot: lda(angeline.cte@monServeur.com): copy from stdin: box=INBOX, uid=2271, msgid=<009701d451a3$60c465f0$224d31d0$@monServeur.com>, size=692251
Sep 21 15:06:42 serveurmail dovecot: lda(angeline.cte@monServeur.com): sieve: msgid=<009701d451a3$60c465f0$224d31d0$@monServeur.com>: stored mail into mailbox 'INBOX'
Sep 21 15:06:42 serveurmail postfix/pipe[8116]: 1628C600E0: to=, relay=dovecot, delay=1.2, delays=0.1/0/0/1.1, dsn=2.0.0, status=sent (delivered via dovecot service)
Sep 21 15:06:42 serveurmail dovecot: pop3-login: Login: user=, method=PLAIN, rip=200.0.1.241, lip=200.0.0.238, mpid=8533, TLS, session=
Sep 21 15:06:42 serveurmail dovecot: pop3(philibert.cal@monServeur.com): Disconnected: Logged out top=0/0, retr=0/0, del=0/136, size=87266044
Sep 21 15:06:42 serveurmail dovecot: lda(nadia@monServeur.com): copy from stdin: box=INBOX, uid=2085, msgid=<009701d451a3$60c465f0$224d31d0$@monServeur.com>, size=692244
Sep 21 15:06:42 serveurmail amavis[6685]: (06685-03-2) TIMING-SA total 12065 ms - parse: 25 (0.2%), extract_message_metadata: 28 (0.2%), get_uri_detail_list: 0.24 (0.0%), tests_pri_-1000: 2.3 (0.0%), tests_pri_-950: 1.33 (0.0%), tests_pri_-900: 1.06 (0.0%), tests_pri_-400: 0.89 (0.0%), tests_pri_0: 10410 (86.3%), check_spf: 0.27 (0.0%), check_dkim_adsp: 3385 (28.1%), check_razor2: 5246 (43.5%), check_pyzor: 1682 (13.9%), tests_pri_500: 1588 (13.2%), poll_dns_idle: 1584 (13.1%), get_report: 0.36 (0.0%)
Sep 21 15:06:42 serveurmail postfix/smtp[8076]: 62DA3600B9: to=, relay=127.0.0.1[127.0.0.1]:10024, conn_use=2, delay=66, delays=0.67/48/0/17, dsn=2.0.0, status=sent (250 2.0.0 from MTA(smtp:[127.0.0.1]:10025): 250 2.0.0 Ok: queued as 1628C600E0)
Sep 21 15:06:42 serveurmail postfix/smtp[8076]: 62DA3600B9: to=, relay=127.0.0.1[127.0.0.1]:10024, conn_use=2, delay=66, delays=0.67/48/0/17, dsn=2.0.0, status=sent (250 2.0.0 from MTA(smtp:[127.0.0.1]:10025): 250 2.0.0 Ok: queued as 1628C600E0)
Sep 21 15:06:42 serveurmail postfix/smtp[8076]: 62DA3600B9: to=, orig_to=, relay=127.0.0.1[127.0.0.1]:10024, conn_use=2, delay=66, delays=0.67/48/0/17, dsn=2.0.0, status=sent (250 2.0.0 from MTA(smtp:[127.0.0.1]:10025): 250 2.0.0 Ok: queued as 1628C600E0)
Sep 21 15:06:42 serveurmail postfix/qmgr[7989]: 62DA3600B9: removed
Sep 21 15:06:42 serveurmail amavis[6685]: (06685-03-2) size: 700564, TIMING [total 17481 ms] - lookup_sql: 2.0 (0%)0, lookup_sql: 1.1 (0%)0, lookup_sql: 1.0 (0%)0, SMTP pre-DATA-flush: 0.8 (0%)0, SMTP DATA: 41 (0%)0, check_init: 0.4 (0%)0, digest_hdr: 0.9 (0%)0, digest_body_dkim: 4.3 (0%)0, collect_info: 1.3 (0%)0, gen_mail_id: 241 (1%)2, redis_ip_repu: 0.6 (0%)2, mime_decode: 32 (0%)2, get-file-type3: 14 (0%)2, decompose_part: 0.6 (0%)2, parts_decode: 0.1 (0%)2, check_header: 0.6 (0%)2, AV-scan-1: 1020 (6%)8, spam-wb-list: 1.4 (0%)8, SA parse: 27 (0%)8, SA check: 12038 (69%)77, DSPAM: 2506 (14%)91, decide_mail_destiny: 1.7 (0%)91, notif-quar: 0.4 (0%)91, fwd-connect: 3.4 (0%)91, fwd-mail-pip: 4.0 (0%)91, fwd-rcpt-pip: 0.2 (0%)91, fwd-data-chkpnt: 0.0 (0%)91, write-header: 0.4 (0%)91, fwd-data-contents: 8 (0%)91, fwd-end-chkpnt: 91 (1%)92, fwd-connect: 1.4 (0%)92, fwd-mail-pip: 660 (4%)96, fwd-rcpt-pip: 0.2 (0%)96, fwd-data-chkpnt: 0.0 (0%)96, write-header: 0.4 (0%)96, fwd-data-contents: 12 (0%)96, fwd-e...
Sep 21 15:06:42 serveurmail amavis[6685]: (06685-03-2) ...nd-chkpnt: 340 (2%)98, prepare-dsn: 0.6 (0%)98, report: 1.3 (0%)98, main_log_entry: 5 (0%)98, redis-update: 1.2 (0%)98, sql-update: 411 (2%)100, update_snmp: 2.6 (0%)100, SMTP pre-response: 0.3 (0%)100, SMTP response: 0.1 (0%)100, unlink-4-files: 0.5 (0%)100, rundown: 0.5 (0%)100
Sep 21 15:06:42 serveurmail amavis[6685]: (06685-03-3) ESMTP [127.0.0.1]:10024 /var/amavis/tmp/amavis-20180921T145134-06685-iBqk7ItG: -> SIZE=436946 Received: from monServeur.com ([127.0.0.1]) by localhost (monServeur.com [127.0.0.1]) (amavisd-new, port 10024) with ESMTP for ; Fri, 21 Sep 2018 15:06:42 +0300 (EAT)
Sep 21 15:06:42 serveurmail dovecot: lda(nadia@monServeur.com): sieve: msgid=<009701d451a3$60c465f0$224d31d0$@monServeur.com>: stored mail into mailbox 'INBOX'
Sep 21 15:06:42 serveurmail postfix/pipe[8302]: 1628C600E0: to=, relay=dovecot, delay=1.6, delays=0.1/0.01/0/1.5, dsn=2.0.0, status=sent (delivered via dovecot service)
Sep 21 15:06:42 serveurmail postfix/qmgr[7989]: 1628C600E0: removed
Sep 21 15:06:42 serveurmail postfix/smtpd[8051]: connect from rev200.0.253.150.pccp.net.ar[200.0.253.150]
Sep 21 15:06:42 serveurmail postfix/smtpd[8058]: disconnect from unknown[200.0.0.230]
Sep 21 15:06:42 serveurmail postfix/smtpd[8051]: Anonymous TLS connection established from rev200.0.253.150.pccp.net.ar[200.0.253.150]: TLSv1 with cipher AES128-SHA (128/128 bits)
Sep 21 15:06:42 serveurmail amavis[6685]: (06685-03-3) Checking: dSiKXHNaDQza MYNETS [200.0.0.30] ->
Sep 21 15:06:42 serveurmail amavis[6685]: (06685-03-3) p004 1 Content-Type: multipart/mixed
Sep 21 15:06:42 serveurmail amavis[6685]: (06685-03-3) p005 1/1 Content-Type: multipart/alternative
Sep 21 15:06:42 serveurmail amavis[6685]: (06685-03-3) p001 1/1/1 Content-Type: text/plain, size: 3 B, name:
Sep 21 15:06:42 serveurmail amavis[6685]: (06685-03-3) p002 1/1/2 Content-Type: text/html, size: 1574 B, name:
Sep 21 15:06:42 serveurmail amavis[6685]: (06685-03-3) p003 1/2 Content-Type: application/pdf, size: 316988 B, name: FACTURE JIRAMA SIESTA.PDF
Sep 21 15:06:42 serveurmail postfix/smtpd[8051]: E13EA600B9: client=rev200.0.253.150.pccp.net.ar[200.0.253.150]
Sep 21 15:06:43 serveurmail postfix/trivial-rewrite[8069]: warning: do not list domain monServeur.com in BOTH mydestination and virtual_mailbox_domains
Sep 21 15:06:43 serveurmail dovecot: pop3-login: Login: user=, method=PLAIN, rip=200.0.1.241, lip=200.0.0.238, mpid=8537, TLS, session=
Sep 21 15:06:43 serveurmail dovecot: pop3(philibert.cal@monServeur.com): Disconnected: Logged out top=0/0, retr=0/0, del=0/136, size=87266044
Sep 21 15:06:43 serveurmail dovecot: pop3-login: Disconnected (tried to use disallowed plaintext auth): user=<>, rip=200.0.1.241, lip=200.0.0.238, session=
Sep 21 15:06:43 serveurmail postfix/smtpd[8012]: disconnect from unknown[200.0.20.16]
Sep 21 15:06:43 serveurmail dovecot: pop3-login: Login: user=, method=PLAIN, rip=200.0.1.241, lip=200.0.0.238, mpid=8540, TLS, session=<+lESeWB2PADIAAHx>
Sep 21 15:06:43 serveurmail dovecot: pop3(philibert.cal@monServeur.com): Disconnected: Logged out top=0/0, retr=0/0, del=0/136, size=87266044
Sep 21 15:06:44 serveurmail dovecot: pop3-login: Login: user=, method=PLAIN, rip=200.0.1.241, lip=200.0.0.238, mpid=8542, TLS, session=
Sep 21 15:06:44 serveurmail dovecot: pop3(philibert.cal@monServeur.com): Disconnected: Logged out top=0/0, retr=0/0, del=0/136, size=87266044
Sep 21 15:06:44 serveurmail postfix/cleanup[8140]: E13EA600B9: message-id=<004e01d451a3$a369dc50$ea3d94f0$@cssecu@monServeur1.com>
Sep 21 15:06:44 serveurmail postfix/qmgr[7989]: E13EA600B9: from=, size=5768, nrcpt=9 (queue active)
Sep 21 15:06:44 serveurmail postfix/smtpd[8158]: disconnect from unknown[200.0.0.119]
Sep 21 15:06:47 serveurmail postfix/smtpd[8051]: disconnect from rev200.0.253.150.pccp.net.ar[200.0.253.150]
Sep 21 15:06:48 serveurmail postfix/postscreen[8011]: CONNECT from [108.174.6.204]:58004 to [200.0.0.238]:25
Sep 21 15:06:48 serveurmail postfix/postscreen[8011]: CONNECT from [200.0.2.15]:49918 to [200.0.0.238]:25
Sep 21 15:06:48 serveurmail postfix/postscreen[8011]: WHITELISTED [200.0.2.15]:49918
Sep 21 15:06:49 serveurmail postfix/smtpd[8062]: connect from unknown[200.0.2.15]
Sep 21 15:06:49 serveurmail postfix/smtpd[8062]: Anonymous TLS connection established from unknown[200.0.2.15]: TLSv1.2 with cipher ECDHE-RSA-AES256-SHA384 (256/256 bits)
Sep 21 15:06:49 serveurmail postfix/trivial-rewrite[8069]: warning: do not list domain monServeur.com in BOTH mydestination and virtual_mailbox_domains
Sep 21 15:06:49 serveurmail postfix/smtpd[8062]: 29155600E0: client=unknown[200.0.2.15]
Sep 21 15:06:49 serveurmail postfix/cleanup[8133]: 29155600E0: message-id=<000901d451a3$25930c20$70b92460$@monServeur.com>
Sep 21 15:06:49 serveurmail postfix/qmgr[7989]: 29155600E0: from=, size=85240, nrcpt=1 (queue active)
Sep 21 15:06:50 serveurmail dovecot: pop3-login: Login: user=, method=PLAIN, rip=200.0.20.17, lip=200.0.0.238, mpid=8546, TLS, session=
Sep 21 15:06:50 serveurmail dovecot: pop3(vololona.cal@monServeur.com): Disconnected: Logged out top=0/0, retr=0/0, del=0/42, size=32002069
Sep 21 15:06:50 serveurmail postfix/postscreen[8011]: CONNECT from [200.0.20.120]:53768 to [200.0.0.238]:25
Sep 21 15:06:50 serveurmail postfix/postscreen[8011]: WHITELISTED [200.0.20.120]:53768
Sep 21 15:06:50 serveurmail dovecot: pop3-login: Login: user=, method=PLAIN, rip=200.0.20.17, lip=200.0.0.238, mpid=8552, TLS, session=
Sep 21 15:06:50 serveurmail dovecot: pop3(vololona.cal@monServeur.com): Disconnected: Logged out top=0/0, retr=0/0, del=0/42, size=32002069
Sep 21 15:06:50 serveurmail dovecot: pop3-login: Login: user=, method=PLAIN, rip=200.0.80.200, lip=200.0.0.238, mpid=8553, TLS, session=
Sep 21 15:06:51 serveurmail dovecot: pop3-login: Login: user=, method=PLAIN, rip=200.0.80.100, lip=200.0.0.238, mpid=8555, TLS, session=
Sep 21 15:06:51 serveurmail dovecot: pop3(sylvestre.cte@monServeur.com): Disconnected: Logged out top=0/0, retr=0/0, del=0/0, size=0
Sep 21 15:06:51 serveurmail postfix/postscreen[8011]: CONNECT from [40.107.7.105]:52128 to [200.0.0.238]:25
Sep 21 15:06:51 serveurmail dovecot: pop3(sag@monServeur.com): expunge: box=INBOX, uid=662, msgid=<1g2EDT-0003vZ-82@mx22.sendpulse.me>, size=7634
Sep 21 15:06:51 serveurmail dovecot: pop3-login: Login: user=, method=PLAIN, rip=200.0.20.17, lip=200.0.0.238, mpid=8556, TLS, session=
Sep 21 15:06:51 serveurmail dovecot: pop3(vololona.cal@monServeur.com): Disconnected: Logged out top=0/0, retr=0/0, del=0/42, size=32002069
Sep 21 15:06:51 serveurmail dovecot: pop3-login: Login: user=, method=PLAIN, rip=200.0.20.17, lip=200.0.0.238, mpid=8558, TLS, session=<8uGLeWB2xgDIABQR>
Sep 21 15:06:51 serveurmail dovecot: pop3(vololona.cal@monServeur.com): Disconnected: Logged out top=0/0, retr=0/0, del=0/42, size=32002069
Sep 21 15:06:51 serveurmail postfix/smtpd[8158]: connect from unknown[200.0.20.120]
Sep 21 15:06:51 serveurmail dovecot: pop3(sag@monServeur.com): Disconnected: Logged out top=0/0, retr=0/0, del=1/44, size=2344966
Sep 21 15:06:51 serveurmail postfix/smtpd[8158]: Anonymous TLS connection established from unknown[200.0.20.120]: TLSv1 with cipher ECDHE-RSA-AES256-SHA (256/256 bits)
Sep 21 15:06:51 serveurmail postfix/trivial-rewrite[8134]: warning: do not list domain monServeur.com in BOTH mydestination and virtual_mailbox_domains
Sep 21 15:06:51 serveurmail postfix/trivial-rewrite[8134]: warning: do not list domain monServeur.com in BOTH mydestination and virtual_mailbox_domains
Sep 21 15:06:51 serveurmail postfix/smtpd[8158]: D7998600E3: client=unknown[200.0.20.120]
Sep 21 15:06:51 serveurmail postfix/cleanup[8096]: D7998600E3: message-id=<004f01d451a3$26371450$72a53cf0$@monServeur.com>
Sep 21 15:06:51 serveurmail postfix/smtpd[8062]: disconnect from unknown[200.0.2.15]
Sep 21 15:06:52 serveurmail dovecot: pop3-login: Login: user=, method=PLAIN, rip=200.0.80.200, lip=200.0.0.238, mpid=8562, TLS, session=
Sep 21 15:06:52 serveurmail dovecot: pop3-login: Login: user=, method=PLAIN, rip=200.0.20.17, lip=200.0.0.238, mpid=8563, TLS, session=
Sep 21 15:06:52 serveurmail dovecot: pop3(vololona.cal@monServeur.com): Disconnected: Logged out top=0/0, retr=0/0, del=0/42, size=32002069
Sep 21 15:06:52 serveurmail amavis[6685]: (06685-03-3) DSPAM result: Whitelisted, score=-0.390, sig=5ba4dedc13422118220517
Sep 21 15:06:52 serveurmail amavis[6685]: (06685-03-3) spam-tag, -> , No, score=-1.388 tagged_above=-9999.9 required=4.3 tests=[ALL_TRUSTED=-1, HTML_MESSAGE=0.001, MIME_HTML_MOSTLY=0.001, DSPAM.Whitelisted=-0.390] autolearn=no autolearn_force=no
Sep 21 15:06:52 serveurmail amavis[6685]: (06685-03-3) dkim: candidate originators: From:
Sep 21 15:06:52 serveurmail amavis[6685]: (06685-03-3) dkim: not signing, empty signing domain, From:
Sep 21 15:06:52 serveurmail postfix/smtpd[8113]: 49B8C600E4: client=localhost[127.0.0.1]
Sep 21 15:06:52 serveurmail postfix/cleanup[8071]: 49B8C600E4: message-id=<000001d451a3$6b586020$42092060$@monServeur1.com>
Sep 21 15:06:52 serveurmail postfix/qmgr[7989]: D7998600E3: from=, size=546540, nrcpt=1 (queue active)
Sep 21 15:06:52 serveurmail postfix/qmgr[7989]: 49B8C600E4: from=, size=437811, nrcpt=1 (queue active)
Sep 21 15:06:52 serveurmail amavis[6685]: (06685-03-3) dSiKXHNaDQza FWD from -> , BODY=7BIT 250 2.0.0 from MTA(smtp:[127.0.0.1]:10025): 250 2.0.0 Ok: queued as 49B8C600E4
Sep 21 15:06:52 serveurmail amavis[6685]: (06685-03-3) Passed CLEAN {RelayedInternal}, MYNETS LOCAL [200.0.0.30]:3523 [200.0.0.30] -> , Queue-ID: 1DE80600BD, Message-ID: <000001d451a3$6b586020$42092060$@monServeur1.com>, mail_id: dSiKXHNaDQza, Hits: -1.388, size: 436946, pt: 38, queued_as: 49B8C600E4, 9754 ms
Sep 21 15:06:52 serveurmail dovecot: pop3-login: Login: user=, method=PLAIN, rip=200.0.20.17, lip=200.0.0.238, mpid=8566, TLS, session=
Sep 21 15:06:52 serveurmail dovecot: pop3(vololona.cal@monServeur.com): Disconnected: Logged out top=0/0, retr=0/0, del=0/42, size=32002069
Sep 21 15:06:52 serveurmail dovecot: pop3-login: Login: user=, method=PLAIN, rip=200.0.20.17, lip=200.0.0.238, mpid=8568, TLS, session=<8rGeeWB2yQDIABQR>
Sep 21 15:06:52 serveurmail dovecot: pop3(vololona.cal@monServeur.com): Disconnected: Logged out top=0/0, retr=0/0, del=0/42, size=32002069
Sep 21 15:06:53 serveurmail amavis[6685]: (06685-03-3) TIMING-SA total 7838 ms - parse: 9 (0.1%), extract_message_metadata: 13 (0.2%), get_uri_detail_list: 0.08 (0.0%), tests_pri_-1000: 1.79 (0.0%), tests_pri_-950: 0.99 (0.0%), tests_pri_-900: 0.87 (0.0%), tests_pri_-400: 0.68 (0.0%), tests_pri_0: 7802 (99.5%), check_spf: 0.20 (0.0%), check_dkim_adsp: 1362 (17.4%), check_razor2: 5001 (63.8%), check_pyzor: 1370 (17.5%), tests_pri_500: 3.4 (0.0%), get_report: 0.35 (0.0%)
Sep 21 15:06:53 serveurmail postfix/smtp[8076]: 1DE80600BD: to=, relay=127.0.0.1[127.0.0.1]:10024, conn_use=3, delay=76, delays=0.82/65/0/11, dsn=2.0.0, status=sent (250 2.0.0 from MTA(smtp:[127.0.0.1]:10025): 250 2.0.0 Ok: queued as 49B8C600E4)
Sep 21 15:06:53 serveurmail postfix/qmgr[7989]: 1DE80600BD: removed
Sep 21 15:06:53 serveurmail amavis[6685]: (06685-03-3) size: 436946, TIMING [total 10553 ms] - lookup_sql: 2.6 (0%)0, SMTP pre-DATA-flush: 1.0 (0%)0, SMTP DATA: 40 (0%)0, check_init: 0.3 (0%)0, digest_hdr: 0.9 (0%)0, digest_body_dkim: 2.7 (0%)0, collect_info: 1.3 (0%)0, gen_mail_id: 170 (2%)2, redis_ip_repu: 0.6 (0%)2, mime_decode: 22 (0%)2, get-file-type3: 13 (0%)2, decompose_part: 0.4 (0%)2, decompose_part: 0.3 (0%)2, parts_decode: 0.1 (0%)2, check_header: 0.4 (0%)2, AV-scan-1: 148 (1%)4, spam-wb-list: 0.5 (0%)4, SA parse: 10 (0%)4, SA check: 7826 (74%)78, DSPAM: 1423 (13%)92, decide_mail_destiny: 1.0 (0%)92, notif-quar: 0.3 (0%)92, fwd-connect: 2.7 (0%)92, fwd-mail-pip: 2.6 (0%)92, fwd-rcpt-pip: 0.2 (0%)92, fwd-data-chkpnt: 0.1 (0%)92, write-header: 0.4 (0%)92, fwd-data-contents: 8 (0%)92, fwd-end-chkpnt: 70 (1%)92, prepare-dsn: 0.5 (0%)92, report: 1.2 (0%)92, main_log_entry: 4.1 (0%)92, redis-update: 1.0 (0%)92, sql-update: 793 (8%)100, update_snmp: 2.1 (0%)100, SMTP pre-response: 0.3 (0%)100, SMTP r...
Sep 21 15:06:53 serveurmail amavis[6685]: (06685-03-3) ...esponse: 0.1 (0%)100, unlink-4-files: 0.3 (0%)100, rundown: 0.7 (0%)100
Sep 21 15:06:53 serveurmail amavis[6685]: (06685-03-4) ESMTP [127.0.0.1]:10024 /var/amavis/tmp/amavis-20180921T145134-06685-iBqk7ItG: -> , SIZE=436985 Received: from monServeur.com ([127.0.0.1]) by localhost (monServeur.com [127.0.0.1]) (amavisd-new, port 10024) with ESMTP; Fri, 21 Sep 2018 15:06:53 +0300 (EAT)
Sep 21 15:06:53 serveurmail amavis[6685]: (06685-03-4) Checking: OWp5GqOGHqiE MYNETS [200.0.0.30] -> ,
Sep 21 15:06:53 serveurmail amavis[6685]: (06685-03-4) p004 1 Content-Type: multipart/mixed
Sep 21 15:06:53 serveurmail amavis[6685]: (06685-03-4) p005 1/1 Content-Type: multipart/alternative
Sep 21 15:06:53 serveurmail amavis[6685]: (06685-03-4) p001 1/1/1 Content-Type: text/plain, size: 3 B, name:
Sep 21 15:06:53 serveurmail amavis[6685]: (06685-03-4) p002 1/1/2 Content-Type: text/html, size: 1574 B, name:
Sep 21 15:06:53 serveurmail amavis[6685]: (06685-03-4) p003 1/2 Content-Type: application/pdf, size: 316988 B, name: FACTURE JIRAMA SIESTA.PDF
Sep 21 15:06:53 serveurmail dovecot: pop3-login: Login: user=, method=PLAIN, rip=200.0.1.241, lip=200.0.0.238, mpid=8571, TLS, session=<0p+meWB2RgDIAAHx>
Sep 21 15:06:53 serveurmail dovecot: pop3(philibert.cal@monServeur.com): Disconnected: Logged out top=0/0, retr=0/0, del=0/136, size=87266044
Sep 21 15:06:53 serveurmail dovecot: pop3(claudy.standard@monServeur.com): Disconnected: Logged out top=0/0, retr=1/35317, del=0/2, size=50565
Sep 21 15:06:54 serveurmail postfix/postscreen[8011]: PASS OLD [108.174.6.204]:58004
Sep 21 15:06:54 serveurmail dovecot: lda(mirana.cte@monServeur1.com): copy from stdin: box=INBOX, uid=191, msgid=<000001d451a3$6b586020$42092060$@monServeur1.com>, size=432214
Sep 21 15:06:54 serveurmail dovecot: lda(mirana.cte@monServeur1.com): sieve: msgid=<000001d451a3$6b586020$42092060$@monServeur1.com>: stored mail into mailbox 'INBOX'
